066
CXAK56 PAFG 160940
CF6OME
PRELIMINARY LOCAL CLIMATOLOGICAL DATA (WS FORM: F-6)

                                          STATION:   NOME AK
                                          MONTH:     JULY
                                          YEAR:      2018
                                          LATITUDE:   64 30 N
                                          LONGITUDE: 165 26 W

  TEMPERATURE IN F:       :PCPN:    SNOW:  WIND      :SUNSHINE: SKY     :PK WND
================================================================================
1   2   3   4   5  6A  6B    7    8   9   10  11  12  13   14  15   16   17  18
                                     12Z  AVG MX 2MIN
DY MAX MIN AVG DEP HDD CDD  WTR  SNW DPTH SPD SPD DIR MIN PSBL S-S WX    SPD DR
================================================================================

 1  53  49  51  -1  14   0 0.01  0.0    0  9.1 16 210   M    M  10 1      20 200
 2  51  48  50  -2  15   0    T  0.0    0  8.3 14 180   M    M  10 1      19 200
 3  51  47  49  -3  16   0 0.00  0.0    0  4.1 10 210   M    M   9        14 200
 4  55  36  46  -6  19   0 0.00  0.0    0 11.9 24 260   M    M   6 12     29 270
 5  59  42  51  -1  14   0 0.00  0.0    0  6.8 16 260   M    M   1        20 260
 6  52  37  45  -7  20   0 0.00  0.0    0  8.9 21 240   M    M   6 12     24 240
 7  72  43  58   6   7   0 0.27  0.0    0  8.0 18 140   M    M   7 12     22 130
 8  54  48  51  -1  14   0 0.33  0.0    0 10.7 21 180   M    M  10 1      25 180
 9  56  47  52  -1  13   0 0.02  0.0    0  7.3 22 100   M    M   8 18     26 100
10  57  45  51  -2  14   0 0.02  0.0    0  7.0 13 150   M    M   6 1      19 210
11  58  51  55   2  10   0    T  0.0    0  7.8 14 150   M    M   6        16 160
12  58  46  52  -1  13   0 0.01  0.0    0  7.7 18 130   M    M   8 1      23 140
13  65  45  55   2  10   0 0.00  0.0    0 11.4 25 110   M    M   3        31 120
14  59  49  54   1  11   0 0.01  0.0    0  8.1 15 220   M    M   7 1      16 220
15  55  48  52  -1  13   0 0.20  0.0    0 10.0 21 230   M    M   9 1      25 220
================================================================================
SM  855  681       203   0  0.87     0.0 127.1          M      106
================================================================================
AV 57.0 45.4                               8.5 FASTST   M    M   7    MAX(MPH)
                                 MISC ---->  # 25 110               # 31  120
================================================================================
NOTES:
# LAST OF SEVERAL OCCURRENCES

COLUMN 17 PEAK WIND IN M.P.H.

PRELIMINARY LOCAL CLIMATOLOGICAL DATA (WS FORM: F-6) , PAGE 2

                                          STATION:  NOME AK
                                          MONTH:    JULY
                                          YEAR:     2018
                                          LATITUDE:   64 30 N
                                          LONGITUDE: 165 26 W

[TEMPERATURE DATA]      [PRECIPITATION DATA]       SYMBOLS USED IN COLUMN 16

AVERAGE MONTHLY: 51.2   TOTAL FOR MONTH:   0.87    1 = FOG OR MIST
DPTR FM NORMAL:  -1.3   DPTR FM NORMAL:    0.06    2 = FOG REDUCING VISIBILITY
HIGHEST:    72 ON  7    GRTST 24HR  0.33 ON  8- 8      TO 1/4 MILE OR LESS
LOWEST:     36 ON  4                               3 = THUNDER
                        SNOW, ICE PELLETS, HAIL    4 = ICE PELLETS
                        TOTAL MONTH:   0.0 INCH    5 = HAIL
                        GRTST 24HR     0.0         6 = FREEZING RAIN OR DRIZZLE
                        GRTST DEPTH:   0           7 = DUSTSTORM OR SANDSTORM:
                                                       VSBY 1/2 MILE OR LESS
                                                   8 = SMOKE OR HAZE
[NO. OF DAYS WITH]      [WEATHER - DAYS WITH]      9 = BLOWING SNOW
                                                   X = TORNADO
MAX 32 OR BELOW:   0    0.01 INCH OR MORE:   8
MAX 90 OR ABOVE:   0    0.10 INCH OR MORE:   3
MIN 32 OR BELOW:   0    0.50 INCH OR MORE:   0
MIN  0 OR BELOW:   0    1.00 INCH OR MORE:   0

[HDD (BASE 65) ]
TOTAL THIS MO.   203    CLEAR  (SCALE 0-3)   2
DPTR FM NORMAL    11    PTCLDY (SCALE 4-7)   6
TOTAL FM JUL 1   203    CLOUDY (SCALE 8-10)  7
DPTR FM NORMAL    11

[CDD (BASE 65) ]
TOTAL THIS MO.     0
DPTR FM NORMAL     0    [PRESSURE DATA]
TOTAL FM JAN 1     0    HIGHEST SLP M ON M
DPTR FM NORMAL    -1    LOWEST  SLP 29.51 ON  8

[REMARKS]
