000
CXUS56 KOTX 250900
CF6OMK
PRELIMINARY LOCAL CLIMATOLOGICAL DATA (WS FORM: F-6)

                                          STATION:   OMAK WA AIRPORT
                                          MONTH:     MAY
                                          YEAR:      2018
                                          LATITUDE:   48 27 N
                                          LONGITUDE: 119 31 W

  TEMPERATURE IN F:       :PCPN:    SNOW:  WIND      :SUNSHINE: SKY     :PK WND
================================================================================
1   2   3   4   5  6A  6B    7    8   9   10  11  12  13   14  15   16   17  18
                                     12Z  AVG MX 2MIN
DY MAX MIN AVG DEP HDD CDD  WTR  SNW DPTH SPD SPD DIR MIN PSBL S-S WX    SPD DR
================================================================================

 1  70  43  57   3   8   0 0.00    M    M 11.5 22  10   M    M   2        27  10
 2  76  39  58   4   7   0 0.00    M    M  4.1 12 290   M    M   0        15 280
 3  79  44  62   8   3   0 0.00    M    M  7.3 16 150   M    M   0        21 170
 4  80  49  65  11   0   0 0.00    M    M  6.3 15 200   M    M   0 8      19 210
 5  75  52  64   9   1   0 0.00    M    M  8.8 18  10   M    M   3        23  10
 6  82  50  66  11   0   1    T    M    M  8.9 18  10   M    M   2 3      22  10
 7  76  56  66  11   0   1 0.01    M    M  5.0 17 360   M    M   5        20 350
 8  81  52  67  11   0   2 0.15    M    M  6.8 21 210   M    M   0 13     27 220
 9  75  51  63   7   2   0 0.00    M    M  7.5 22 360   M    M   5        26  10
10  64  50  57   1   8   0 0.07    M    M  8.5 22  10   M    M   8 1      27  10
11  76  48  62   5   3   0 0.01    M    M 12.3 26  20   M    M   4        32  20
12  83  49  66   9   0   1 0.00    M    M 11.6 25  20   M    M   0        33  20
13  88  53  71  14   0   6 0.00    M    M 10.0 22  10   M    M   0        27  10
14   M  49   M   M   M   M 0.00    M    M  3.1  6  10   0    0   0         M  M
15   M   M   M   M   M   M    M    M    M   M   M   M   0    0   0         0   0
16   M   M   M   M   M   M    M    M    M   M   M   M   0    0   0         0   0
17  74  60  67   8   0   2    T    M    M 12.3 22  10   0    0   0        33  20
18  63  55  59   0   6   0 0.17    M    M  7.2 17 360   M    M  10        22 360
19  71  51  61   2   4   0 0.01    M    M  5.2 13 340   M    M   6 1      16  20
20  79  48  64   4   1   0 0.02    M    M  5.6 14 300   M    M   2 1      18 300
21  82  52  67   7   0   2 0.00    M    M  7.3 16 360   M    M   0        20 360
22  87  52  70  10   0   5 0.00    M    M  5.7 15 300   M    M   0        17 290
23  87  53  70  10   0   5 0.00    M    M  5.4 14 130   M    M   0        19 130
24  86  52  69   8   0   4 0.00    M    M  6.6 18  10   M    M   1        22  10
================================================================================
SM 1634 1108        43  29  0.44    M    167.0            0     48
================================================================================
AV 77.8 50.4                               7.6 FASTST    0   0   2    MAX(MPH)
                                 MISC ---->  # 26  20               # 33   20
================================================================================
NOTES:
# LAST OF SEVERAL OCCURRENCES

COLUMN 17 PEAK WIND IN M.P.H.

PRELIMINARY LOCAL CLIMATOLOGICAL DATA (WS FORM: F-6) , PAGE 2

                                          STATION:  OMAK WA AIRPORT
                                          MONTH:    MAY
                                          YEAR:     2018
                                          LATITUDE:   48 27 N
                                          LONGITUDE: 119 31 W

[TEMPERATURE DATA]      [PRECIPITATION DATA]       SYMBOLS USED IN COLUMN 16

AVERAGE MONTHLY: 64.1   TOTAL FOR MONTH:   0.44    1 = FOG OR MIST
DPTR FM NORMAL:   6.9   DPTR FM NORMAL:   -0.51    2 = FOG REDUCING VISIBILITY
HIGHEST:    88 ON 13    GRTST 24HR  0.17 ON 18-18      TO 1/4 MILE OR LESS
LOWEST:     39 ON  2                               3 = THUNDER
                        SNOW, ICE PELLETS, HAIL    4 = ICE PELLETS
                        TOTAL MONTH:    M          5 = HAIL
                        GRTST 24HR    M  ON   M    6 = FREEZING RAIN OR DRIZZLE
                        GRTST DEPTH:  M  ON   M    7 = DUSTSTORM OR SANDSTORM:
                                                       VSBY 1/2 MILE OR LESS
                                                   8 = SMOKE OR HAZE
[NO. OF DAYS WITH]      [WEATHER - DAYS WITH]      9 = BLOWING SNOW
                                                   X = TORNADO
MAX 32 OR BELOW:   0    0.01 INCH OR MORE:   7
MAX 90 OR ABOVE:   0    0.10 INCH OR MORE:   2
MIN 32 OR BELOW:   0    0.50 INCH OR MORE:   0
MIN  0 OR BELOW:   0    1.00 INCH OR MORE:   0

[HDD (BASE 65) ]
TOTAL THIS MO.    43    CLEAR  (SCALE 0-3)  18
DPTR FM NORMAL  -159    PTCLDY (SCALE 4-7)   5
TOTAL FM JUL 1  5968    CLOUDY (SCALE 8-10)  1
DPTR FM NORMAL  -273

[CDD (BASE 65) ]
TOTAL THIS MO.    29
DPTR FM NORMAL    15    [PRESSURE DATA]
TOTAL FM JAN 1    29    HIGHEST SLP  0.00 ON M
DPTR FM NORMAL    14    LOWEST  SLP 29.69 ON 23

[REMARKS]
