000
CXUS56 KOTX 170900
CF6OMK
PRELIMINARY LOCAL CLIMATOLOGICAL DATA (WS FORM: F-6)

                                          STATION:   OMAK WA AIRPORT
                                          MONTH:     NOVEMBER
                                          YEAR:      2018
                                          LATITUDE:   48 27 N
                                          LONGITUDE: 119 31 W

  TEMPERATURE IN F:       :PCPN:    SNOW:  WIND      :SUNSHINE: SKY     :PK WND
================================================================================
1   2   3   4   5  6A  6B    7    8   9   10  11  12  13   14  15   16   17  18
                                     12Z  AVG MX 2MIN
DY MAX MIN AVG DEP HDD CDD  WTR  SNW DPTH SPD SPD DIR MIN PSBL S-S WX    SPD DR
================================================================================

 1  53  43  48   6  17   0 0.00    M    M  2.9 13 160   M    M   9        16 160
 2  68  41  55  14  10   0 0.00    M    M 11.1 23 300   M    M   2        32 290
 3  54  39  47   6  18   0 0.03    M    M  6.1 17 170   M    M   7        22 160
 4  65  33  49   8  16   0 0.00    M    M  8.4 20 160   M    M   2        25 160
 5  51  31  41   1  24   0 0.00    M    M  3.9 12 360   M    M   3        14  10
 6  51  28  40   0  25   0    T    M    M  3.8 15 350   M    M   4        18  10
 7  48  31  40   1  25   0 0.00    M    M 13.1 24  10   M    M   1        30  20
 8  43  22  33  -6  32   0 0.00    M    M  6.8 14 350   M    M   0        17 330
 9  41  22  32  -7  33   0    T    M    M  5.1 17  10   M    M   5 1      20 340
10  51  25  38   0  27   0 0.00    M    M  6.7 20  10   M    M   3 1      24 360
11  47  19  33  -5  32   0 0.00    M    M  5.2 16 350   M    M   0        19  10
12  40  19  30  -7  35   0 0.00    M    M  3.8 13 180   M    M   1 1      15 190
13  39  23  31  -6  34   0 0.00    M    M  3.3  9 190   M    M   5 12     11 180
14  34  28  31  -5  34   0 0.00    M    M  7.0 18 190   M    M   9 1      25 330
15  38  28  33  -3  32   0 0.00    M    M  4.2 12 350   M    M   6 18     14 350
16  52  34  43   7  22   0    T    M    M 13.3 23  10   M    M   2        30  10
================================================================================
SM  775  466       416   0  0.03    M    104.7          M       59
================================================================================
AV 48.4 29.1                               6.5 FASTST   M    M   4    MAX(MPH)
                                 MISC ---->  # 24  10               # 32  290
================================================================================
NOTES:
# LAST OF SEVERAL OCCURRENCES

COLUMN 17 PEAK WIND IN M.P.H.

PRELIMINARY LOCAL CLIMATOLOGICAL DATA (WS FORM: F-6) , PAGE 2

                                          STATION:  OMAK WA AIRPORT
                                          MONTH:    NOVEMBER
                                          YEAR:     2018
                                          LATITUDE:   48 27 N
                                          LONGITUDE: 119 31 W

[TEMPERATURE DATA]      [PRECIPITATION DATA]       SYMBOLS USED IN COLUMN 16

AVERAGE MONTHLY: 38.8   TOTAL FOR MONTH:   0.03    1 = FOG OR MIST
DPTR FM NORMAL:   0.0   DPTR FM NORMAL:   -0.76    2 = FOG REDUCING VISIBILITY
HIGHEST:    68 ON  2    GRTST 24HR  0.03 ON  3- 3      TO 1/4 MILE OR LESS
LOWEST:     19 ON 12,11                            3 = THUNDER
                        SNOW, ICE PELLETS, HAIL    4 = ICE PELLETS
                        TOTAL MONTH:    M          5 = HAIL
                        GRTST 24HR    M  ON   M    6 = FREEZING RAIN OR DRIZZLE
                        GRTST DEPTH:  M  ON   M    7 = DUSTSTORM OR SANDSTORM:
                                                       VSBY 1/2 MILE OR LESS
                                                   8 = SMOKE OR HAZE
[NO. OF DAYS WITH]      [WEATHER - DAYS WITH]      9 = BLOWING SNOW
                                                   X = TORNADO
MAX 32 OR BELOW:   0    0.01 INCH OR MORE:   1
MAX 90 OR ABOVE:   0    0.10 INCH OR MORE:   0
MIN 32 OR BELOW:  11    0.50 INCH OR MORE:   0
MIN  0 OR BELOW:   0    1.00 INCH OR MORE:   0

[HDD (BASE 65) ]
TOTAL THIS MO.   416    CLEAR  (SCALE 0-3)   9
DPTR FM NORMAL    -3    PTCLDY (SCALE 4-7)   5
TOTAL FM JUL 1  1046    CLOUDY (SCALE 8-10)  2
DPTR FM NORMAL   -33

[CDD (BASE 65) ]
TOTAL THIS MO.     0
DPTR FM NORMAL     0    [PRESSURE DATA]
TOTAL FM JAN 1   746    HIGHEST SLP M ON M
DPTR FM NORMAL    81    LOWEST  SLP 29.75 ON  4

[REMARKS]
