000
CXUS56 KOTX 180900
CF6OMK
PRELIMINARY LOCAL CLIMATOLOGICAL DATA (WS FORM: F-6)

                                          STATION:   OMAK WA AIRPORT
                                          MONTH:     AUGUST
                                          YEAR:      2018
                                          LATITUDE:   48 27 N
                                          LONGITUDE: 119 31 W

  TEMPERATURE IN F:       :PCPN:    SNOW:  WIND      :SUNSHINE: SKY     :PK WND
================================================================================
1   2   3   4   5  6A  6B    7    8   9   10  11  12  13   14  15   16   17  18
                                     12Z  AVG MX 2MIN
DY MAX MIN AVG DEP HDD CDD  WTR  SNW DPTH SPD SPD DIR MIN PSBL S-S WX    SPD DR
================================================================================

 1  99  69  84   9   0  19 0.00    M    M  6.7 17 140   M    M   1 8      24 160
 2  93  63  78   3   0  13 0.00    M    M  7.7 16 210   M    M   1 8      23 200
 3  86  58  72  -3   0   7 0.00    M    M  9.3 20  10   M    M   2 8      25  10
 4  86  59  73  -2   0   8 0.00    M    M  8.7 18 360   M    M   0        23 360
 5  93  56  75   0   0  10 0.00    M    M  7.4 16 360   M    M   0        21 350
 6  96  58  77   2   0  12 0.00    M    M  5.6 14 220   M    M   2 8      17 220
 7  98  59  79   5   0  14 0.00    M    M  7.1 15  20   M    M   2 8      20 360
 8 101  62  82   8   0  17 0.00    M    M  6.1 12 200   M    M   2 8      15 200
 9 105  60  83   9   0  18 0.00    M    M  5.7 15 300   M    M   1 8      19 300
10 103  69  86  12   0  21 0.00    M    M  7.5 16 330   M    M   2 8      20 310
11  94  61  78   4   0  13 0.00    M    M  9.1 30 190   M    M   2 8      39 190
12  84  53  69  -5   0   4 0.00    M    M  8.3 18 360   M    M   3 8      22  10
13  86  59  73  -1   0   8 0.00    M    M 11.8 22 350   M    M   3 8      26 350
14  93  59  76   3   0  11 0.00    M    M  9.2 16 350   M    M   1 8      21 340
15  94  58  76   3   0  11 0.00    M    M  6.9 13 360   M    M   2 8      15 200
16  96  57  77   4   0  12 0.00    M    M  6.5 13 310   M    M   2 8      15 310
17  91  64  78   5   0  13    T    M    M  7.4 15 290   M    M   3 8      18 290
================================================================================
SM 1598 1024         0 211    T     M    131.0          M       29
================================================================================
AV 94.0 60.2                               7.7 FASTST   M    M   2    MAX(MPH)
                                 MISC ---->  # 30 190               # 39  190
================================================================================
NOTES:
# LAST OF SEVERAL OCCURRENCES

COLUMN 17 PEAK WIND IN M.P.H.

PRELIMINARY LOCAL CLIMATOLOGICAL DATA (WS FORM: F-6) , PAGE 2

                                          STATION:  OMAK WA AIRPORT
                                          MONTH:    AUGUST
                                          YEAR:     2018
                                          LATITUDE:   48 27 N
                                          LONGITUDE: 119 31 W

[TEMPERATURE DATA]      [PRECIPITATION DATA]       SYMBOLS USED IN COLUMN 16

AVERAGE MONTHLY: 77.1   TOTAL FOR MONTH:      T    1 = FOG OR MIST
DPTR FM NORMAL:   3.0   DPTR FM NORMAL:   -0.28    2 = FOG REDUCING VISIBILITY
HIGHEST:   105 ON  9    GRTST 24HR    T  ON 17-17      TO 1/4 MILE OR LESS
LOWEST:     53 ON 12                               3 = THUNDER
                        SNOW, ICE PELLETS, HAIL    4 = ICE PELLETS
                        TOTAL MONTH:    M          5 = HAIL
                        GRTST 24HR    M  ON   M    6 = FREEZING RAIN OR DRIZZLE
                        GRTST DEPTH:  M  ON   M    7 = DUSTSTORM OR SANDSTORM:
                                                       VSBY 1/2 MILE OR LESS
                                                   8 = SMOKE OR HAZE
[NO. OF DAYS WITH]      [WEATHER - DAYS WITH]      9 = BLOWING SNOW
                                                   X = TORNADO
MAX 32 OR BELOW:   0    0.01 INCH OR MORE:   0
MAX 90 OR ABOVE:  13    0.10 INCH OR MORE:   0
MIN 32 OR BELOW:   0    0.50 INCH OR MORE:   0
MIN  0 OR BELOW:   0    1.00 INCH OR MORE:   0

[HDD (BASE 65) ]
TOTAL THIS MO.     0    CLEAR  (SCALE 0-3)  15
DPTR FM NORMAL     0    PTCLDY (SCALE 4-7)   2
TOTAL FM JUL 1     6    CLOUDY (SCALE 8-10)  0
DPTR FM NORMAL    -9

[CDD (BASE 65) ]
TOTAL THIS MO.   211
DPTR FM NORMAL    53    [PRESSURE DATA]
TOTAL FM JAN 1   669    HIGHEST SLP M ON M
DPTR FM NORMAL   150    LOWEST  SLP 29.71 ON 10

[REMARKS]
