849
CXUS51 KAKQ 190633
CF6ORF
PRELIMINARY LOCAL CLIMATOLOGICAL DATA (WS FORM: F-6)

                                          STATION:   NORFOLK VA
                                          MONTH:     JULY
                                          YEAR:      2018
                                          LATITUDE:   36 54 N
                                          LONGITUDE:  76 12 W

  TEMPERATURE IN F:       :PCPN:    SNOW:  WIND      :SUNSHINE: SKY     :PK WND
================================================================================
1   2   3   4   5  6A  6B    7    8   9   10  11  12  13   14  15   16   17  18
                                     12Z  AVG MX 2MIN
DY MAX MIN AVG DEP HDD CDD  WTR  SNW DPTH SPD SPD DIR MIN PSBL S-S WX    SPD DR
================================================================================

 1  92  76  84   5   0  19 0.00  0.0    0  6.7 13 150   M    M   1        23 120
 2  94  78  86   7   0  21 0.00  0.0    0  5.6 12  40   M    M   0        19 100
 3  91  77  84   5   0  19 0.00  0.0    0  5.1 14  30   M    M   0 3      18 100
 4  89  78  84   5   0  19 0.00  0.0    0  7.7 17  80   M    M   4 3      23  80
 5  90  79  85   6   0  20 0.30  0.0    0  5.1 15 110   M    M   2 1      18 110
 6  95  74  85   5   0  20 1.49  0.0    0  8.3 35 350   M    M   3 123    41 350
 7  80  70  75  -5   0  10 0.02  0.0    0 21.8 33  30   M    M   9 1      43  30
 8  77  69  73  -7   0   8 0.00  0.0    0 16.2 24  30   M    M   5        30  30
 9  79  65  72  -8   0   7 0.00  0.0    0  8.4 16  40   M    M   0        19  30
10  89  60  75  -5   0  10 0.00  0.0    0  3.6  9 220   M    M   0        11 140
11  91  72  82   2   0  17 0.76  0.0    0  7.4 16  20   M    M   2 1      23  10
12  82  74  78  -2   0  13    T  0.0    0  8.9 17  70   M    M   7        23 100
13  81  72  77  -3   0  12 0.00  0.0    0 10.7 18  70   M    M   5        22  60
14  84  66  75  -5   0  10 0.00  0.0    0  6.4 13  40   M    M   0        21 100
15  90  68  79  -1   0  14 0.00  0.0    0  7.9 15 210   M    M   0 3      17 220
16  91  76  84   4   0  19 0.00  0.0    0 10.4 17 200   M    M   1        21 200
17  94  75  85   5   0  20 0.08  0.0    0 12.2 22 210   M    M   2 38     29 210
18  85  73  79  -1   0  14 0.00  0.0    0  8.0 17  10   M    M   2        24  10
================================================================================
SM 1574 1302         0 272  2.65     0.0 160.4          M       43
================================================================================
AV 87.4 72.3                               8.9 FASTST   M    M   2    MAX(MPH)
                                 MISC ---->  # 35 350               # 43   30
================================================================================
NOTES:
# LAST OF SEVERAL OCCURRENCES

COLUMN 17 PEAK WIND IN M.P.H.

PRELIMINARY LOCAL CLIMATOLOGICAL DATA (WS FORM: F-6) , PAGE 2

                                          STATION:  NORFOLK VA
                                          MONTH:    JULY
                                          YEAR:     2018
                                          LATITUDE:   36 54 N
                                          LONGITUDE:  76 12 W

[TEMPERATURE DATA]      [PRECIPITATION DATA]       SYMBOLS USED IN COLUMN 16

AVERAGE MONTHLY: 79.9   TOTAL FOR MONTH:   2.65    1 = FOG OR MIST
DPTR FM NORMAL:   0.2   DPTR FM NORMAL:   -0.10    2 = FOG REDUCING VISIBILITY
HIGHEST:    95 ON  6    GRTST 24HR  1.49 ON  6- 6      TO 1/4 MILE OR LESS
LOWEST:     60 ON 10                               3 = THUNDER
                        SNOW, ICE PELLETS, HAIL    4 = ICE PELLETS
                        TOTAL MONTH:   0.0 INCH    5 = HAIL
                        GRTST 24HR     0.0         6 = FREEZING RAIN OR DRIZZLE
                        GRTST DEPTH:   0           7 = DUSTSTORM OR SANDSTORM:
                                                       VSBY 1/2 MILE OR LESS
                                                   8 = SMOKE OR HAZE
[NO. OF DAYS WITH]      [WEATHER - DAYS WITH]      9 = BLOWING SNOW
                                                   X = TORNADO
MAX 32 OR BELOW:   0    0.01 INCH OR MORE:   5
MAX 90 OR ABOVE:   9    0.10 INCH OR MORE:   3
MIN 32 OR BELOW:   0    0.50 INCH OR MORE:   2
MIN  0 OR BELOW:   0    1.00 INCH OR MORE:   1

[HDD (BASE 65) ]
TOTAL THIS MO.     0    CLEAR  (SCALE 0-3)  12
DPTR FM NORMAL     0    PTCLDY (SCALE 4-7)   5
TOTAL FM JUL 1     0    CLOUDY (SCALE 8-10)  1
DPTR FM NORMAL     0

[CDD (BASE 65) ]
TOTAL THIS MO.   272
DPTR FM NORMAL     8    [PRESSURE DATA]
TOTAL FM JAN 1  1018    HIGHEST SLP M ON M
DPTR FM NORMAL   273    LOWEST  SLP 29.79 ON 17

[REMARKS]
