000
CXUS51 KAKQ 200633
CF6ORF
PRELIMINARY LOCAL CLIMATOLOGICAL DATA (WS FORM: F-6)

                                          STATION:   NORFOLK VA
                                          MONTH:     OCTOBER
                                          YEAR:      2018
                                          LATITUDE:   36 54 N
                                          LONGITUDE:  76 12 W

  TEMPERATURE IN F:       :PCPN:    SNOW:  WIND      :SUNSHINE: SKY     :PK WND
================================================================================
1   2   3   4   5  6A  6B    7    8   9   10  11  12  13   14  15   16   17  18
                                     12Z  AVG MX 2MIN
DY MAX MIN AVG DEP HDD CDD  WTR  SNW DPTH SPD SPD DIR MIN PSBL S-S WX    SPD DR
================================================================================

 1  82  61  72   5   0   7 0.00  0.0    0  4.0 13  80   M    M   0        16  90
 2  86  65  76   9   0  11 0.00  0.0    0  8.3 16 210   M    M   1 3      20 210
 3  86  70  78  12   0  13 0.00  0.0    0  6.3 15 220   M    M   1        19 220
 4  91  69  80  14   0  15 0.00  0.0    0  4.5 10 230   M    M   0        13 250
 5  85  73  79  13   0  14 0.00  0.0    0  8.1 18  60   M    M   6        24 100
 6  81  71  76  11   0  11 0.00  0.0    0  6.9 14  40   M    M   7 1      16 100
 7  84  68  76  11   0  11 0.00  0.0    0  3.3 12  30   M    M   0 1      17 110
 8  83  72  78  13   0  13 0.00  0.0    0  4.9 13 100   M    M   3        21 120
 9  84  73  79  15   0  14 0.00  0.0    0  5.9 15  80   M    M   3        21 120
10  88  73  81  17   0  16 0.00  0.0    0  6.9 17 140   M    M   2        22 130
11  88  70  79  15   0  14 0.43  0.0    0 13.0 37 320   M    M   8 13     67 320
12  72  60  66   3   0   1 0.04  0.0    0  8.0 13 340   M    M   2 1      36 280
13  68  58  63   0   2   0    T  0.0    0  7.8 21 300   M    M   6 1      37 300
14  70  57  64   1   1   0 0.00  0.0    0  4.7  9 140   M    M   4        22 120
15  86  65  76  14   0  11 0.00  0.0    0 12.6 25 220   M    M   5        31 220
16  73  63  68   6   0   3 0.01  0.0    0  8.7 21  10   M    M   8        26  20
17  72  57  65   3   0   0 0.10  0.0    0  6.2 17 360   M    M   4 1      23 360
18  64  45  55  -6  10   0 0.00  0.0    0 10.4 23 360   M    M   0        31 360
19  68  43  56  -5   9   0 0.00  0.0    0  7.3 17 210   M    M   0        22 210
================================================================================
SM 1511 1213        22 154  0.58     0.0 137.8          M       60
================================================================================
AV 79.5 63.8                               7.3 FASTST   M    M   3    MAX(MPH)
                                 MISC ---->  # 37 320               # 67  320
================================================================================
NOTES:
# LAST OF SEVERAL OCCURRENCES

COLUMN 17 PEAK WIND IN M.P.H.

PRELIMINARY LOCAL CLIMATOLOGICAL DATA (WS FORM: F-6) , PAGE 2

                                          STATION:  NORFOLK VA
                                          MONTH:    OCTOBER
                                          YEAR:     2018
                                          LATITUDE:   36 54 N
                                          LONGITUDE:  76 12 W

[TEMPERATURE DATA]      [PRECIPITATION DATA]       SYMBOLS USED IN COLUMN 16

AVERAGE MONTHLY: 71.7   TOTAL FOR MONTH:   0.58    1 = FOG OR MIST
DPTR FM NORMAL:   7.7   DPTR FM NORMAL:   -1.53    2 = FOG REDUCING VISIBILITY
HIGHEST:    91 ON  4    GRTST 24HR  0.43 ON 11-11      TO 1/4 MILE OR LESS
LOWEST:     43 ON 19                               3 = THUNDER
                        SNOW, ICE PELLETS, HAIL    4 = ICE PELLETS
                        TOTAL MONTH:   0.0 INCH    5 = HAIL
                        GRTST 24HR     0.0         6 = FREEZING RAIN OR DRIZZLE
                        GRTST DEPTH:   0           7 = DUSTSTORM OR SANDSTORM:
                                                       VSBY 1/2 MILE OR LESS
                                                   8 = SMOKE OR HAZE
[NO. OF DAYS WITH]      [WEATHER - DAYS WITH]      9 = BLOWING SNOW
                                                   X = TORNADO
MAX 32 OR BELOW:   0    0.01 INCH OR MORE:   4
MAX 90 OR ABOVE:   1    0.10 INCH OR MORE:   2
MIN 32 OR BELOW:   0    0.50 INCH OR MORE:   0
MIN  0 OR BELOW:   0    1.00 INCH OR MORE:   0

[HDD (BASE 65) ]
TOTAL THIS MO.    22    CLEAR  (SCALE 0-3)   9
DPTR FM NORMAL   -41    PTCLDY (SCALE 4-7)   8
TOTAL FM JUL 1    22    CLOUDY (SCALE 8-10)  2
DPTR FM NORMAL   -52

[CDD (BASE 65) ]
TOTAL THIS MO.   154
DPTR FM NORMAL   110    [PRESSURE DATA]
TOTAL FM JAN 1  2292    HIGHEST SLP M ON M
DPTR FM NORMAL   683    LOWEST  SLP 29.15 ON 11

[REMARKS]
