000
CXUS51 KBOX 171200
CF6ORH
PRELIMINARY LOCAL CLIMATOLOGICAL DATA (WS FORM: F-6)

                                          STATION:   WORCESTER MA
                                          MONTH:     AUGUST
                                          YEAR:      2018
                                          LATITUDE:   42 16 N
                                          LONGITUDE:  71 52 W

  TEMPERATURE IN F:       :PCPN:    SNOW:  WIND      :SUNSHINE: SKY     :PK WND
================================================================================
1   2   3   4   5  6A  6B    7    8   9   10  11  12  13   14  15   16   17  18
                                     12Z  AVG MX 2MIN
DY MAX MIN AVG DEP HDD CDD  WTR  SNW DPTH SPD SPD DIR MIN PSBL S-S WX    SPD DR
================================================================================

 1  78  63  71   1   0   6 0.13  0.0    M 10.2 17 220   M    M   6 1      23 170
 2  86  71  79   9   0  14 0.33  0.0    M 13.3 30 230   M    M   4 13     39 230
 3  84  69  77   7   0  12 0.02  0.0    M  9.1 18 190   M    M   6 13     22 210
 4  77  69  73   3   0   8 0.42  0.0    M  8.1 15 200   M    M   7 13     20 210
 5  85  67  76   6   0  11 0.00  0.0    M  7.9 16 280   M    M   0        19 290
 6  88  68  78   8   0  13 0.00  0.0    M  8.5 15 290   M    M   0        18 290
 7  88  70  79   9   0  14 0.05  0.0    M  9.6 17 210   M    M   1 1      22 240
 8  83  69  76   6   0  11 0.11  0.0    M  5.8 26 310   M    M   5 13     34 310
 9  83  68  76   6   0  11 0.09  0.0    M 10.1 16 300   M    M   2 13     20 270
10  81  65  73   3   0   8 0.00  0.0    M  7.4 14 300   M    M   4        16 300
11  69  63  66  -4   0   1 1.22  0.0    M  5.7 12 140   M    M  10 123    15 140
12  71  65  68  -2   0   3 0.01  0.0    M  6.7 13  40   M    M   9 12     18  40
13  67  64  66  -4   0   1 1.29  0.0    M  6.4 13  60   M    M   9 12     19  60
14  78  66  72   3   0   7 0.44  0.0    M  3.7 20 250   M    M   8 123    26 260
15  83  66  75   6   0  10    T  0.0    M  7.8 15 300   M    M   4 12     18 290
16  83  68  76   7   0  11 0.00  0.0    M  9.2 16 300   M    M   1        22 250
================================================================================
SM 1284 1071         0 141  4.11     0.0 129.5          M       76
================================================================================
AV 80.3 66.9                               8.1 FASTST   M    M   5    MAX(MPH)
                                 MISC ---->  # 30 230               # 39  230
================================================================================
NOTES:
# LAST OF SEVERAL OCCURRENCES

COLUMN 17 PEAK WIND IN M.P.H.

PRELIMINARY LOCAL CLIMATOLOGICAL DATA (WS FORM: F-6) , PAGE 2

                                          STATION:  WORCESTER MA
                                          MONTH:    AUGUST
                                          YEAR:     2018
                                          LATITUDE:   42 16 N
                                          LONGITUDE:  71 52 W

[TEMPERATURE DATA]      [PRECIPITATION DATA]       SYMBOLS USED IN COLUMN 16

AVERAGE MONTHLY: 73.6   TOTAL FOR MONTH:   4.11    1 = FOG OR MIST
DPTR FM NORMAL:   3.7   DPTR FM NORMAL:    2.05    2 = FOG REDUCING VISIBILITY
HIGHEST:    88 ON  7, 6 GRTST 24HR  1.29 ON 13-13      TO 1/4 MILE OR LESS
LOWEST:     63 ON 11, 1                            3 = THUNDER
                        SNOW, ICE PELLETS, HAIL    4 = ICE PELLETS
                        TOTAL MONTH:   0.0 INCH    5 = HAIL
                        GRTST 24HR     0.0         6 = FREEZING RAIN OR DRIZZLE
                        GRTST DEPTH:  M  ON   M    7 = DUSTSTORM OR SANDSTORM:
                                                       VSBY 1/2 MILE OR LESS
                                                   8 = SMOKE OR HAZE
[NO. OF DAYS WITH]      [WEATHER - DAYS WITH]      9 = BLOWING SNOW
                                                   X = TORNADO
MAX 32 OR BELOW:   0    0.01 INCH OR MORE:  11
MAX 90 OR ABOVE:   0    0.10 INCH OR MORE:   7
MIN 32 OR BELOW:   0    0.50 INCH OR MORE:   2
MIN  0 OR BELOW:   0    1.00 INCH OR MORE:   2

[HDD (BASE 65) ]
TOTAL THIS MO.     0    CLEAR  (SCALE 0-3)   5
DPTR FM NORMAL    -7    PTCLDY (SCALE 4-7)   8
TOTAL FM JUL 1     0    CLOUDY (SCALE 8-10)  3
DPTR FM NORMAL   -21

[CDD (BASE 65) ]
TOTAL THIS MO.   141
DPTR FM NORMAL    55    [PRESSURE DATA]
TOTAL FM JAN 1   511    HIGHEST SLP M ON M
DPTR FM NORMAL   144    LOWEST  SLP 29.69 ON  9

[REMARKS]
