000
CXUS56 KMFR 191000
CF6OTH
PRELIMINARY LOCAL CLIMATOLOGICAL DATA (WS FORM: F-6)

                                          STATION:   NORTH BEND OR
                                          MONTH:     JULY
                                          YEAR:      2018
                                          LATITUDE:   43 25 N
                                          LONGITUDE: 124 15 W

  TEMPERATURE IN F:       :PCPN:    SNOW:  WIND      :SUNSHINE: SKY     :PK WND
================================================================================
1   2   3   4   5  6A  6B    7    8   9   10  11  12  13   14  15   16   17  18
                                     12Z  AVG MX 2MIN
DY MAX MIN AVG DEP HDD CDD  WTR  SNW DPTH SPD SPD DIR MIN PSBL S-S WX    SPD DR
================================================================================

 1  66  55  61   3   4   0 0.00    M    M 16.5 29 350   0    0   0        37 360
 2  66  51  59   1   6   0 0.00    M    M 16.6 28 360   M    M   1        39 350
 3  65  51  58   0   7   0 0.00    M    M 13.6 25 360   0    0   0        37 350
 4  62  52  57  -1   8   0 0.00    M    M  4.4 10 280   M    M   7 1       M  M
 5  65  53  59   1   6   0 0.00    M    M  6.6 13 280   M    M   5         M  M
 6  69  53  61   3   4   0 0.00    M    M  9.5 20 250   M    M   5        18 240
 7  68  51  60   2   5   0 0.00    M    M  9.5 17 350   M    M   5        24 350
 8  66  58  62   4   3   0 0.00    M    M  6.5 12 350   M    M  10         M  M
 9  69  54  62   4   3   0 0.00    M    M  4.9 12 300   M    M   5         M  M
10  70  51  61   3   4   0 0.00    M    M 12.9 27 360   0    0   0        36  10
11  66  54  60   2   5   0 0.00    M    M 18.2 30 360   M    M   0        44 360
12  67  51  59   0   6   0 0.00    M    M 13.6 28 350   0    0   0        39 360
13  66  51  59   0   6   0 0.00    M    M 11.6 22 350   0    0   0        33 340
14  66  53  60   1   5   0    T    M    M 13.6 28 340   0    0   0        33 350
15  69  55  62   3   3   0    T    M    M 10.1 17 340   M    M   6 1      22 340
16  65  57  61   2   4   0 0.00    M    M 13.6 22 350   M    M   M        31 350
17  67  57  62   3   3   0    T    M    M 11.2 18 350   M    M   8 1      23 340
18  68  56  62   3   3   0    T    M    M 16.1 28 350   0    0   0        38 350
================================================================================
SM 1200  963        85   0    T     M    209.0            0     52
================================================================================
AV 66.7 53.5                              11.6 FASTST    0   0   3    MAX(MPH)
                                 MISC ---->  # 30 360               # 44  360
================================================================================
NOTES:
# LAST OF SEVERAL OCCURRENCES

COLUMN 17 PEAK WIND IN M.P.H.

PRELIMINARY LOCAL CLIMATOLOGICAL DATA (WS FORM: F-6) , PAGE 2

                                          STATION:  NORTH BEND OR
                                          MONTH:    JULY
                                          YEAR:     2018
                                          LATITUDE:   43 25 N
                                          LONGITUDE: 124 15 W

[TEMPERATURE DATA]      [PRECIPITATION DATA]       SYMBOLS USED IN COLUMN 16

AVERAGE MONTHLY: 60.1   TOTAL FOR MONTH:      T    1 = FOG OR MIST
DPTR FM NORMAL:   1.7   DPTR FM NORMAL:   -0.35    2 = FOG REDUCING VISIBILITY
HIGHEST:    70 ON 10    GRTST 24HR    T  ON 18-18      TO 1/4 MILE OR LESS
LOWEST:     51 ON 13,12                            3 = THUNDER
                        SNOW, ICE PELLETS, HAIL    4 = ICE PELLETS
                        TOTAL MONTH:    M          5 = HAIL
                        GRTST 24HR    M  ON   M    6 = FREEZING RAIN OR DRIZZLE
                        GRTST DEPTH:  M  ON   M    7 = DUSTSTORM OR SANDSTORM:
                                                       VSBY 1/2 MILE OR LESS
                                                   8 = SMOKE OR HAZE
[NO. OF DAYS WITH]      [WEATHER - DAYS WITH]      9 = BLOWING SNOW
                                                   X = TORNADO
MAX 32 OR BELOW:   0    0.01 INCH OR MORE:   0
MAX 90 OR ABOVE:   0    0.10 INCH OR MORE:   0
MIN 32 OR BELOW:   0    0.50 INCH OR MORE:   0
MIN  0 OR BELOW:   0    1.00 INCH OR MORE:   0

[HDD (BASE 65) ]
TOTAL THIS MO.    85    CLEAR  (SCALE 0-3)   9
DPTR FM NORMAL   -34    PTCLDY (SCALE 4-7)   6
TOTAL FM JUL 1    85    CLOUDY (SCALE 8-10)  2
DPTR FM NORMAL   -34

[CDD (BASE 65) ]
TOTAL THIS MO.     0
DPTR FM NORMAL     0    [PRESSURE DATA]
TOTAL FM JAN 1     0    HIGHEST SLP  0.00 ON 12
DPTR FM NORMAL     0    LOWEST  SLP  0.00 ON 12

[REMARKS]
