000
CXAK56 PAFG 200943
CF6OTZ
PRELIMINARY LOCAL CLIMATOLOGICAL DATA (WS FORM: F-6)

                                          STATION:   KOTZEBUE AK
                                          MONTH:     NOVEMBER
                                          YEAR:      2018
                                          LATITUDE:   66 52 N
                                          LONGITUDE: 162 38 W

  TEMPERATURE IN F:       :PCPN:    SNOW:  WIND      :SUNSHINE: SKY     :PK WND
================================================================================
1   2   3   4   5  6A  6B    7    8   9   10  11  12  13   14  15   16   17  18
                                     12Z  AVG MX 2MIN
DY MAX MIN AVG DEP HDD CDD  WTR  SNW DPTH SPD SPD DIR MIN PSBL S-S WX    SPD DR
================================================================================

 1  23  18  21   6  44   0    T    T    1 20.1 32 120   M    M   6 1      36 120
 2  24  15  20   6  45   0 0.00  0.0    1  8.1 17 100   M    M   0        20 110
 3  26  15  21   7  44   0 0.00  0.0    1 12.4 21 100   M    M   0        24  90
 4  21  14  18   5  47   0 0.00  0.0    1 18.6 28 120   M    M   4        31 120
 5  23  21  22   9  43   0    T    M    1 29.8 40 110   M    M  10 18     46 110
 6  30  23  27  15  38   0 0.08  0.8    2 30.4 41 110   M    M  10 129    47 120
 7  35  28  32  20  33   0 0.06  0.6    2 14.6 30 120   M    M   9 12     34 130
 8  29  20  25  14  40   0    T    T    2  9.3 29 110   M    M   6 1      34 110
 9  27  22  25  14  40   0 0.02  0.2    2 26.3 35 100   M    M   8 1      40 100
10  32  25  29  18  36   0    M    M    M 12.4 28 110   M    M   9 1      32 110
11  27  15  21  11  44   0    T    T    2 10.0 18  10   M    M   5 1      22  10
12  16   9  13   3  52   0 0.00  0.0    M 12.4 25  30   M    M   0        30  30
13  19  11  15   5  50   0 0.00  0.0    2 18.0 31  40   M    M   0        41  20
14  16   4  10   1  55   0 0.00  0.0    2  4.7 14  60   M    M   0 8      16  60
15  16   1   9   0  56   0 0.00  0.0    2 13.3 23  90   M    M   0        28  90
16  23  16  20  11  45   0    T  0.0    2 23.2 32 110   M    M   6 8      38 110
17  28  22  25  17  40   0 0.02  0.4    3 19.8 28 100   M    M  10 18     33 110
18  29  26  28  20  37   0 0.04  0.4    3 16.4 28  80   M    M  10 1      33  80
19  30  26  28  20  37   0 0.18  2.1    5 11.7 17 120   M    M   9 1      19 110
================================================================================
SM  474  331       826   0  0.40     4.5 311.5          M      102
================================================================================
AV 25.0 17.4                              16.4 FASTST   M    M   5    MAX(MPH)
                                 MISC ---->  # 41 110               # 47  120
================================================================================
NOTES:
# LAST OF SEVERAL OCCURRENCES

COLUMN 17 PEAK WIND IN M.P.H.

PRELIMINARY LOCAL CLIMATOLOGICAL DATA (WS FORM: F-6) , PAGE 2

                                          STATION:  KOTZEBUE AK
                                          MONTH:    NOVEMBER
                                          YEAR:     2018
                                          LATITUDE:   66 52 N
                                          LONGITUDE: 162 38 W

[TEMPERATURE DATA]      [PRECIPITATION DATA]       SYMBOLS USED IN COLUMN 16

AVERAGE MONTHLY: 21.2   TOTAL FOR MONTH:   0.40    1 = FOG OR MIST
DPTR FM NORMAL:  10.3   DPTR FM NORMAL:   -0.08    2 = FOG REDUCING VISIBILITY
HIGHEST:    35 ON  7    GRTST 24HR  0.18 ON 19-19      TO 1/4 MILE OR LESS
LOWEST:      1 ON 15                               3 = THUNDER
                        SNOW, ICE PELLETS, HAIL    4 = ICE PELLETS
                        TOTAL MONTH:   4.5 INCHES  5 = HAIL
                        GRTST 24HR   2.1 ON 19-19  6 = FREEZING RAIN OR DRIZZLE
                        GRTST DEPTH:   5 ON 19     7 = DUSTSTORM OR SANDSTORM:
                                                       VSBY 1/2 MILE OR LESS
                                                   8 = SMOKE OR HAZE
[NO. OF DAYS WITH]      [WEATHER - DAYS WITH]      9 = BLOWING SNOW
                                                   X = TORNADO
MAX 32 OR BELOW:  18    0.01 INCH OR MORE:   6
MAX 90 OR ABOVE:   0    0.10 INCH OR MORE:   1
MIN 32 OR BELOW:  19    0.50 INCH OR MORE:   0
MIN  0 OR BELOW:   0    1.00 INCH OR MORE:   0

[HDD (BASE 65) ]
TOTAL THIS MO.   826    CLEAR  (SCALE 0-3)   6
DPTR FM NORMAL  -204    PTCLDY (SCALE 4-7)   6
TOTAL FM JUL 1  2784    CLOUDY (SCALE 8-10)  7
DPTR FM NORMAL  -927

[CDD (BASE 65) ]
TOTAL THIS MO.     0
DPTR FM NORMAL     0    [PRESSURE DATA]
TOTAL FM JAN 1     4    HIGHEST SLP M ON M
DPTR FM NORMAL    -1    LOWEST  SLP 29.43 ON 19

[REMARKS]
