000
CXUS53 KARX 170930
CF6OVS
PRELIMINARY LOCAL CLIMATOLOGICAL DATA (WS FORM: F-6)

                                          STATION:   BOSCOBEL_(ASOS) WI
                                          MONTH:     FEBRUARY
                                          YEAR:      2019
                                          LATITUDE:   43  9 N
                                          LONGITUDE:  90 41 W

  TEMPERATURE IN F:       :PCPN:    SNOW:  WIND      :SUNSHINE: SKY     :PK WND
================================================================================
1   2   3   4   5  6A  6B    7    8   9   10  11  12  13   14  15   16   17  18
                                     12Z  AVG MX 2MIN
DY MAX MIN AVG DEP HDD CDD  WTR  SNW DPTH SPD SPD DIR MIN PSBL S-S WX    SPD DR
================================================================================

 1  15  -9   3 -17  62   0 0.00  0.0    M  1.7  8 200   M    M   6 8      13 200
 2  43   5  24   4  41   0    T  0.0    M  4.4 12 230   M    M   8 128    18 220
 3  45  36  41  21  24   0 0.00  0.0    M  4.5 10 220   M    M  10 12     16 210
 4  47  17  32  11  33   0 0.01    M    M  6.9 18 260   M    M   9 12     27 280
 5  27  15  21   0  44   0 0.03    M    M  6.1 15  80   M    M   6 168    23  90
 6  31  22  27   6  38   0 0.06    M    M  4.1 10  40   M    M  10 16     18  50
 7  29   4  17  -5  48   0 0.14    M    M  9.4 21 260   M    M  10 1689   33 270
 8   8  -3   3 -19  62   0    T    M    M 10.6 21 260   M    M   4 89     35 250
 9  17  -6   6 -16  59   0 0.00  0.0    M  2.3  9 120   M    M   4 8      13 130
10  28  17  23   1  42   0 0.09    M    M  2.7  9  70   M    M  10 18     18  60
11  29  24  27   4  38   0 0.13    M    M  7.2 15  80   M    M  10 18     24  50
12  30  18  24   1  41   0 0.34    M    M  8.7 23 290   M    M  10 18     37 290
13  25   9  17  -7  48   0    T    M    M  6.6 14 250   M    M   4 8      24 260
14  42  10  26   2  39   0    T    M    M  6.1 18 290   M    M   4 18     27 300
15  18  -2   8 -16  57   0    T    T    M  5.8 15 260   M    M   0 18     22 270
16  28  -7  11 -14  54   0 0.00  0.0    M  2.7 10  70   M    M   1 18     18  80
================================================================================
SM  462  150       730   0  0.80    T     89.8          M      106
================================================================================
AV 28.9  9.4                               5.6 FASTST   M    M   7    MAX(MPH)
                                 MISC ---->  # 23 290               # 37  290
================================================================================
NOTES:
# LAST OF SEVERAL OCCURRENCES

COLUMN 17 PEAK WIND IN M.P.H.

PRELIMINARY LOCAL CLIMATOLOGICAL DATA (WS FORM: F-6) , PAGE 2

                                          STATION:  BOSCOBEL_(ASOS) WI
                                          MONTH:    FEBRUARY
                                          YEAR:     2019
                                          LATITUDE:   43  9 N
                                          LONGITUDE:  90 41 W

[TEMPERATURE DATA]      [PRECIPITATION DATA]       SYMBOLS USED IN COLUMN 16

AVERAGE MONTHLY: 19.1   TOTAL FOR MONTH:   0.80    1 = FOG OR MIST
DPTR FM NORMAL:  -3.0   DPTR FM NORMAL:    0.26    2 = FOG REDUCING VISIBILITY
HIGHEST:    47 ON  4    GRTST 24HR  0.34 ON 12-12      TO 1/4 MILE OR LESS
LOWEST:     -9 ON  1                               3 = THUNDER
                        SNOW, ICE PELLETS, HAIL    4 = ICE PELLETS
                        TOTAL MONTH:    T          5 = HAIL
                        GRTST 24HR    T  ON 15-15  6 = FREEZING RAIN OR DRIZZLE
                        GRTST DEPTH:  M  ON   M    7 = DUSTSTORM OR SANDSTORM:
                                                       VSBY 1/2 MILE OR LESS
                                                   8 = SMOKE OR HAZE
[NO. OF DAYS WITH]      [WEATHER - DAYS WITH]      9 = BLOWING SNOW
                                                   X = TORNADO
MAX 32 OR BELOW:  12    0.01 INCH OR MORE:   7
MAX 90 OR ABOVE:   0    0.10 INCH OR MORE:   3
MIN 32 OR BELOW:  15    0.50 INCH OR MORE:   0
MIN  0 OR BELOW:   5    1.00 INCH OR MORE:   0

[HDD (BASE 65) ]
TOTAL THIS MO.   730    CLEAR  (SCALE 0-3)   2
DPTR FM NORMAL    45    PTCLDY (SCALE 4-7)   6
TOTAL FM JUL 1  4948    CLOUDY (SCALE 8-10)  8
DPTR FM NORMAL    30

[CDD (BASE 65) ]
TOTAL THIS MO.     0
DPTR FM NORMAL     0    [PRESSURE DATA]
TOTAL FM JAN 1     0    HIGHEST SLP M ON M
DPTR FM NORMAL     0    LOWEST  SLP 29.49 ON 14

[REMARKS]
