000
CXUS55 KPAH 170629
CF6OWB
PRELIMINARY LOCAL CLIMATOLOGICAL DATA (WS FORM: F-6)

                                          STATION:   OWENSBORO KY
                                          MONTH:     OCTOBER
                                          YEAR:      2018
                                          LATITUDE:   37 45 N
                                          LONGITUDE:  87 10 W

  TEMPERATURE IN F:       :PCPN:    SNOW:  WIND      :SUNSHINE: SKY     :PK WND
================================================================================
1   2   3   4   5  6A  6B    7    8   9   10  11  12  13   14  15   16   17  18
                                     12Z  AVG MX 2MIN
DY MAX MIN AVG DEP HDD CDD  WTR  SNW DPTH SPD SPD DIR MIN PSBL S-S WX    SPD DR
================================================================================

 1  86  61  74   8   0   9 0.00    M    M  4.5 15 220   M    M   2        18 220
 2  87  71  79  14   0  14 0.00    M    M  6.3 14 220   M    M   5        17 260
 3  90  68  79  14   0  14 0.00    M    M  9.0 20 210   M    M   1        26 210
 4  88  71  80  15   0  15 0.00    M    M  7.3 16 240   M    M   3        20 270
 5  91  70  81  17   0  16 0.00    M    M  7.8 21 280   M    M   3 1      29 270
 6  90  69  80  16   0  15 0.00    M    M  6.9 16 220   M    M   2        21 230
 7  92  65  79  15   0  14 0.00    M    M  3.7 12 140   M    M   2        14 160
 8  90  70  80  17   0  15 0.00    M    M  7.1 16 150   M    M   2 8      23 160
 9  89  70  80  17   0  15 0.00    M    M 10.2 21 160   M    M   1 8      26 150
10  83  64  74  12   0   9    T    M    M 10.1 21 330   M    M   8 18     26 260
11  62  47  55  -7  10   0 0.00    M    M 11.0 21 320   M    M   5        23 300
12  58  42  50 -12  15   0 0.14    M    M  4.1 10 330   M    M   5         M  M
13  53  41  47 -15  18   0 0.01    M    M  5.1 12 110   M    M   6 18     15 160
14  60  47  54  -7  11   0 0.32    M    M  5.1 13 110   M    M  10 1      17 100
15  58  43  51 -10  14   0 0.14    M    M  7.4 17 330   M    M   7 12     22 320
16  51  40  46 -15  19   0 0.00    M    M  3.5  8 330   M    M   0         9  30
================================================================================
SM 1228  939        87 136  0.61    M    109.1          M       62
================================================================================
AV 76.8 58.7                               6.8 FASTST   M    M   4    MAX(MPH)
                                 MISC ---->  # 21 280               # 29  270
================================================================================
NOTES:
# LAST OF SEVERAL OCCURRENCES

COLUMN 17 PEAK WIND IN M.P.H.

PRELIMINARY LOCAL CLIMATOLOGICAL DATA (WS FORM: F-6) , PAGE 2

                                          STATION:  OWENSBORO KY
                                          MONTH:    OCTOBER
                                          YEAR:     2018
                                          LATITUDE:   37 45 N
                                          LONGITUDE:  87 10 W

[TEMPERATURE DATA]      [PRECIPITATION DATA]       SYMBOLS USED IN COLUMN 16

AVERAGE MONTHLY: 67.7   TOTAL FOR MONTH:   0.61    1 = FOG OR MIST
DPTR FM NORMAL:   4.6   DPTR FM NORMAL:   -1.14    2 = FOG REDUCING VISIBILITY
HIGHEST:    92 ON  7    GRTST 24HR  0.32 ON 14-14      TO 1/4 MILE OR LESS
LOWEST:     40 ON 16                               3 = THUNDER
                        SNOW, ICE PELLETS, HAIL    4 = ICE PELLETS
                        TOTAL MONTH:    M          5 = HAIL
                        GRTST 24HR    M  ON   M    6 = FREEZING RAIN OR DRIZZLE
                        GRTST DEPTH:  M  ON   M    7 = DUSTSTORM OR SANDSTORM:
                                                       VSBY 1/2 MILE OR LESS
                                                   8 = SMOKE OR HAZE
[NO. OF DAYS WITH]      [WEATHER - DAYS WITH]      9 = BLOWING SNOW
                                                   X = TORNADO
MAX 32 OR BELOW:   0    0.01 INCH OR MORE:   4
MAX 90 OR ABOVE:   5    0.10 INCH OR MORE:   3
MIN 32 OR BELOW:   0    0.50 INCH OR MORE:   0
MIN  0 OR BELOW:   0    1.00 INCH OR MORE:   0

[HDD (BASE 65) ]
TOTAL THIS MO.    87    CLEAR  (SCALE 0-3)   9
DPTR FM NORMAL    19    PTCLDY (SCALE 4-7)   5
TOTAL FM JUL 1    98    CLOUDY (SCALE 8-10)  2
DPTR FM NORMAL     3

[CDD (BASE 65) ]
TOTAL THIS MO.   136
DPTR FM NORMAL    97    [PRESSURE DATA]
TOTAL FM JAN 1  2024    HIGHEST SLP M ON M
DPTR FM NORMAL   284    LOWEST  SLP 29.72 ON 10

[REMARKS]
