852
CXUS51 KAKQ 190633
CF6OXB
PRELIMINARY LOCAL CLIMATOLOGICAL DATA (WS FORM: F-6)

                                          STATION:   OCEAN_CITY
                                          MONTH:     JULY
                                          YEAR:      2018
                                          LATITUDE:   38 18 N
                                          LONGITUDE:  75  7 W

  TEMPERATURE IN F:       :PCPN:    SNOW:  WIND      :SUNSHINE: SKY     :PK WND
================================================================================
1   2   3   4   5  6A  6B    7    8   9   10  11  12  13   14  15   16   17  18
                                     12Z  AVG MX 2MIN
DY MAX MIN AVG DEP HDD CDD  WTR  SNW DPTH SPD SPD DIR MIN PSBL S-S WX    SPD DR
================================================================================

 1  89  74  82   7   0  17 0.00  0.0    0  6.8 10 250   M    M   0 1      15 210
 2  87  71  79   4   0  14 0.00  0.0    0  4.8 10 170   M    M   0 1      15 170
 3  85  77  81   6   0  16 0.00  0.0    0  5.0  9 160   M    M   2 1      13 140
 4  84  71  78   2   0  13 0.00  0.0    0  6.5 13  90   M    M   4 1      17  80
 5  86  77  82   6   0  17 0.00  0.0    0  6.6 15 210   M    M   0        23 310
 6  91  73  82   6   0  17 0.76  0.0    0  7.9 17 240   M    M   4 13     24 200
 7  75  66  71  -5   0   6 0.00  0.0    0 13.3 21  30   M    M   6 1      30  30
 8  74  56  65 -11   0   0 0.00  0.0    0 11.0 18  60   M    M   0        25  60
 9  75  52  64 -12   1   0 0.00  0.0    0  4.4 12  80   M    M   0        15  60
10  84  55  70  -6   0   5 0.00  0.0    0  5.3 12 200   M    M   0        20 190
11  86  72  79   3   0  14 0.00  0.0    0  6.6 13  80   M    M   2        16  70
12  78  67  73  -3   0   8 0.00  0.0    0  8.3 16  90   M    M   4 1      21  60
13  78  59  69  -7   0   4 0.00  0.0    0  6.6 14  80   M    M   1        19  70
14  81  56  69  -7   0   4 0.00  0.0    0  5.2 13 220   M    M   0        18 230
15  86  70  78   2   0  13 0.00  0.0    0  8.5 17 220   M    M   0        23 210
16  87  77  82   6   0  17    T  0.0    0  9.3 16 220   M    M   1        24 220
17  86  73  80   4   0  15 0.29  0.0    0  8.8 17 220   M    M   3 13     26 210
18  87  70  79   3   0  14 0.00  0.0    0  6.4 13 320   M    M   3 1      18 360
================================================================================
SM 1499 1216         1 194  1.05     0.0 131.3          M       30
================================================================================
AV 83.3 67.6                               7.3 FASTST   M    M   2    MAX(MPH)
                                 MISC ---->  # 21  30               # 30   30
================================================================================
NOTES:
# LAST OF SEVERAL OCCURRENCES

COLUMN 17 PEAK WIND IN M.P.H.

PRELIMINARY LOCAL CLIMATOLOGICAL DATA (WS FORM: F-6) , PAGE 2

                                          STATION:  OCEAN_CITY
                                          MONTH:    JULY
                                          YEAR:     2018
                                          LATITUDE:   38 18 N
                                          LONGITUDE:  75  7 W

[TEMPERATURE DATA]      [PRECIPITATION DATA]       SYMBOLS USED IN COLUMN 16

AVERAGE MONTHLY: 75.4   TOTAL FOR MONTH:   1.05    1 = FOG OR MIST
DPTR FM NORMAL:  -0.4   DPTR FM NORMAL:   -0.57    2 = FOG REDUCING VISIBILITY
HIGHEST:    91 ON  6    GRTST 24HR  0.76 ON  6- 6      TO 1/4 MILE OR LESS
LOWEST:     52 ON  9                               3 = THUNDER
                        SNOW, ICE PELLETS, HAIL    4 = ICE PELLETS
                        TOTAL MONTH:   0.0 INCH    5 = HAIL
                        GRTST 24HR     0.0         6 = FREEZING RAIN OR DRIZZLE
                        GRTST DEPTH:   0           7 = DUSTSTORM OR SANDSTORM:
                                                       VSBY 1/2 MILE OR LESS
                                                   8 = SMOKE OR HAZE
[NO. OF DAYS WITH]      [WEATHER - DAYS WITH]      9 = BLOWING SNOW
                                                   X = TORNADO
MAX 32 OR BELOW:   0    0.01 INCH OR MORE:   2
MAX 90 OR ABOVE:   1    0.10 INCH OR MORE:   2
MIN 32 OR BELOW:   0    0.50 INCH OR MORE:   1
MIN  0 OR BELOW:   0    1.00 INCH OR MORE:   0

[HDD (BASE 65) ]
TOTAL THIS MO.     1    CLEAR  (SCALE 0-3)  14
DPTR FM NORMAL     1    PTCLDY (SCALE 4-7)   4
TOTAL FM JUL 1     1    CLOUDY (SCALE 8-10)  0
DPTR FM NORMAL     1

[CDD (BASE 65) ]
TOTAL THIS MO.   194
DPTR FM NORMAL    -1    [PRESSURE DATA]
TOTAL FM JAN 1   513    HIGHEST SLP M ON M
DPTR FM NORMAL    49    LOWEST  SLP 29.79 ON 17

[REMARKS]
