000
CXUS51 KAKQ 160633
CF6OXB
PRELIMINARY LOCAL CLIMATOLOGICAL DATA (WS FORM: F-6)

                                          STATION:   OCEAN_CITY
                                          MONTH:     OCTOBER
                                          YEAR:      2018
                                          LATITUDE:   38 18 N
                                          LONGITUDE:  75  7 W

  TEMPERATURE IN F:       :PCPN:    SNOW:  WIND      :SUNSHINE: SKY     :PK WND
================================================================================
1   2   3   4   5  6A  6B    7    8   9   10  11  12  13   14  15   16   17  18
                                     12Z  AVG MX 2MIN
DY MAX MIN AVG DEP HDD CDD  WTR  SNW DPTH SPD SPD DIR MIN PSBL S-S WX    SPD DR
================================================================================

 1  77  57  67   3   0   2 0.00  0.0    0  4.6 10 190   M    M   0 1      17 190
 2  80  63  72   8   0   7 0.00  0.0    0  8.2 16 220   M    M   3        25 300
 3  84  62  73  10   0   8 0.00  0.0    0  5.6 13  60   M    M   1 1      18  40
 4  81  62  72   9   0   7 0.02  0.0    0  3.9 12 210   M    M   2 1      22 210
 5  75  69  72   9   0   7 0.00  0.0    0  8.2 16  50   M    M  10 128    23  50
 6  74  64  69   6   0   4 0.05  0.0    0  5.0 12 110   M    M   7 1      14 100
 7  80  62  71   9   0   6 0.00  0.0    0  3.7 10 200   M    M   2 1      19 210
 8  79  67  73  11   0   8 0.00  0.0    0  4.6 13 130   M    M   5 1      17 130
 9  80  73  77  15   0  12 0.00  0.0    0  5.4 12 120   M    M   3        17 110
10  81  74  78  17   0  13 0.00  0.0    0  4.9 10 190   M    M   2        19 200
11  80  70  75  14   0  10 1.93  0.0    0  9.7 26 100   M    M   8 13     35 100
12  71  49  60  -1   5   0 0.94    M    0 12.8 37 360   M    M   3 18     55 350
13  63  43  53  -7  12   0    T    M    0  6.7 18 330   M    M   3        25 330
14  64  45  55  -5  10   0    T    M    0  3.5  8 190   M    M   4        12 180
15  79  63  71  11   0   6 0.08  0.0    0 10.4 21 240   M    M   7 1      27 220
================================================================================
SM 1148  923        27  90  3.02     0.0  97.2          M       60
================================================================================
AV 76.5 61.5                               6.5 FASTST   M    M   4    MAX(MPH)
                                 MISC ---->  # 37 360               # 55  350
================================================================================
NOTES:
# LAST OF SEVERAL OCCURRENCES

COLUMN 17 PEAK WIND IN M.P.H.

PRELIMINARY LOCAL CLIMATOLOGICAL DATA (WS FORM: F-6) , PAGE 2

                                          STATION:  OCEAN_CITY
                                          MONTH:    OCTOBER
                                          YEAR:     2018
                                          LATITUDE:   38 18 N
                                          LONGITUDE:  75  7 W

[TEMPERATURE DATA]      [PRECIPITATION DATA]       SYMBOLS USED IN COLUMN 16

AVERAGE MONTHLY: 69.0   TOTAL FOR MONTH:   3.02    1 = FOG OR MIST
DPTR FM NORMAL:   7.1   DPTR FM NORMAL:    1.64    2 = FOG REDUCING VISIBILITY
HIGHEST:    84 ON  3    GRTST 24HR  1.93 ON 11-11      TO 1/4 MILE OR LESS
LOWEST:     43 ON 13                               3 = THUNDER
                        SNOW, ICE PELLETS, HAIL    4 = ICE PELLETS
                        TOTAL MONTH:   0.0 INCH    5 = HAIL
                        GRTST 24HR     0.0         6 = FREEZING RAIN OR DRIZZLE
                        GRTST DEPTH:   0           7 = DUSTSTORM OR SANDSTORM:
                                                       VSBY 1/2 MILE OR LESS
                                                   8 = SMOKE OR HAZE
[NO. OF DAYS WITH]      [WEATHER - DAYS WITH]      9 = BLOWING SNOW
                                                   X = TORNADO
MAX 32 OR BELOW:   0    0.01 INCH OR MORE:   5
MAX 90 OR ABOVE:   0    0.10 INCH OR MORE:   2
MIN 32 OR BELOW:   0    0.50 INCH OR MORE:   2
MIN  0 OR BELOW:   0    1.00 INCH OR MORE:   1

[HDD (BASE 65) ]
TOTAL THIS MO.    27    CLEAR  (SCALE 0-3)   8
DPTR FM NORMAL   -43    PTCLDY (SCALE 4-7)   6
TOTAL FM JUL 1    28    CLOUDY (SCALE 8-10)  1
DPTR FM NORMAL   -70

[CDD (BASE 65) ]
TOTAL THIS MO.    90
DPTR FM NORMAL    68    [PRESSURE DATA]
TOTAL FM JAN 1  1436    HIGHEST SLP M ON M
DPTR FM NORMAL   362    LOWEST  SLP 29.15 ON 11

[REMARKS]
