000
CXUS55 KLOX 221655
CF6OXR
PRELIMINARY LOCAL CLIMATOLOGICAL DATA (WS FORM: F-6)

                                          STATION:   OXNARD AIRPORT CA
                                          MONTH:     OCTOBER
                                          YEAR:      2018
                                          LATITUDE:   34 12 N
                                          LONGITUDE: 119 12 W

  TEMPERATURE IN F:       :PCPN:    SNOW:  WIND      :SUNSHINE: SKY     :PK WND
================================================================================
1   2   3   4   5  6A  6B    7    8   9   10  11  12  13   14  15   16   17  18
                                     12Z  AVG MX 2MIN
DY MAX MIN AVG DEP HDD CDD  WTR  SNW DPTH SPD SPD DIR MIN PSBL S-S WX    SPD DR
================================================================================

 1  79  61  70   6   0   5 0.00  0.0    0  7.7 22 280   M    M   2        25 270
 2  75  64  70   6   0   5 0.00  0.0    0  5.8  M   M   M    M   7 1      18 240
 3  72  66  69   5   0   4 0.02  0.0    0  3.1 10 140   M    M   9        15 140
 4  73  63  68   4   0   3 0.00  0.0    0  6.4 16 270   M    M   7        20 270
 5  73  58  66   2   0   1 0.00  0.0    0  5.8 16 280   M    M   2        22 260
 6  71  58  65   1   0   0 0.00  0.0    0  5.5 13 220   M    M   2        22 140
 7  72  57  65   1   0   0 0.00  0.0    0  4.9 13 250   M    M   0        16 260
 8  72  55  64   1   1   0 0.00  0.0    0  5.7 12 260   M    M   3        16 230
 9  71  60  66   3   0   1 0.00  0.0    0  6.4 14 230   M    M   5        18 250
10  70  59  65   2   0   0 0.00  0.0    0  5.6 13 220   M    M   7        18 250
11  73  57  65   2   0   0 0.00  0.0    0  5.9 12 210   M    M   4        16 220
12  72  55  64   1   1   0 0.13  0.0    0  8.1 18 260   M    M   3 1      21 280
13  72  61  67   4   0   2 0.01  0.0    0  4.0 14 240   M    M   7        20 260
14  71  58  65   2   0   0 0.00  0.0    0  4.3 13 290   M    M   5        17 270
15  85  54  70   7   0   5 0.00  0.0    0 14.3 32  70   M    M   0        43  70
16  83  52  68   6   0   3 0.00  0.0    0  9.4 22 280   M    M   0        24 280
17  76  55  66   4   0   1 0.00  0.0    0  5.8 14 260   M    M   0        17 250
18  79  53  66   4   0   1 0.00  0.0    0  7.2 17 260   M    M   0 18     20 280
19  93  57  75  13   0  10 0.00  0.0    0  9.6 29  60   M    M   0        38  60
20  93  56  75  13   0  10 0.00  0.0    0  6.9 23  80   M    M   0        32  80
21  72  57  65   3   0   0 0.00  0.0    0  4.6 13 270   M    M   1 1      28 270
================================================================================
SM 1597 1216         2  51  0.16     0.0 137.0          M       64
================================================================================
AV 76.1 57.9                               6.5 FASTST   M    M   3    MAX(MPH)
                                 MISC ---->  # 32  70               # 43   70
================================================================================
NOTES:
# LAST OF SEVERAL OCCURRENCES

COLUMN 17 PEAK WIND IN M.P.H.

PRELIMINARY LOCAL CLIMATOLOGICAL DATA (WS FORM: F-6) , PAGE 2

                                          STATION:  OXNARD AIRPORT CA
                                          MONTH:    OCTOBER
                                          YEAR:     2018
                                          LATITUDE:   34 12 N
                                          LONGITUDE: 119 12 W

[TEMPERATURE DATA]      [PRECIPITATION DATA]       SYMBOLS USED IN COLUMN 16

AVERAGE MONTHLY: 67.0   TOTAL FOR MONTH:   0.16    1 = FOG OR MIST
DPTR FM NORMAL:   3.9   DPTR FM NORMAL:   -0.26    2 = FOG REDUCING VISIBILITY
HIGHEST:    93 ON 20,19 GRTST 24HR  0.13 ON 12-12      TO 1/4 MILE OR LESS
LOWEST:     52 ON 16                               3 = THUNDER
                        SNOW, ICE PELLETS, HAIL    4 = ICE PELLETS
                        TOTAL MONTH:   0.0 INCH    5 = HAIL
                        GRTST 24HR     0.0         6 = FREEZING RAIN OR DRIZZLE
                        GRTST DEPTH:   0           7 = DUSTSTORM OR SANDSTORM:
                                                       VSBY 1/2 MILE OR LESS
                                                   8 = SMOKE OR HAZE
[NO. OF DAYS WITH]      [WEATHER - DAYS WITH]      9 = BLOWING SNOW
                                                   X = TORNADO
MAX 32 OR BELOW:   0    0.01 INCH OR MORE:   3
MAX 90 OR ABOVE:   2    0.10 INCH OR MORE:   1
MIN 32 OR BELOW:   0    0.50 INCH OR MORE:   0
MIN  0 OR BELOW:   0    1.00 INCH OR MORE:   0

[HDD (BASE 65) ]
TOTAL THIS MO.     2    CLEAR  (SCALE 0-3)  12
DPTR FM NORMAL   -54    PTCLDY (SCALE 4-7)   8
TOTAL FM JUL 1     8    CLOUDY (SCALE 8-10)  1
DPTR FM NORMAL  -124

[CDD (BASE 65) ]
TOTAL THIS MO.    51
DPTR FM NORMAL    30    [PRESSURE DATA]
TOTAL FM JAN 1   502    HIGHEST SLP M ON M
DPTR FM NORMAL   328    LOWEST  SLP 29.67 ON 12

[REMARKS]
