000
CXUS56 KLOX 171655
CF6OXR
PRELIMINARY LOCAL CLIMATOLOGICAL DATA (WS FORM: F-6)

                                          STATION:   OXNARD AIRPORT CA
                                          MONTH:     FEBRUARY
                                          YEAR:      2019
                                          LATITUDE:   34 12 N
                                          LONGITUDE: 119 12 W

  TEMPERATURE IN F:       :PCPN:    SNOW:  WIND      :SUNSHINE: SKY     :PK WND
================================================================================
1   2   3   4   5  6A  6B    7    8   9   10  11  12  13   14  15   16   17  18
                                     12Z  AVG MX 2MIN
DY MAX MIN AVG DEP HDD CDD  WTR  SNW DPTH SPD SPD DIR MIN PSBL S-S WX    SPD DR
================================================================================

 1  63  46  55   0  10   0 0.06    M    0  7.8 13  80   M    M   4        18 130
 2  60  51  56   1   9   0 1.06  0.0    0 10.4 31 120   M    M   5 18     50 130
 3  59  53  56   1   9   0 0.14  0.0    0  6.3 16 220   M    M   6 18     22 220
 4  60  49  55   0  10   0 0.25    M    0  9.9 22 270   M    M   4 18     27 270
 5  56  43  50  -5  15   0 0.01    M    0 12.2 29 280   M    M   4 8      35 280
 6  58  35  47  -8  18   0 0.00  0.0    0  7.2 18 280   M    M   0        23 280
 7  60  40  50  -5  15   0 0.00  0.0    0  8.2 17  70   M    M   0        20  80
 8  60  42  51  -4  14   0 0.00  0.0    0  7.3 13 260   M    M   0        17 260
 9  58  45  52  -3  13   0 0.31    M    0  7.4 17 270   M    M   5 1      21 270
10  58  42  50  -5  15   0 0.06    M    0 10.6 29 260   M    M   6 1      35 270
11  57  38  48  -7  17   0 0.00  0.0    0  6.5 13  20   M    M   0        15  20
12  66  40  53  -2  12   0 0.00  0.0    0  7.9 17  80   M    M   0        20  70
13  57  49  53  -3  12   0 0.03    M    0 11.2 23  50   M    M   8 18     29  70
14  62  49  56   0   9   0 0.81    M    0 12.0 25 280   M    M   8 1      33 270
15  59  44  52  -4  13   0 0.12    M    0  8.7 24 280   M    M   4 1      29 280
16  59  40  50  -6  15   0 0.00  0.0    0 16.2 30 280   M    M   0        37 270
================================================================================
SM  952  706       206   0  2.85     0.0 149.8          M       54
================================================================================
AV 59.5 44.1                               9.4 FASTST   M    M   3    MAX(MPH)
                                 MISC ---->  # 31 120               # 50  130
================================================================================
NOTES:
# LAST OF SEVERAL OCCURRENCES

COLUMN 17 PEAK WIND IN M.P.H.

PRELIMINARY LOCAL CLIMATOLOGICAL DATA (WS FORM: F-6) , PAGE 2

                                          STATION:  OXNARD AIRPORT CA
                                          MONTH:    FEBRUARY
                                          YEAR:     2019
                                          LATITUDE:   34 12 N
                                          LONGITUDE: 119 12 W

[TEMPERATURE DATA]      [PRECIPITATION DATA]       SYMBOLS USED IN COLUMN 16

AVERAGE MONTHLY: 51.8   TOTAL FOR MONTH:   2.85    1 = FOG OR MIST
DPTR FM NORMAL:  -3.4   DPTR FM NORMAL:    0.97    2 = FOG REDUCING VISIBILITY
HIGHEST:    66 ON 12    GRTST 24HR  1.12 ON 31- 1      TO 1/4 MILE OR LESS
LOWEST:     35 ON  6                               3 = THUNDER
                        SNOW, ICE PELLETS, HAIL    4 = ICE PELLETS
                        TOTAL MONTH:   0.0 INCH    5 = HAIL
                        GRTST 24HR     0.0         6 = FREEZING RAIN OR DRIZZLE
                        GRTST DEPTH:   0           7 = DUSTSTORM OR SANDSTORM:
                                                       VSBY 1/2 MILE OR LESS
                                                   8 = SMOKE OR HAZE
[NO. OF DAYS WITH]      [WEATHER - DAYS WITH]      9 = BLOWING SNOW
                                                   X = TORNADO
MAX 32 OR BELOW:   0    0.01 INCH OR MORE:  10
MAX 90 OR ABOVE:   0    0.10 INCH OR MORE:   6
MIN 32 OR BELOW:   0    0.50 INCH OR MORE:   2
MIN  0 OR BELOW:   0    1.00 INCH OR MORE:   1

[HDD (BASE 65) ]
TOTAL THIS MO.   206    CLEAR  (SCALE 0-3)   6
DPTR FM NORMAL    47    PTCLDY (SCALE 4-7)   9
TOTAL FM JUL 1   839    CLOUDY (SCALE 8-10)  1
DPTR FM NORMAL  -341

[CDD (BASE 65) ]
TOTAL THIS MO.     0
DPTR FM NORMAL     0    [PRESSURE DATA]
TOTAL FM JAN 1     0    HIGHEST SLP M ON M
DPTR FM NORMAL    -6    LOWEST  SLP 29.71 ON M

[REMARKS]
