000
CXUS53 KDDC 161200
CF6P28
PRELIMINARY LOCAL CLIMATOLOGICAL DATA (WS FORM: F-6)

                                          STATION:   MEDICINE LODGE KS
                                          MONTH:     OCTOBER
                                          YEAR:      2018
                                          LATITUDE:   37 17 N
                                          LONGITUDE:  98 35 W

  TEMPERATURE IN F:       :PCPN:    SNOW:  WIND      :SUNSHINE: SKY     :PK WND
================================================================================
1   2   3   4   5  6A  6B    7    8   9   10  11  12  13   14  15   16   17  18
                                     12Z  AVG MX 2MIN
DY MAX MIN AVG DEP HDD CDD  WTR  SNW DPTH SPD SPD DIR MIN PSBL S-S WX    SPD DR
================================================================================

 1  89  58  74   9   0   9 0.00  0.0    0  9.9 20 180   M    M   0        30 180
 2  89  64  77  13   0  12 0.00  0.0    0 12.4 24 180   M    M   0        36 180
 3  93  67  80  16   0  15 0.00    M    M 14.1 26  30   M    M   0        39  40
 4  67  49  58  -6   7   0 0.01    M    M 12.4 29  10   M    M   0        38  10
 5  90  49  70   7   0   5 0.00    M    M  9.9 26 180   M    M   0        40 180
 6  74  47  61  -2   4   0 0.02    M    0 13.1 30 360   M    M   0        44 360
 7  63  48  56  -6   9   0 1.74    M    0  6.7 14 100   M    M   0        22 130
 8  67  60  64   2   1   0 4.87  0.0    0  7.7 22  20   M    M   0        27  20
 9  61  46  54  -8  11   0 1.72    M    0  9.4 20  10   M    M   0        27 360
10  58  41  50 -11  15   0 0.00  0.0    M 10.5 22 340   M    M   0        29 340
11  51  42  47 -14  18   0 0.00  0.0    0  6.2 14  10   M    M   0        20 350
12  61  42  52  -8  13   0 0.04    M    0  5.8 18 350   M    M   0        24 350
13  60  43  52  -8  13   0 0.02    M    0  6.7 14 160   M    M   0        22 140
14  51  32  42 -17  23   0 0.23    T    0 16.2 37 360   M    M   0        51  20
15  49  30  40 -19  25   0 0.00  0.0    0  9.2 20  10   M    M   0        28 350
================================================================================
SM 1023  718       139  41  8.65    T    150.2          M        0
================================================================================
AV 68.2 47.9                              10.0 FASTST   M    M   0    MAX(MPH)
                                 MISC ---->  # 37 360               # 51   20
================================================================================
NOTES:
# LAST OF SEVERAL OCCURRENCES

COLUMN 17 PEAK WIND IN M.P.H.

PRELIMINARY LOCAL CLIMATOLOGICAL DATA (WS FORM: F-6) , PAGE 2

                                          STATION:  MEDICINE LODGE KS
                                          MONTH:    OCTOBER
                                          YEAR:     2018
                                          LATITUDE:   37 17 N
                                          LONGITUDE:  98 35 W

[TEMPERATURE DATA]      [PRECIPITATION DATA]       SYMBOLS USED IN COLUMN 16

AVERAGE MONTHLY: 58.0   TOTAL FOR MONTH:   8.65    1 = FOG OR MIST
DPTR FM NORMAL:  -3.9   DPTR FM NORMAL:    7.22    2 = FOG REDUCING VISIBILITY
HIGHEST:    93 ON  3    GRTST 24HR  4.87 ON  8- 8      TO 1/4 MILE OR LESS
LOWEST:     30 ON 15                               3 = THUNDER
                        SNOW, ICE PELLETS, HAIL    4 = ICE PELLETS
                        TOTAL MONTH:    T          5 = HAIL
                        GRTST 24HR    T  ON 14-14  6 = FREEZING RAIN OR DRIZZLE
                        GRTST DEPTH:   0           7 = DUSTSTORM OR SANDSTORM:
                                                       VSBY 1/2 MILE OR LESS
                                                   8 = SMOKE OR HAZE
[NO. OF DAYS WITH]      [WEATHER - DAYS WITH]      9 = BLOWING SNOW
                                                   X = TORNADO
MAX 32 OR BELOW:   0    0.01 INCH OR MORE:   8
MAX 90 OR ABOVE:   2    0.10 INCH OR MORE:   4
MIN 32 OR BELOW:   2    0.50 INCH OR MORE:   3
MIN  0 OR BELOW:   0    1.00 INCH OR MORE:   3

[HDD (BASE 65) ]
TOTAL THIS MO.   139    CLEAR  (SCALE 0-3)  15
DPTR FM NORMAL    60    PTCLDY (SCALE 4-7)   0
TOTAL FM JUL 1   167    CLOUDY (SCALE 8-10)  0
DPTR FM NORMAL    54

[CDD (BASE 65) ]
TOTAL THIS MO.    41
DPTR FM NORMAL    10    [PRESSURE DATA]
TOTAL FM JAN 1  1998    HIGHEST SLP M ON M
DPTR FM NORMAL   236    LOWEST  SLP 29.62 ON  3

[REMARKS]
