000
CXUS55 KRIW 220945
CF6P60
PRELIMINARY LOCAL CLIMATOLOGICAL DATA (WS FORM: F-6)

                                          STATION:   LAKE YELLOWSTONE WY
                                          MONTH:     JULY
                                          YEAR:      2018
                                          LATITUDE:   44 32 N
                                          LONGITUDE: 110 25 W

  TEMPERATURE IN F:       :PCPN:    SNOW:  WIND      :SUNSHINE: SKY     :PK WND
================================================================================
1   2   3   4   5  6A  6B    7    8   9   10  11  12  13   14  15   16   17  18
                                     12Z  AVG MX 2MIN
DY MAX MIN AVG DEP HDD CDD  WTR  SNW DPTH SPD SPD DIR MIN PSBL S-S WX    SPD DR
================================================================================

 1  62  36  49  -4  16   0 0.00    M    M  5.3 17 270   M    M   0        26 270
 2  65  40  53  -1  12   0 0.00    M    M  5.5 16 260   M    M   0        30 270
 3  66  34  50  -4  15   0 0.00    M    M  4.4 16 270   M    M   0        30 240
 4  73  28  51  -3  14   0 0.00    M    M  2.8 13 280   M    M   0        22 280
 5  79  39  59   5   6   0 0.00    M    M  1.6 10 270   M    M   0        17 270
 6  81  41  61   7   4   0 0.00    M    M  3.1 14 260   M    M   0        25 290
 7  78  40  59   4   6   0 0.00    M    M  2.9 12 250   M    M   0        23 240
 8  80  42  61   6   4   0 0.00    M    M  2.2 13 270   M    M   0        25 270
 9  83  46  65  10   0   0 0.00    M    M  1.6  9 140   M    M   0        14 190
10  78  46  62   7   3   0 0.00    M    M  2.5 13 270   M    M   0        22 300
11  76  41  59   3   6   0 0.00    M    M  3.5 13 270   M    M   0        26 250
12  76  38  57   1   8   0 0.00    M    M  2.1 10 220   M    M   0        16 210
13  78  39  59   3   6   0 0.00    M    M  2.2  9 270   M    M   0        17 260
14  77  39  58   2   7   0 0.00    M    M  1.3  7 320   M    M   0        13 220
15  80  40  60   4   5   0 0.00    M    M  2.9 12 260   M    M   0        18 260
16  75  47  61   5   4   0 0.00    M    M  2.2 20 270   M    M   0        31 260
17  74  42  58   2   7   0 0.41    M    M  3.4 22 300   M    M   0        34 280
18  75  37  56  -1   9   0 0.37    M    M  3.1 18 320   M    M   0        32 320
19  75  39  57   0   8   0 0.00    M    M  2.5 10 200   M    M   0        21 200
20  79  35  57   0   8   0 0.00    M    M  3.0 13 270   M    M   0        19 210
21  73  40  57   0   8   0 0.00    M    M  2.3  8 260   M    M   0        16 290
================================================================================
SM 1583  829       156   0  0.78    M     60.4          M        0
================================================================================
AV 75.4 39.5                               2.9 FASTST   M    M   0    MAX(MPH)
                                 MISC ---->  # 22 300               # 34  280
================================================================================
NOTES:
# LAST OF SEVERAL OCCURRENCES

COLUMN 17 PEAK WIND IN M.P.H.

PRELIMINARY LOCAL CLIMATOLOGICAL DATA (WS FORM: F-6) , PAGE 2

                                          STATION:  LAKE YELLOWSTONE WY
                                          MONTH:    JULY
                                          YEAR:     2018
                                          LATITUDE:   44 32 N
                                          LONGITUDE: 110 25 W

[TEMPERATURE DATA]      [PRECIPITATION DATA]       SYMBOLS USED IN COLUMN 16

AVERAGE MONTHLY: 57.4   TOTAL FOR MONTH:   0.78    1 = FOG OR MIST
DPTR FM NORMAL:   2.0   DPTR FM NORMAL:   -0.19    2 = FOG REDUCING VISIBILITY
HIGHEST:    83 ON  9    GRTST 24HR  0.41 ON 17-17      TO 1/4 MILE OR LESS
LOWEST:     28 ON  4                               3 = THUNDER
                        SNOW, ICE PELLETS, HAIL    4 = ICE PELLETS
                        TOTAL MONTH:    M          5 = HAIL
                        GRTST 24HR    M  ON   M    6 = FREEZING RAIN OR DRIZZLE
                        GRTST DEPTH:  M  ON   M    7 = DUSTSTORM OR SANDSTORM:
                                                       VSBY 1/2 MILE OR LESS
                                                   8 = SMOKE OR HAZE
[NO. OF DAYS WITH]      [WEATHER - DAYS WITH]      9 = BLOWING SNOW
                                                   X = TORNADO
MAX 32 OR BELOW:   0    0.01 INCH OR MORE:   2
MAX 90 OR ABOVE:   0    0.10 INCH OR MORE:   2
MIN 32 OR BELOW:   1    0.50 INCH OR MORE:   0
MIN  0 OR BELOW:   0    1.00 INCH OR MORE:   0

[HDD (BASE 65) ]
TOTAL THIS MO.   156    CLEAR  (SCALE 0-3)  21
DPTR FM NORMAL   -47    PTCLDY (SCALE 4-7)   0
TOTAL FM JUL 1   156    CLOUDY (SCALE 8-10)  0
DPTR FM NORMAL   -47

[CDD (BASE 65) ]
TOTAL THIS MO.     0
DPTR FM NORMAL     0    [PRESSURE DATA]
TOTAL FM JAN 1     0    HIGHEST SLP M ON M
DPTR FM NORMAL     0    LOWEST  SLP 29.83 ON  2

[REMARKS]
