000
CXUS55 KRIW 220945
CF6P60
PRELIMINARY LOCAL CLIMATOLOGICAL DATA (WS FORM: F-6)

                                          STATION:   LAKE YELLOWSTONE WY
                                          MONTH:     OCTOBER
                                          YEAR:      2018
                                          LATITUDE:   44 32 N
                                          LONGITUDE: 110 25 W

  TEMPERATURE IN F:       :PCPN:    SNOW:  WIND      :SUNSHINE: SKY     :PK WND
================================================================================
1   2   3   4   5  6A  6B    7    8   9   10  11  12  13   14  15   16   17  18
                                     12Z  AVG MX 2MIN
DY MAX MIN AVG DEP HDD CDD  WTR  SNW DPTH SPD SPD DIR MIN PSBL S-S WX    SPD DR
================================================================================

 1  56  24  40  -1  25   0 0.00    M    M  2.8 15 280   M    M   0        23 280
 2  59  38  49   8  16   0 0.00    M    M  3.9 17 270   M    M   0        27 280
 3  56  35  46   6  19   0 0.00  0.0    0  6.0 17 260   M    M   0        32 240
 4  44  32  38  -2  27   0 0.66    M    M  2.7 13 280   M    M   0        22 230
 5  35  27  31  -9  34   0 0.08    M    M  3.3 10 270   M    M   0        20 290
 6  36  26  31  -8  34   0 0.03    M    M  0.1  5 170   M    M   0         7 160
 7  42  26  34  -5  31   0 0.00    M    M  2.8  9  10   M    M   0        14  20
 8  42  23  33  -5  32   0 0.00    M    M  1.8  8  90   M    M   0        14 110
 9  37  26  32  -6  33   0 0.01    M    M  2.8 10  90   M    M   0        17  80
10  34  22  28 -10  37   0 0.12    M    M  1.4  7 120   M    M   0        13  90
11  34  17  26 -11  39   0 0.09    M    M  2.5 13 270   M    M   0        19 280
12  41  15  28  -9  37   0 0.00    M    M  1.6  9 210   M    M   0        16 200
13  32  13  23 -14  42   0 0.25    M    M  4.2 14 280   M    M   0        23 300
14  27   1  14 -22  51   0 0.00    M    M  3.1 10 300   M    M   0        17 350
15  36   3  20 -16  45   0 0.00    M    M  1.0  7 100   M    M   0        11  90
16  49  13  31  -5  34   0 0.00    M    M  0.9  5 310   M    M   0         7 110
17  53  20  37   2  28   0 0.00    M    M  1.5  6 130   M    M   0         7 150
18  53  22  38   3  27   0 0.00    M    M  2.9 12 280   M    M   0        16 280
19  54  22  38   3  27   0 0.00    M    M  1.9  7 280   M    M   0        11 310
20  56  23  40   6  25   0 0.00    M    M  1.0  6 110   M    M   0         8 110
21  56  24  40   6  25   0 0.00    M    M  1.5  7 260   M    M   0        11 260
================================================================================
SM  932  452       668   0  1.24     0.0  49.7          M        0
================================================================================
AV 44.4 21.5                               2.4 FASTST   M    M   0    MAX(MPH)
                                 MISC ---->  # 17 270               # 32  240
================================================================================
NOTES:
# LAST OF SEVERAL OCCURRENCES

COLUMN 17 PEAK WIND IN M.P.H.

PRELIMINARY LOCAL CLIMATOLOGICAL DATA (WS FORM: F-6) , PAGE 2

                                          STATION:  LAKE YELLOWSTONE WY
                                          MONTH:    OCTOBER
                                          YEAR:     2018
                                          LATITUDE:   44 32 N
                                          LONGITUDE: 110 25 W

[TEMPERATURE DATA]      [PRECIPITATION DATA]       SYMBOLS USED IN COLUMN 16

AVERAGE MONTHLY: 33.0   TOTAL FOR MONTH:   1.24    1 = FOG OR MIST
DPTR FM NORMAL:  -4.5   DPTR FM NORMAL:    0.39    2 = FOG REDUCING VISIBILITY
HIGHEST:    59 ON  2    GRTST 24HR  0.66 ON  4- 4      TO 1/4 MILE OR LESS
LOWEST:      1 ON 14                               3 = THUNDER
                        SNOW, ICE PELLETS, HAIL    4 = ICE PELLETS
                        TOTAL MONTH:   0.0 INCH    5 = HAIL
                        GRTST 24HR     0.0         6 = FREEZING RAIN OR DRIZZLE
                        GRTST DEPTH:   0           7 = DUSTSTORM OR SANDSTORM:
                                                       VSBY 1/2 MILE OR LESS
                                                   8 = SMOKE OR HAZE
[NO. OF DAYS WITH]      [WEATHER - DAYS WITH]      9 = BLOWING SNOW
                                                   X = TORNADO
MAX 32 OR BELOW:   2    0.01 INCH OR MORE:   7
MAX 90 OR ABOVE:   0    0.10 INCH OR MORE:   3
MIN 32 OR BELOW:  19    0.50 INCH OR MORE:   1
MIN  0 OR BELOW:   0    1.00 INCH OR MORE:   0

[HDD (BASE 65) ]
TOTAL THIS MO.   668    CLEAR  (SCALE 0-3)  21
DPTR FM NORMAL    90    PTCLDY (SCALE 4-7)   0
TOTAL FM JUL 1  1818    CLOUDY (SCALE 8-10)  0
DPTR FM NORMAL   105

[CDD (BASE 65) ]
TOTAL THIS MO.     0
DPTR FM NORMAL     0    [PRESSURE DATA]
TOTAL FM JAN 1     0    HIGHEST SLP M ON M
DPTR FM NORMAL     0    LOWEST  SLP 29.46 ON  3

[REMARKS]
