000
CXUS53 KPAH 180632
CF6PAH
PRELIMINARY LOCAL CLIMATOLOGICAL DATA (WS FORM: F-6)

                                          STATION:   PADUCAH KY
                                          MONTH:     OCTOBER
                                          YEAR:      2018
                                          LATITUDE:   37  4 N
                                          LONGITUDE:  88 46 W

  TEMPERATURE IN F:       :PCPN:    SNOW:  WIND      :SUNSHINE: SKY     :PK WND
================================================================================
1   2   3   4   5  6A  6B    7    8   9   10  11  12  13   14  15   16   17  18
                                     12Z  AVG MX 2MIN
DY MAX MIN AVG DEP HDD CDD  WTR  SNW DPTH SPD SPD DIR MIN PSBL S-S WX    SPD DR
================================================================================

 1  84  59  72   8   0   7 0.00  0.0    0  2.5  8 210   M    M   1 1      12 210
 2  89  68  79  16   0  14 0.00  0.0    0  4.6 13 260   M    M   3 18     17 260
 3  90  71  81  18   0  16 0.00  0.0    0  7.0 17 230   M    M   1 8      27 250
 4  90  72  81  18   0  16 0.00  0.0    0  5.1 15 260   M    M   1        20 260
 5  91  70  81  19   0  16 0.00  0.0    0  4.8 17 270   M    M   1 1      23 260
 6  91  72  82  20   0  17 0.00  0.0    0  6.1 15 250   M    M   1        20 250
 7  91  66  79  17   0  14 0.00  0.0    0  5.0 14 160   M    M   1 1      19 150
 8  89  69  79  18   0  14 0.00  0.0    0  6.9 15 140   M    M   1 1      21 160
 9  88  70  79  18   0  14 0.00  0.0    0 10.0 18 170   M    M   1        28 150
10  83  58  71  10   0   6 0.33  0.0    0  7.4 17 330   M    M   7 1      26 280
11  65  45  55  -5  10   0 0.00  0.0    0  7.1 17 360   M    M   3        24 340
12  59  41  50 -10  15   0 0.06  0.0    0  3.5  9  10   M    M   5 18     12 360
13  53  47  50 -10  15   0 0.26  0.0    0  6.0 13  50   M    M  10 1      17  50
14  62  50  56  -3   9   0 0.68  0.0    0  4.8 10 100   M    M  10 1      16  70
15  59  43  51  -8  14   0 0.14  0.0    0  7.9 20 360   M    M   8 1      26 360
16  51  40  46 -13  19   0 0.00  0.0    0  2.5  9  30   M    M   0 18     13  30
17  69  36  53  -5  12   0 0.00  0.0    0  3.7 14 350   M    M   0 1      20 350
================================================================================
SM 1304  977        94 134  1.47     0.0  94.9          M       54
================================================================================
AV 76.7 57.5                               5.6 FASTST   M    M   3    MAX(MPH)
                                 MISC ---->  # 20 360               # 28  150
================================================================================
NOTES:
# LAST OF SEVERAL OCCURRENCES

COLUMN 17 PEAK WIND IN M.P.H.

PRELIMINARY LOCAL CLIMATOLOGICAL DATA (WS FORM: F-6) , PAGE 2

                                          STATION:  PADUCAH KY
                                          MONTH:    OCTOBER
                                          YEAR:     2018
                                          LATITUDE:   37  4 N
                                          LONGITUDE:  88 46 W

[TEMPERATURE DATA]      [PRECIPITATION DATA]       SYMBOLS USED IN COLUMN 16

AVERAGE MONTHLY: 67.1   TOTAL FOR MONTH:   1.47    1 = FOG OR MIST
DPTR FM NORMAL:   6.1   DPTR FM NORMAL:   -0.74    2 = FOG REDUCING VISIBILITY
HIGHEST:    91 ON  7, 6 GRTST 24HR  0.68 ON 14-14      TO 1/4 MILE OR LESS
LOWEST:     36 ON 17                               3 = THUNDER
                        SNOW, ICE PELLETS, HAIL    4 = ICE PELLETS
                        TOTAL MONTH:   0.0 INCH    5 = HAIL
                        GRTST 24HR     0.0         6 = FREEZING RAIN OR DRIZZLE
                        GRTST DEPTH:   0           7 = DUSTSTORM OR SANDSTORM:
                                                       VSBY 1/2 MILE OR LESS
                                                   8 = SMOKE OR HAZE
[NO. OF DAYS WITH]      [WEATHER - DAYS WITH]      9 = BLOWING SNOW
                                                   X = TORNADO
MAX 32 OR BELOW:   0    0.01 INCH OR MORE:   5
MAX 90 OR ABOVE:   5    0.10 INCH OR MORE:   4
MIN 32 OR BELOW:   0    0.50 INCH OR MORE:   1
MIN  0 OR BELOW:   0    1.00 INCH OR MORE:   0

[HDD (BASE 65) ]
TOTAL THIS MO.    94    CLEAR  (SCALE 0-3)  12
DPTR FM NORMAL    -3    PTCLDY (SCALE 4-7)   3
TOTAL FM JUL 1   102    CLOUDY (SCALE 8-10)  2
DPTR FM NORMAL   -34

[CDD (BASE 65) ]
TOTAL THIS MO.   134
DPTR FM NORMAL   106    [PRESSURE DATA]
TOTAL FM JAN 1  2138    HIGHEST SLP M ON M
DPTR FM NORMAL   610    LOWEST  SLP 29.72 ON 10

[REMARKS]
