000
CXUS51 KBTV 220537
CF6PBG
PRELIMINARY LOCAL CLIMATOLOGICAL DATA (WS FORM: F-6)

                                          STATION:   PLATTSBURGH NY
                                          MONTH:     OCTOBER
                                          YEAR:      2018
                                          LATITUDE:   44 39 N
                                          LONGITUDE:  73 28 W

  TEMPERATURE IN F:       :PCPN:    SNOW:  WIND      :SUNSHINE: SKY     :PK WND
================================================================================
1   2   3   4   5  6A  6B    7    8   9   10  11  12  13   14  15   16   17  18
                                     12Z  AVG MX 2MIN
DY MAX MIN AVG DEP HDD CDD  WTR  SNW DPTH SPD SPD DIR MIN PSBL S-S WX    SPD DR
================================================================================

 1  54  47  51  -2  14   0 0.36    M    0  4.0 13 360   M    M   8 1      14  10
 2  57  49  53   1  12   0 1.05    M    0  5.9 15 150   M    M   9 1      20 170
 3  58  50  54   2  11   0 0.00  0.0    0  5.5 14 340   M    M  10 1      16 330
 4  71  48  60   8   5   0 0.05    M    0  6.9 23 350   M    M   4 1      29 210
 5  52  38  45  -6  20   0 0.00  0.0    0  6.8 16  10   M    M   2        20  30
 6  63  38  51   0  14   0 0.18    M    0  4.6 15 150   M    M   9 1      19 140
 7  60  45  53   3  12   0 0.14    M    0  9.9 16  10   M    M  10 1      22  20
 8  59  45  52   2  13   0 0.00  0.0    0  6.4 16 160   M    M   9        22 170
 9  83  58  71  21   0   6 0.01  0.0    0  7.6 17 140   M    M   2        22 190
10  81  54  68  19   0   3 0.00  0.0    0  6.4 17  40   M    M   5 1      21  40
11   M   M   M   M   M   M 0.48    M    0  3.6  8 150   M    M   9 1       M  M
12  58  40  49   0  16   0 0.01    M    0  4.1 17 310   M    M   8        25 320
13  52  33  43  -5  22   0    T    M    0  3.5 14 310   M    M   7        20 250
14  57  32  45  -3  20   0 0.00  0.0    0  3.1 20 140   M    M   2        24 130
15  57  34  46  -2  19   0 0.04    M    0  6.9 21 260   M    M   6 1      33 260
16  53  38  46  -1  19   0 0.00  0.0    0  6.5 15 270   M    M   5        28 280
17  51  36  44  -3  21   0 0.01    M    0  7.0 21 310   M    M   8        29 280
18  43  30  37  -9  28   0    T    M    0  9.4 22 310   M    M   3        31 300
19  60  39  50   4  15   0 0.00  0.0    0  9.1 22 160   M    M   3        27 130
20  60  43  52   6  13   0    T    M    0  8.2 20 220   M    M   5        33 240
21  43  31  37  -9  28   0    T    M    0  8.8 20 330   M    M   8        27 320
================================================================================
SM 1172  828       302   9  2.33     0.0 134.2          M      132
================================================================================
AV 58.6 41.4                               6.4 FASTST   M    M   6    MAX(MPH)
                                 MISC ---->  # 23 350               # 33  260
================================================================================
NOTES:
# LAST OF SEVERAL OCCURRENCES

COLUMN 17 PEAK WIND IN M.P.H.

PRELIMINARY LOCAL CLIMATOLOGICAL DATA (WS FORM: F-6) , PAGE 2

                                          STATION:  PLATTSBURGH NY
                                          MONTH:    OCTOBER
                                          YEAR:     2018
                                          LATITUDE:   44 39 N
                                          LONGITUDE:  73 28 W

[TEMPERATURE DATA]      [PRECIPITATION DATA]       SYMBOLS USED IN COLUMN 16

AVERAGE MONTHLY: 50.0   TOTAL FOR MONTH:   2.33    1 = FOG OR MIST
DPTR FM NORMAL:   1.0   DPTR FM NORMAL:       M    2 = FOG REDUCING VISIBILITY
HIGHEST:    83 ON  9    GRTST 24HR  1.05 ON  2- 2      TO 1/4 MILE OR LESS
LOWEST:     30 ON 18                               3 = THUNDER
                        SNOW, ICE PELLETS, HAIL    4 = ICE PELLETS
                        TOTAL MONTH:   0.0 INCH    5 = HAIL
                        GRTST 24HR     0.0         6 = FREEZING RAIN OR DRIZZLE
                        GRTST DEPTH:   0           7 = DUSTSTORM OR SANDSTORM:
                                                       VSBY 1/2 MILE OR LESS
                                                   8 = SMOKE OR HAZE
[NO. OF DAYS WITH]      [WEATHER - DAYS WITH]      9 = BLOWING SNOW
                                                   X = TORNADO
MAX 32 OR BELOW:   0    0.01 INCH OR MORE:  10
MAX 90 OR ABOVE:   0    0.10 INCH OR MORE:   5
MIN 32 OR BELOW:   3    0.50 INCH OR MORE:   1
MIN  0 OR BELOW:   0    1.00 INCH OR MORE:   1

[HDD (BASE 65) ]
TOTAL THIS MO.   302    CLEAR  (SCALE 0-3)   5
DPTR FM NORMAL   -32    PTCLDY (SCALE 4-7)   8
TOTAL FM JUL 1   449    CLOUDY (SCALE 8-10)  8
DPTR FM NORMAL  -120

[CDD (BASE 65) ]
TOTAL THIS MO.     9
DPTR FM NORMAL     9    [PRESSURE DATA]
TOTAL FM JAN 1   579    HIGHEST SLP M ON M
DPTR FM NORMAL   234    LOWEST  SLP 29.54 ON M

[REMARKS]
