000
CXUS52 KMFL 261000
CF6PBI
PRELIMINARY LOCAL CLIMATOLOGICAL DATA (WS FORM: F-6)

                                          STATION:   WEST PALM BEACH
                                          MONTH:     SEPTEMBER
                                          YEAR:      2018
                                          LATITUDE:   26 40 N
                                          LONGITUDE:  80  7 W

  TEMPERATURE IN F:       :PCPN:    SNOW:  WIND      :SUNSHINE: SKY     :PK WND
================================================================================
1   2   3   4   5  6A  6B    7    8   9   10  11  12  13   14  15   16   17  18
                                     12Z  AVG MX 2MIN
DY MAX MIN AVG DEP HDD CDD  WTR  SNW DPTH SPD SPD DIR MIN PSBL S-S WX    SPD DR
================================================================================

 1  88  74  81  -1   0  16 0.15  0.0    0 10.6 30 120   M    M   7 13     35 120
 2  86  77  82   0   0  17 0.11  0.0    0 11.5 26 100   M    M   7 13     32 100
 3  82  72  77  -5   0  12 2.10  0.0    0 11.8 32 130   M    M   8 13     42 110
 4  89  75  82   0   0  17 0.05  0.0    0 11.1 22 100   M    M   5 13     29 110
 5  89  79  84   2   0  19    T  0.0    0 10.5 18 100   M    M   5        24  60
 6  89  73  81  -1   0  16 0.17  0.0    0  8.7 18 130   M    M   5 13     22  90
 7  87  74  81  -1   0  16 0.05  0.0    0  7.8 18 120   M    M   6 13     22 120
 8  87  74  81  -1   0  16 0.01  0.0    0  4.6 13 130   M    M   6 3      16 160
 9  89  74  82   0   0  17 0.01  0.0    0  5.8 15 220   M    M   6 3      18 110
10  89  75  82   0   0  17 0.00  0.0    0  4.5 15 130   M    M   6 3      18 350
11  90  77  84   2   0  19 0.00  0.0    0  4.4 13 110   M    M   7        16  90
12  91  78  85   3   0  20 0.00  0.0    0  5.8 13  80   M    M   6        16  90
13  90  77  84   2   0  19 0.02  0.0    0  5.6 20 290   M    M   6 3      24 300
14  89  75  82   0   0  17 0.00  0.0    0  4.7 13 180   M    M   5 3      16 140
15  91  76  84   2   0  19    T  0.0    0  6.0 18 140   M    M   5 3      21 160
16  91  78  85   3   0  20 0.00  0.0    0  8.2 17 120   M    M   5 8      21 110
17  91  78  85   3   0  20 0.00  0.0    0  7.9 15  90   M    M   5        20 110
18  90  79  85   3   0  20    T  0.0    0  7.0 14 140   M    M   4        24 100
19  93  76  85   3   0  20    T  0.0    0  5.7 16 110   M    M   4 3      21 110
20  93  76  85   3   0  20 0.00  0.0    0  7.6 16  70   M    M   4 3      20  80
21  90  75  83   1   0  18 0.01  0.0    0  9.5 22  70   M    M   5 3      26  50
22  89  76  83   1   0  18 0.34  0.0    0  7.0 15  90   M    M   6        21 100
23  90  76  83   2   0  18 0.00  0.0    0  7.4 16  60   M    M   5        19  30
24  90  77  84   3   0  19 0.03  0.0    0  8.2 18 100   M    M   5 1      22 110
25  90  80  85   4   0  20    T  0.0    0  9.3 15 130   M    M   4 3      20 130
================================================================================
SM 2233 1901         0 450  3.05     0.0 191.2          M      137
================================================================================
AV 89.3 76.0                               7.6 FASTST   M    M   5    MAX(MPH)
                                 MISC ---->  # 32 130               # 42  110
================================================================================
NOTES:
# LAST OF SEVERAL OCCURRENCES

COLUMN 17 PEAK WIND IN M.P.H.

PRELIMINARY LOCAL CLIMATOLOGICAL DATA (WS FORM: F-6) , PAGE 2

                                          STATION:  WEST PALM BEACH
                                          MONTH:    SEPTEMBER
                                          YEAR:     2018
                                          LATITUDE:   26 40 N
                                          LONGITUDE:  80  7 W

[TEMPERATURE DATA]      [PRECIPITATION DATA]       SYMBOLS USED IN COLUMN 16

AVERAGE MONTHLY: 82.7   TOTAL FOR MONTH:   3.05    1 = FOG OR MIST
DPTR FM NORMAL:   0.8   DPTR FM NORMAL:   -4.03    2 = FOG REDUCING VISIBILITY
HIGHEST:    93 ON 20,19 GRTST 24HR  2.10 ON  3- 3      TO 1/4 MILE OR LESS
LOWEST:     72 ON  3                               3 = THUNDER
                        SNOW, ICE PELLETS, HAIL    4 = ICE PELLETS
                        TOTAL MONTH:   0.0 INCH    5 = HAIL
                        GRTST 24HR     0.0         6 = FREEZING RAIN OR DRIZZLE
                        GRTST DEPTH:   0           7 = DUSTSTORM OR SANDSTORM:
                                                       VSBY 1/2 MILE OR LESS
                                                   8 = SMOKE OR HAZE
[NO. OF DAYS WITH]      [WEATHER - DAYS WITH]      9 = BLOWING SNOW
                                                   X = TORNADO
MAX 32 OR BELOW:   0    0.01 INCH OR MORE:  12
MAX 90 OR ABOVE:  13    0.10 INCH OR MORE:   5
MIN 32 OR BELOW:   0    0.50 INCH OR MORE:   1
MIN  0 OR BELOW:   0    1.00 INCH OR MORE:   1

[HDD (BASE 65) ]
TOTAL THIS MO.     0    CLEAR  (SCALE 0-3)   0
DPTR FM NORMAL     0    PTCLDY (SCALE 4-7)  24
TOTAL FM JUL 1     0    CLOUDY (SCALE 8-10)  1
DPTR FM NORMAL     0

[CDD (BASE 65) ]
TOTAL THIS MO.   450
DPTR FM NORMAL    29    [PRESSURE DATA]
TOTAL FM JAN 1  3282    HIGHEST SLP M ON M
DPTR FM NORMAL   155    LOWEST  SLP 29.86 ON M

[REMARKS]
