000
CXUS56 KPDT 181832
CF6PDT
PRELIMINARY LOCAL CLIMATOLOGICAL DATA (WS FORM: F-6)

                                          STATION:   PENDLETON OR
                                          MONTH:     JULY
                                          YEAR:      2018
                                          LATITUDE:   45 40 N
                                          LONGITUDE: 118 51 W

  TEMPERATURE IN F:       :PCPN:    SNOW:  WIND      :SUNSHINE: SKY     :PK WND
================================================================================
1   2   3   4   5  6A  6B    7    8   9   10  11  12  13   14  15   16   17  18
                                     12Z  AVG MX 2MIN
DY MAX MIN AVG DEP HDD CDD  WTR  SNW DPTH SPD SPD DIR MIN PSBL S-S WX    SPD DR
================================================================================

 1  84  59  72   3   0   7 0.00  0.0    0 19.9 33 260   M    M   2        40 270
 2  74  52  63  -6   2   0 0.00  0.0    0 18.4 29 260   M    M   1        36 270
 3  77  48  63  -7   2   0 0.00  0.0    0  7.7 16 270   M    M   1        20 270
 4  90  51  71   1   0   6 0.00  0.0    0  7.7 20  30   M    M   0        25  30
 5  95  56  76   6   0  11 0.00  0.0    0  8.1 22 260   M    M   0 8      26 260
 6  96  61  79   8   0  14 0.00  0.0    0  9.9 26 270   M    M   0        32 270
 7  84  58  71   0   0   6 0.00  0.0    0  8.1 15 310   M    M   0        24 260
 8  93  52  73   2   0   8 0.00  0.0    0  6.4 16  20   M    M   0        19  10
 9  94  59  77   6   0  12 0.00  0.0    0 12.5 30 230   M    M   0        38 270
10  83  59  71  -1   0   6 0.00  0.0    0 12.1 29 240   M    M   0 8      35 240
11  87  51  69  -3   0   4 0.00  0.0    0  8.2 17 330   M    M   0        23 310
12  96  55  76   4   0  11 0.00  0.0    0  8.5 17 270   M    M   0        23 330
13 103  61  82  10   0  17 0.00  0.0    0  9.1 22 260   M    M   0        28 260
14  95  63  79   6   0  14 0.00  0.0    0  7.5 15 350   M    M   0        20 360
15  96  57  77   4   0  12 0.00  0.0    0  6.5 13  20   M    M   0        16  30
16  98  63  81   8   0  16 0.00  0.0    0  5.5 12 110   M    M   0        13 160
17 101  65  83  10   0  18 0.00  0.0    0 10.3 21 250   M    M   0 8      27 250
================================================================================
SM 1546  970         4 162  0.00     0.0 166.4          M        4
================================================================================
AV 90.9 57.1                               9.8 FASTST   M    M   0    MAX(MPH)
                                 MISC ---->  # 33 260               # 40  270
================================================================================
NOTES:
# LAST OF SEVERAL OCCURRENCES

COLUMN 17 PEAK WIND IN M.P.H.

PRELIMINARY LOCAL CLIMATOLOGICAL DATA (WS FORM: F-6) , PAGE 2

                                          STATION:  PENDLETON OR
                                          MONTH:    JULY
                                          YEAR:     2018
                                          LATITUDE:   45 40 N
                                          LONGITUDE: 118 51 W

[TEMPERATURE DATA]      [PRECIPITATION DATA]       SYMBOLS USED IN COLUMN 16

AVERAGE MONTHLY: 74.0   TOTAL FOR MONTH:   0.00    1 = FOG OR MIST
DPTR FM NORMAL:   2.7   DPTR FM NORMAL:   -0.20    2 = FOG REDUCING VISIBILITY
HIGHEST:   103 ON 13    GRTST 24HR  0.00 ON 17-17      TO 1/4 MILE OR LESS
LOWEST:     48 ON  3                               3 = THUNDER
                        SNOW, ICE PELLETS, HAIL    4 = ICE PELLETS
                        TOTAL MONTH:   0.0 INCH    5 = HAIL
                        GRTST 24HR     0.0         6 = FREEZING RAIN OR DRIZZLE
                        GRTST DEPTH:   0           7 = DUSTSTORM OR SANDSTORM:
                                                       VSBY 1/2 MILE OR LESS
                                                   8 = SMOKE OR HAZE
[NO. OF DAYS WITH]      [WEATHER - DAYS WITH]      9 = BLOWING SNOW
                                                   X = TORNADO
MAX 32 OR BELOW:   0    0.01 INCH OR MORE:   0
MAX 90 OR ABOVE:  11    0.10 INCH OR MORE:   0
MIN 32 OR BELOW:   0    0.50 INCH OR MORE:   0
MIN  0 OR BELOW:   0    1.00 INCH OR MORE:   0

[HDD (BASE 65) ]
TOTAL THIS MO.     4    CLEAR  (SCALE 0-3)  17
DPTR FM NORMAL    -3    PTCLDY (SCALE 4-7)   0
TOTAL FM JUL 1     4    CLOUDY (SCALE 8-10)  0
DPTR FM NORMAL    -3

[CDD (BASE 65) ]
TOTAL THIS MO.   162
DPTR FM NORMAL    46    [PRESSURE DATA]
TOTAL FM JAN 1   274    HIGHEST SLP 30.11 ON  1
DPTR FM NORMAL    56    LOWEST  SLP 29.78 ON 17

[REMARKS]
