000
CXUS56 KPQR 161200
CF6PDX
PRELIMINARY LOCAL CLIMATOLOGICAL DATA (WS FORM: F-6)

                                          STATION:   PORTLAND OR
                                          MONTH:     OCTOBER
                                          YEAR:      2018
                                          LATITUDE:   45 35 N
                                          LONGITUDE: 122 36 W

  TEMPERATURE IN F:       :PCPN:    SNOW:  WIND      :SUNSHINE: SKY     :PK WND
================================================================================
1   2   3   4   5  6A  6B    7    8   9   10  11  12  13   14  15   16   17  18
                                     12Z  AVG MX 2MIN
DY MAX MIN AVG DEP HDD CDD  WTR  SNW DPTH SPD SPD DIR MIN PSBL S-S WX    SPD DR
================================================================================

 1  74  58  66   6   0   1    T  0.0    0  6.8 17 270   M    M   9        21 260
 2  71  54  63   3   2   0 0.02  0.0    0  7.1 20 310   M    M   7 1      24 300
 3  67  44  56  -3   9   0 0.00  0.0    0  5.6 12 310   M    M   6        14 280
 4  66  47  57  -2   8   0 0.00  0.0    0  3.3 10 320   M    M   6        12 300
 5  53  45  49  -9  16   0 0.47  0.0    0 10.0 18 110   M    M   8 1      22 110
 6  63  47  55  -3  10   0 0.01  0.0    0  5.9 15 300   M    M   7 1      20 310
 7  56  45  51  -7  14   0 0.10  0.0    0  2.5  9 120   M    M   9 1      11 120
 8  61  53  57   0   8   0 0.24  0.0    0  3.2  9 120   M    M  10 1      12 130
 9  65  51  58   1   7   0    T  0.0    0  6.4 17 300   M    M   7        21 310
10  69  47  58   1   7   0 0.00  0.0    0  1.8  7 150   M    M   6 1       8 300
11  70  45  58   2   7   0 0.00  0.0    0  4.3 12 310   M    M   3 12     14 300
12  71  44  58   2   7   0 0.00  0.0    0  5.0 14 310   M    M   1        17 320
13  72  44  58   2   7   0 0.00  0.0    0  4.7 13 350   M    M   1        15 350
14  70  42  56   1   9   0 0.00  0.0    0  8.4 21  80   M    M   0        25  70
15  75  40  58   3   7   0 0.00  0.0    0  4.3 10 120   M    M   1        11 120
================================================================================
SM 1003  706       118   1  0.84     0.0  79.3          M       81
================================================================================
AV 66.9 47.1                               5.3 FASTST   M    M   5    MAX(MPH)
                                 MISC ---->  # 21  80               # 25   70
================================================================================
NOTES:
# LAST OF SEVERAL OCCURRENCES

COLUMN 17 PEAK WIND IN M.P.H.

PRELIMINARY LOCAL CLIMATOLOGICAL DATA (WS FORM: F-6) , PAGE 2

                                          STATION:  PORTLAND OR
                                          MONTH:    OCTOBER
                                          YEAR:     2018
                                          LATITUDE:   45 35 N
                                          LONGITUDE: 122 36 W

[TEMPERATURE DATA]      [PRECIPITATION DATA]       SYMBOLS USED IN COLUMN 16

AVERAGE MONTHLY: 57.0   TOTAL FOR MONTH:   0.84    1 = FOG OR MIST
DPTR FM NORMAL:  -0.4   DPTR FM NORMAL:   -0.25    2 = FOG REDUCING VISIBILITY
HIGHEST:    75 ON 15    GRTST 24HR  0.47 ON  5- 5      TO 1/4 MILE OR LESS
LOWEST:     40 ON 15                               3 = THUNDER
                        SNOW, ICE PELLETS, HAIL    4 = ICE PELLETS
                        TOTAL MONTH:   0.0 INCH    5 = HAIL
                        GRTST 24HR     0.0         6 = FREEZING RAIN OR DRIZZLE
                        GRTST DEPTH:   0           7 = DUSTSTORM OR SANDSTORM:
                                                       VSBY 1/2 MILE OR LESS
                                                   8 = SMOKE OR HAZE
[NO. OF DAYS WITH]      [WEATHER - DAYS WITH]      9 = BLOWING SNOW
                                                   X = TORNADO
MAX 32 OR BELOW:   0    0.01 INCH OR MORE:   5
MAX 90 OR ABOVE:   0    0.10 INCH OR MORE:   3
MIN 32 OR BELOW:   0    0.50 INCH OR MORE:   0
MIN  0 OR BELOW:   0    1.00 INCH OR MORE:   0

[HDD (BASE 65) ]
TOTAL THIS MO.   118    CLEAR  (SCALE 0-3)   4
DPTR FM NORMAL     2    PTCLDY (SCALE 4-7)   7
TOTAL FM JUL 1   187    CLOUDY (SCALE 8-10)  4
DPTR FM NORMAL   -32

[CDD (BASE 65) ]
TOTAL THIS MO.     1
DPTR FM NORMAL     1    [PRESSURE DATA]
TOTAL FM JAN 1   692    HIGHEST SLP M ON M
DPTR FM NORMAL   270    LOWEST  SLP 29.78 ON  2

[REMARKS]
