000
CXUS54 KEWX 170910
CF6PEZ
PRELIMINARY LOCAL CLIMATOLOGICAL DATA (WS FORM: F-6)

                                          STATION:   PLEASANTON MUNICIPAL AIRPORT
                                          MONTH:     NOVEMBER
                                          YEAR:      2018
                                          LATITUDE:   28 57 N
                                          LONGITUDE:  98 31 W

  TEMPERATURE IN F:       :PCPN:    SNOW:  WIND      :SUNSHINE: SKY     :PK WND
================================================================================
1   2   3   4   5  6A  6B    7    8   9   10  11  12  13   14  15   16   17  18
                                     12Z  AVG MX 2MIN
DY MAX MIN AVG DEP HDD CDD  WTR  SNW DPTH SPD SPD DIR MIN PSBL S-S WX    SPD DR
================================================================================

 1  71  48  60   M   5   0 0.00    M    M  6.7 14 340   M    M   2        18 360
 2  74  43  59   M   6   0 0.00    M    M  1.9 12 290   M    M   0         M  M
 3  80  46  63   M   2   0 0.00    M    M  5.6 15 200   M    M   3        25 190
 4  73  62  68   M   0   3 0.00    M    M  5.8 16  60   M    M   7        24  60
 5  83  61  72   M   0   7 0.00    M    M  2.2  9 220   M    M   6 1       M  M
 6  81  60  71   M   0   6 0.00    M    M  1.5  6 140   M    M   6 12      M  M
 7  86  69  78   M   0  13 0.00    M    M  1.5  8 180   M    M   8 1       M  M
 8  72  60  66   M   0   1 0.01    M    M  8.5 12  70   M    M  10 13     18  70
 9  60  50  55   M  10   0 1.67    M    M  9.8 17  50   M    M  10 3      27  40
10  55  47  51   M  14   0 0.00    M    M  7.4 12  60   M    M  10        20  50
11  53  48  51   M  14   0 0.09    M    M  5.1  9  50   M    M  10 1       M  M
12  55  41  48   M  17   0 0.02    M    M  8.9 16  10   M    M  10 1      32  10
13  51  28  40   M  25   0 0.00    M    M 10.5 16 350   M    M   4        27 350
14  58  23  41   M  24   0 0.00    M    M  2.2  8  10   M    M   0         M  M
15  66  30  48   M  17   0 0.00    M    M  1.9  8 220   M    M   0         M  M
16  70  32  51   M  14   0 0.00    M    M  2.3  8 220   M    M   0         M  M
================================================================================
SM 1088  748       148  30  1.79    M     81.8          M       86
================================================================================
AV 68.0 46.8                               5.1 FASTST   M    M   5    MAX(MPH)
                                 MISC ---->  # 17  50               # 32   10
================================================================================
NOTES:
# LAST OF SEVERAL OCCURRENCES

COLUMN 17 PEAK WIND IN M.P.H.

PRELIMINARY LOCAL CLIMATOLOGICAL DATA (WS FORM: F-6) , PAGE 2

                                          STATION:  PLEASANTON MUNICIPAL AIRPORT
                                          MONTH:    NOVEMBER
                                          YEAR:     2018
                                          LATITUDE:   28 57 N
                                          LONGITUDE:  98 31 W

[TEMPERATURE DATA]      [PRECIPITATION DATA]       SYMBOLS USED IN COLUMN 16

AVERAGE MONTHLY: 57.4   TOTAL FOR MONTH:   1.79    1 = FOG OR MIST
DPTR FM NORMAL:     M   DPTR FM NORMAL:       M    2 = FOG REDUCING VISIBILITY
HIGHEST:    86 ON  7    GRTST 24HR  1.67 ON  9- 9      TO 1/4 MILE OR LESS
LOWEST:     23 ON 14                               3 = THUNDER
                        SNOW, ICE PELLETS, HAIL    4 = ICE PELLETS
                        TOTAL MONTH:    M          5 = HAIL
                        GRTST 24HR    M  ON   M    6 = FREEZING RAIN OR DRIZZLE
                        GRTST DEPTH:  M  ON   M    7 = DUSTSTORM OR SANDSTORM:
                                                       VSBY 1/2 MILE OR LESS
                                                   8 = SMOKE OR HAZE
[NO. OF DAYS WITH]      [WEATHER - DAYS WITH]      9 = BLOWING SNOW
                                                   X = TORNADO
MAX 32 OR BELOW:   0    0.01 INCH OR MORE:   4
MAX 90 OR ABOVE:   0    0.10 INCH OR MORE:   1
MIN 32 OR BELOW:   4    0.50 INCH OR MORE:   1
MIN  0 OR BELOW:   0    1.00 INCH OR MORE:   1

[HDD (BASE 65) ]
TOTAL THIS MO.   148    CLEAR  (SCALE 0-3)   6
DPTR FM NORMAL     M    PTCLDY (SCALE 4-7)   4
TOTAL FM JUL 1   206    CLOUDY (SCALE 8-10)  6
DPTR FM NORMAL     M

[CDD (BASE 65) ]
TOTAL THIS MO.    30
DPTR FM NORMAL     M    [PRESSURE DATA]
TOTAL FM JAN 1  3663    HIGHEST SLP M ON M
DPTR FM NORMAL     M    LOWEST  SLP M ON M

[REMARKS]
