000
CXUS56 KFGZ 210900
CF6PGA
PRELIMINARY LOCAL CLIMATOLOGICAL DATA (WS FORM: F-6)

                                          STATION:   PAGE AZ AIRPORT
                                          MONTH:     OCTOBER
                                          YEAR:      2018
                                          LATITUDE:   36 55 N
                                          LONGITUDE: 111 27 W

  TEMPERATURE IN F:       :PCPN:    SNOW:  WIND      :SUNSHINE: SKY     :PK WND
================================================================================
1   2   3   4   5  6A  6B    7    8   9   10  11  12  13   14  15   16   17  18
                                     12Z  AVG MX 2MIN
DY MAX MIN AVG DEP HDD CDD  WTR  SNW DPTH SPD SPD DIR MIN PSBL S-S WX    SPD DR
================================================================================

 1  82  68  75   9   0  10    T  0.0    0  4.7 15 160   M    M   6        19 170
 2  72  62  67   2   0   2 0.50    M    M  4.6 13 180   M    M   9 1      16 190
 3  81  59  70   5   0   5 0.00    M    M  5.1 21 160   M    M   1        27 150
 4  72  54  63  -1   2   0 0.03    M    M  4.6 21 310   M    M   3        31 320
 5  74  55  65   1   0   0 0.00    M    M  3.7 17 310   M    M   2        27 310
 6  66  50  58  -5   7   0 0.47    M    M  5.5 18 290   M    M   7 1      26 310
 7  53  48  51 -12  14   0 0.13    M    M  3.4 10 190   M    M   9 1      16 200
 8  58  49  54  -9  11   0 0.05    M    M  3.5 10  50   M    M   9        13  20
 9  65  46  56  -6   9   0 0.00  0.0    0  4.3 13 180   M    M   3        18 180
10  69  54  62   0   3   0    T  0.0    0  5.5 15 230   M    M   7        24 220
11  61  48  55  -6  10   0 0.25    M    0  3.6 10 350   M    M   9 1      14 310
12  66  51  59  -2   6   0 0.00    M    M  3.0 12  20   M    M   2        16  10
13  72  49  61   1   4   0 0.00    M    M  3.6  9 360   M    M   1        12 360
14  63  49  56  -4   9   0 0.00    M    M  9.2 18  10   M    M   1        23  10
15  55  43  49 -10  16   0 0.00    M    M  8.0 17  40   M    M   0        22  50
16  59  41  50  -9  15   0    T    M    M  7.7 24 150   M    M   8        32 140
17  52  45  49 -10  16   0 0.06    M    M  3.8 10  10   M    M   8 1      16 360
18  59  46  53  -5  12   0 0.09    M    M  1.8  8  80   M    M   5 1      12  10
19  64  43  54  -4  11   0 0.00    M    M  3.2  9  80   M    M   0        12  40
20  69  47  58   1   7   0 0.00    M    M  3.3 14  20   M    M   3        18  30
================================================================================
SM 1312 1007       152  17  1.58     0.0  92.1          M       93
================================================================================
AV 65.6 50.4                               4.6 FASTST   M    M   5    MAX(MPH)
                                 MISC ---->  # 24 150               # 32  140
================================================================================
NOTES:
# LAST OF SEVERAL OCCURRENCES

COLUMN 17 PEAK WIND IN M.P.H.

PRELIMINARY LOCAL CLIMATOLOGICAL DATA (WS FORM: F-6) , PAGE 2

                                          STATION:  PAGE AZ AIRPORT
                                          MONTH:    OCTOBER
                                          YEAR:     2018
                                          LATITUDE:   36 55 N
                                          LONGITUDE: 111 27 W

[TEMPERATURE DATA]      [PRECIPITATION DATA]       SYMBOLS USED IN COLUMN 16

AVERAGE MONTHLY: 58.0   TOTAL FOR MONTH:   1.58    1 = FOG OR MIST
DPTR FM NORMAL:  -3.5   DPTR FM NORMAL:    0.82    2 = FOG REDUCING VISIBILITY
HIGHEST:    82 ON  1    GRTST 24HR  0.50 ON  2- 2      TO 1/4 MILE OR LESS
LOWEST:     41 ON 16                               3 = THUNDER
                        SNOW, ICE PELLETS, HAIL    4 = ICE PELLETS
                        TOTAL MONTH:   0.0 INCH    5 = HAIL
                        GRTST 24HR     0.0         6 = FREEZING RAIN OR DRIZZLE
                        GRTST DEPTH:   0           7 = DUSTSTORM OR SANDSTORM:
                                                       VSBY 1/2 MILE OR LESS
                                                   8 = SMOKE OR HAZE
[NO. OF DAYS WITH]      [WEATHER - DAYS WITH]      9 = BLOWING SNOW
                                                   X = TORNADO
MAX 32 OR BELOW:   0    0.01 INCH OR MORE:   8
MAX 90 OR ABOVE:   0    0.10 INCH OR MORE:   4
MIN 32 OR BELOW:   0    0.50 INCH OR MORE:   1
MIN  0 OR BELOW:   0    1.00 INCH OR MORE:   0

[HDD (BASE 65) ]
TOTAL THIS MO.   152    CLEAR  (SCALE 0-3)   7
DPTR FM NORMAL    58    PTCLDY (SCALE 4-7)   9
TOTAL FM JUL 1   152    CLOUDY (SCALE 8-10)  4
DPTR FM NORMAL    40

[CDD (BASE 65) ]
TOTAL THIS MO.    17
DPTR FM NORMAL    -5    [PRESSURE DATA]
TOTAL FM JAN 1  2611    HIGHEST SLP M ON M
DPTR FM NORMAL   764    LOWEST  SLP 29.59 ON  7

[REMARKS]
