000
CXUS55 KTBW 181000
CF6PGD
PRELIMINARY LOCAL CLIMATOLOGICAL DATA (WS FORM: F-6)

                                          STATION:   Punta Gorda
                                          MONTH:     JULY
                                          YEAR:      2018
                                          LATITUDE:   26 55 N
                                          LONGITUDE:  82  0 W

  TEMPERATURE IN F:       :PCPN:    SNOW:  WIND      :SUNSHINE: SKY     :PK WND
================================================================================
1   2   3   4   5  6A  6B    7    8   9   10  11  12  13   14  15   16   17  18
                                     12Z  AVG MX 2MIN
DY MAX MIN AVG DEP HDD CDD  WTR  SNW DPTH SPD SPD DIR MIN PSBL S-S WX    SPD DR
================================================================================

 1  93  77  85   3   0  20    T  0.0    0  5.1 15 110   M    M   1 3      21 160
 2  95  74  85   3   0  20 0.39  0.0    0  5.0 37 150   M    M   2 38     43 150
 3  96  75  86   3   0  21 0.10  0.0    0  4.5 29  90   M    M   1 3      34  70
 4  94  72  83   0   0  18 1.13  0.0    0  5.9 26  20   M    M   1 13     32  30
 5  93  72  83   0   0  18 1.41  0.0    0  5.7 33 150   M    M   1 13     46 180
 6  93  73  83   0   0  18 0.05  0.0    0  4.0 20 100   M    M   3 13     24 100
 7  94  75  85   2   0  20 0.01  0.0    0  3.0 22 350   M    M   1 3      25 340
 8  95  74  85   2   0  20 0.00  0.0    0  5.0 10  30   M    M   1 8      13 360
 9  95  77  86   3   0  21 0.00  0.0    0  4.1 15  70   M    M   1        18  60
10  92  77  85   2   0  20 0.05  0.0    0  4.8 23 340   M    M   2 3      29 340
11  95  76  86   3   0  21 0.77  0.0    0  4.2 25 120   M    M   3 13     28 130
12  92  75  84   1   0  19 0.01  0.0    0  3.7 18 330   M    M   1 3      22 320
13  92  75  84   1   0  19 1.22  0.0    0  3.5 28 260   M    M   2 3      34 230
14  93  76  85   2   0  20 0.94  0.0    0  4.5 28 290   M    M   3 138    33 290
15  91  73  82  -1   0  17 0.00  0.0    0  2.5  8 270   M    M   2 3       M  M
16  95  75  85   2   0  20 0.07  0.0    0  4.5 16 250   M    M   2 3      20 240
17  93  79  86   3   0  21    T  0.0    0  7.3 16 240   M    M   2 3      21 260
================================================================================
SM 1591 1275         0 333  6.15     0.0  77.3          M       29
================================================================================
AV 93.6 75.0                               4.5 FASTST   M    M   2    MAX(MPH)
                                 MISC ---->  # 37 150               # 46  180
================================================================================
NOTES:
# LAST OF SEVERAL OCCURRENCES

COLUMN 17 PEAK WIND IN M.P.H.

PRELIMINARY LOCAL CLIMATOLOGICAL DATA (WS FORM: F-6) , PAGE 2

                                          STATION:  Punta Gorda
                                          MONTH:    JULY
                                          YEAR:     2018
                                          LATITUDE:   26 55 N
                                          LONGITUDE:  82  0 W

[TEMPERATURE DATA]      [PRECIPITATION DATA]       SYMBOLS USED IN COLUMN 16

AVERAGE MONTHLY: 84.3   TOTAL FOR MONTH:   6.15    1 = FOG OR MIST
DPTR FM NORMAL:   1.4   DPTR FM NORMAL:    1.74    2 = FOG REDUCING VISIBILITY
HIGHEST:    96 ON  3    GRTST 24HR  1.41 ON  5- 5      TO 1/4 MILE OR LESS
LOWEST:     72 ON  5, 4                            3 = THUNDER
                        SNOW, ICE PELLETS, HAIL    4 = ICE PELLETS
                        TOTAL MONTH:   0.0 INCH    5 = HAIL
                        GRTST 24HR     0.0         6 = FREEZING RAIN OR DRIZZLE
                        GRTST DEPTH:   0           7 = DUSTSTORM OR SANDSTORM:
                                                       VSBY 1/2 MILE OR LESS
                                                   8 = SMOKE OR HAZE
[NO. OF DAYS WITH]      [WEATHER - DAYS WITH]      9 = BLOWING SNOW
                                                   X = TORNADO
MAX 32 OR BELOW:   0    0.01 INCH OR MORE:  12
MAX 90 OR ABOVE:  17    0.10 INCH OR MORE:   7
MIN 32 OR BELOW:   0    0.50 INCH OR MORE:   5
MIN  0 OR BELOW:   0    1.00 INCH OR MORE:   3

[HDD (BASE 65) ]
TOTAL THIS MO.     0    CLEAR  (SCALE 0-3)  17
DPTR FM NORMAL     0    PTCLDY (SCALE 4-7)   0
TOTAL FM JUL 1     0    CLOUDY (SCALE 8-10)  0
DPTR FM NORMAL     0

[CDD (BASE 65) ]
TOTAL THIS MO.   333
DPTR FM NORMAL    28    [PRESSURE DATA]
TOTAL FM JAN 1  2010    HIGHEST SLP M ON M
DPTR FM NORMAL   331    LOWEST  SLP 29.96 ON  3

[REMARKS]
