000
CXUS55 KTBW 191000
CF6PGD
PRELIMINARY LOCAL CLIMATOLOGICAL DATA (WS FORM: F-6)

                                          STATION:   Punta Gorda
                                          MONTH:     OCTOBER
                                          YEAR:      2018
                                          LATITUDE:   26 55 N
                                          LONGITUDE:  82  0 W

  TEMPERATURE IN F:       :PCPN:    SNOW:  WIND      :SUNSHINE: SKY     :PK WND
================================================================================
1   2   3   4   5  6A  6B    7    8   9   10  11  12  13   14  15   16   17  18
                                     12Z  AVG MX 2MIN
DY MAX MIN AVG DEP HDD CDD  WTR  SNW DPTH SPD SPD DIR MIN PSBL S-S WX    SPD DR
================================================================================

 1  93  75  84   4   0  19 0.00  0.0    0  9.1 17  80   M    M   2        22  80
 2  93  75  84   4   0  19    T  0.0    0  9.5 23  70   M    M   2        29  70
 3  91  72  82   2   0  17 0.00  0.0    0  8.6 20  90   M    M   1        24  80
 4  93  73  83   3   0  18    T  0.0    0  9.9 21  70   M    M   3        26  70
 5  93  74  84   5   0  19 0.00  0.0    0  7.9 15  60   M    M   2        19  90
 6  93  73  83   4   0  18    T  0.0    0  8.1 18  90   M    M   1        24  80
 7  92  70  81   2   0  16 0.00  0.0    0 10.9 21  90   M    M   1        27  80
 8  87  74  81   2   0  16 0.20  0.0    0 11.7 29 130   M    M   1 18     40 130
 9  92  76  84   6   0  19    T  0.0    0 11.7 22 140   M    M   3        28 130
10  90  78  84   6   0  19 0.28  0.0    0 14.0 28 180   M    M   6 138    34 180
11  82  76  79   1   0  14 2.12  0.0    0  5.9 22 240   M    M   4 1238   28 240
12  89  74  82   4   0  17 0.00  0.0    0  5.1 14 290   M    M   5 128    16 290
13  90  70  80   2   0  15 0.00  0.0    0  4.3 10 350   M    M   1        13 360
14  94  73  84   7   0  19 0.00  0.0    0  6.5 14 100   M    M   2 1      21  60
15  93  75  84   7   0  19    T  0.0    0  7.7 14 100   M    M   2 1      22 120
16  94  75  85   8   0  20 0.00  0.0    0  8.8 17 140   M    M   2        22 120
17  94  74  84   8   0  19 0.00  0.0    0  7.2 15 110   M    M   2        18  80
18  94  73  84   8   0  19 0.00  0.0    0  7.3 15 100   M    M   1 1      18  80
================================================================================
SM 1647 1330         0 322  2.60     0.0 154.2          M       41
================================================================================
AV 91.5 73.9                               8.6 FASTST   M    M   2    MAX(MPH)
                                 MISC ---->  # 29 130               # 40  130
================================================================================
NOTES:
# LAST OF SEVERAL OCCURRENCES

COLUMN 17 PEAK WIND IN M.P.H.

PRELIMINARY LOCAL CLIMATOLOGICAL DATA (WS FORM: F-6) , PAGE 2

                                          STATION:  Punta Gorda
                                          MONTH:    OCTOBER
                                          YEAR:     2018
                                          LATITUDE:   26 55 N
                                          LONGITUDE:  82  0 W

[TEMPERATURE DATA]      [PRECIPITATION DATA]       SYMBOLS USED IN COLUMN 16

AVERAGE MONTHLY: 82.7   TOTAL FOR MONTH:   2.60    1 = FOG OR MIST
DPTR FM NORMAL:   4.4   DPTR FM NORMAL:    0.55    2 = FOG REDUCING VISIBILITY
HIGHEST:    94 ON 18,17 GRTST 24HR  2.12 ON 11-11      TO 1/4 MILE OR LESS
LOWEST:     70 ON 13, 7                            3 = THUNDER
                        SNOW, ICE PELLETS, HAIL    4 = ICE PELLETS
                        TOTAL MONTH:   0.0 INCH    5 = HAIL
                        GRTST 24HR     0.0         6 = FREEZING RAIN OR DRIZZLE
                        GRTST DEPTH:   0           7 = DUSTSTORM OR SANDSTORM:
                                                       VSBY 1/2 MILE OR LESS
                                                   8 = SMOKE OR HAZE
[NO. OF DAYS WITH]      [WEATHER - DAYS WITH]      9 = BLOWING SNOW
                                                   X = TORNADO
MAX 32 OR BELOW:   0    0.01 INCH OR MORE:   3
MAX 90 OR ABOVE:  15    0.10 INCH OR MORE:   3
MIN 32 OR BELOW:   0    0.50 INCH OR MORE:   1
MIN  0 OR BELOW:   0    1.00 INCH OR MORE:   1

[HDD (BASE 65) ]
TOTAL THIS MO.     0    CLEAR  (SCALE 0-3)  14
DPTR FM NORMAL     0    PTCLDY (SCALE 4-7)   4
TOTAL FM JUL 1     0    CLOUDY (SCALE 8-10)  0
DPTR FM NORMAL     0

[CDD (BASE 65) ]
TOTAL THIS MO.   322
DPTR FM NORMAL    81    [PRESSURE DATA]
TOTAL FM JAN 1  3806    HIGHEST SLP M ON M
DPTR FM NORMAL   569    LOWEST  SLP 29.79 ON  9

[REMARKS]
