000
CXUS51 KPBZ 220804
CF6PHD
PRELIMINARY LOCAL CLIMATOLOGICAL DATA (WS FORM: F-6)

                                          STATION:   NEW PHILADELPHIA OH
                                          MONTH:     OCTOBER
                                          YEAR:      2018
                                          LATITUDE:   40 28 N
                                          LONGITUDE:  81 25 W

  TEMPERATURE IN F:       :PCPN:    SNOW:  WIND      :SUNSHINE: SKY     :PK WND
================================================================================
1   2   3   4   5  6A  6B    7    8   9   10  11  12  13   14  15   16   17  18
                                     12Z  AVG MX 2MIN
DY MAX MIN AVG DEP HDD CDD  WTR  SNW DPTH SPD SPD DIR MIN PSBL S-S WX    SPD DR
================================================================================

 1  82  54  68  10   0   3 0.00  0.0    0  3.1  9 190   M    M   0 1      14 190
 2  81  66  74  16   0   9 0.80  0.0    0  4.5 22 300   M    M   6 13     30 300
 3  81  62  72  15   0   7 0.00  0.0    0  4.1 10 180   M    M   7 1      16 200
 4  80  51  66   9   0   1 0.23  0.0    0  6.7 18 350   M    M   6 1      26 350
 5  66  48  57   1   8   0    T    M    0  2.3 10 140   M    M   6 1      13 150
 6  84  62  73  17   0   8    T  0.0    0  4.6 12 190   M    M   5 1      17 160
 7  87  64  76  20   0  11 0.00    M    M  2.1 12 330   M    M   2 18     15 320
 8  88  64  76  21   0  11 0.00    M    M  3.9 12 190   M    M   1 1      17 180
 9  85  64  75  20   0  10 0.00    M    M  4.8 13 190   M    M   0        19 210
10  84  66  75  21   0  10 0.00    M    M  6.1 15 170   M    M   4 18     22 200
11  71  49  60   6   5   0 0.00  0.0    0  6.8 15 300   M    M   7 1      21 310
12  55  45  50  -4  15   0 0.00  0.0    0  5.2 13 320   M    M   8 18     19 220
13  47  39  43 -10  22   0 0.00  0.0    0  5.3 13 280   M    M   8 1      20 310
14  58  38  48  -5  17   0 0.00  0.0    0  3.2  9 140   M    M   6 1      15 130
15  62  44  53   0  12   0 0.00    M    0  6.8 15 300   M    M   8 1      24 280
16  55  32  44  -8  21   0 0.00  0.0    0  3.4  9 220   M    M   0         M  M
17  59  40  50  -2  15   0 0.00  0.0    0  8.5 18 290   M    M   3        26 240
18  52  30  41 -11  24   0 0.00    M    M  3.2 10 300   M    M   0        14 320
19  58  30  44  -8  21   0 0.08    M    M  4.4 22 250   M    M   4 12     34 240
20  61  38  50  -1  15   0 0.16    M    M 10.2 30 330   M    M   8 1      42 290
21  45  31  38 -13  27   0 0.00    M    M  6.0 21 310   M    M   7 1      31 310
================================================================================
SM 1441 1017       202  70  1.27     0.0 105.2          M       96
================================================================================
AV 68.6 48.4                               5.0 FASTST   M    M   5    MAX(MPH)
                                 MISC ---->  # 30 330               # 42  290
================================================================================
NOTES:
# LAST OF SEVERAL OCCURRENCES

COLUMN 17 PEAK WIND IN M.P.H.

PRELIMINARY LOCAL CLIMATOLOGICAL DATA (WS FORM: F-6) , PAGE 2

                                          STATION:  NEW PHILADELPHIA OH
                                          MONTH:    OCTOBER
                                          YEAR:     2018
                                          LATITUDE:   40 28 N
                                          LONGITUDE:  81 25 W

[TEMPERATURE DATA]      [PRECIPITATION DATA]       SYMBOLS USED IN COLUMN 16

AVERAGE MONTHLY: 58.5   TOTAL FOR MONTH:   1.27    1 = FOG OR MIST
DPTR FM NORMAL:   4.3   DPTR FM NORMAL:   -0.59    2 = FOG REDUCING VISIBILITY
HIGHEST:    88 ON  8    GRTST 24HR  0.80 ON  2- 2      TO 1/4 MILE OR LESS
LOWEST:     30 ON 19,18                            3 = THUNDER
                        SNOW, ICE PELLETS, HAIL    4 = ICE PELLETS
                        TOTAL MONTH:   0.0 INCH    5 = HAIL
                        GRTST 24HR     0.0         6 = FREEZING RAIN OR DRIZZLE
                        GRTST DEPTH:   0           7 = DUSTSTORM OR SANDSTORM:
                                                       VSBY 1/2 MILE OR LESS
                                                   8 = SMOKE OR HAZE
[NO. OF DAYS WITH]      [WEATHER - DAYS WITH]      9 = BLOWING SNOW
                                                   X = TORNADO
MAX 32 OR BELOW:   0    0.01 INCH OR MORE:   4
MAX 90 OR ABOVE:   0    0.10 INCH OR MORE:   3
MIN 32 OR BELOW:   4    0.50 INCH OR MORE:   1
MIN  0 OR BELOW:   0    1.00 INCH OR MORE:   0

[HDD (BASE 65) ]
TOTAL THIS MO.   202    CLEAR  (SCALE 0-3)   7
DPTR FM NORMAL   -33    PTCLDY (SCALE 4-7)  14
TOTAL FM JUL 1   245    CLOUDY (SCALE 8-10)  0
DPTR FM NORMAL   -96

[CDD (BASE 65) ]
TOTAL THIS MO.    70
DPTR FM NORMAL    61    [PRESSURE DATA]
TOTAL FM JAN 1  1226    HIGHEST SLP M ON M
DPTR FM NORMAL   529    LOWEST  SLP 29.67 ON 20

[REMARKS]
