000
CXUS51 KAKQ 210702
CF6PHF
PRELIMINARY LOCAL CLIMATOLOGICAL DATA (WS FORM: F-6)

                                          STATION:   NEWPORT NEWS
                                          MONTH:     NOVEMBER
                                          YEAR:      2018
                                          LATITUDE:   37  7 N
                                          LONGITUDE:  76 30 W

  TEMPERATURE IN F:       :PCPN:    SNOW:  WIND      :SUNSHINE: SKY     :PK WND
================================================================================
1   2   3   4   5  6A  6B    7    8   9   10  11  12  13   14  15   16   17  18
                                     12Z  AVG MX 2MIN
DY MAX MIN AVG DEP HDD CDD  WTR  SNW DPTH SPD SPD DIR MIN PSBL S-S WX    SPD DR
================================================================================

 1  76  58  67  10   0   2 0.01  0.0    0 12.7 26 200   M    M   1 1      38 210
 2  73  65  69  12   0   4 0.16  0.0    0 13.5 23 250   M    M   6 1      31 250
 3  65  41  53  -4  12   0 0.15  0.0    0  9.7 24 280   M    M   3 1      30 280
 4  61  41  51  -6  14   0    T    M    0  9.1 16  70   M    M   2        20  70
 5  68  58  63   7   2   0 0.34  0.0    0  9.0 21 100   M    M   9 1      28 100
 6  79  57  68  12   0   3 0.09  0.0    0  7.0 23 310   M    M   8 1      31 300
 7  72  51  62   6   3   0 0.00  0.0    0  3.4  9 200   M    M   1 1      13 180
 8  60  51  56   0   9   0    T  0.0    0  8.4 20  30   M    M   4 1      28  40
 9  64  50  57   2   8   0 0.41  0.0    0  9.6 17  80   M    M   9 1      21  80
10  55  36  46  -9  19   0    T    M    0  9.0 17 320   M    M   5 18     23 330
11  48  32  40 -15  25   0 0.00  0.0    0  4.4 13  80   M    M   0        16  80
12  59  32  46  -8  19   0 0.33  0.0    0  4.3 10  40   M    M   6 1      18 130
13  64  47  56   2   9   0 0.67  0.0    0  8.2 21 260   M    M  10 1      29 150
14  47  41  44 -10  21   0    T    M    0  8.5 16  20   M    M   2        22  20
15  58  41  50  -3  15   0 0.75  0.0    0 14.0 29  80   M    M  10 1      39  80
16  54  38  46  -7  19   0 0.00    M    M 11.4 28 260   M    M   0 1      39 260
17  53  33  43 -10  22   0 0.00    M    M  2.3 12  50   M    M   0 1      17  20
18   M   M   M   M   M   M    M    M    M   M   M   M   M    M   M 1       M  M
19  59  36  48  -4  17   0 0.00  0.0    0  4.2 16 260   M    M   7 12     33 200
20  64  35  50  -2  15   0    T  0.0    0  6.3 14 300   M    M   6 1      19 290
================================================================================
SM 1179  843       229   9  2.91     0.0 155.0          M       89
================================================================================
AV 62.1 44.4                               8.2 FASTST   M    M   5    MAX(MPH)
                                 MISC ---->  # 29  80               # 39  260
================================================================================
NOTES:
# LAST OF SEVERAL OCCURRENCES

COLUMN 17 PEAK WIND IN M.P.H.

PRELIMINARY LOCAL CLIMATOLOGICAL DATA (WS FORM: F-6) , PAGE 2

                                          STATION:  NEWPORT NEWS
                                          MONTH:    NOVEMBER
                                          YEAR:     2018
                                          LATITUDE:   37  7 N
                                          LONGITUDE:  76 30 W

[TEMPERATURE DATA]      [PRECIPITATION DATA]       SYMBOLS USED IN COLUMN 16

AVERAGE MONTHLY: 53.2   TOTAL FOR MONTH:   2.91    1 = FOG OR MIST
DPTR FM NORMAL:  -1.5   DPTR FM NORMAL:    0.81    2 = FOG REDUCING VISIBILITY
HIGHEST:    79 ON  6    GRTST 24HR  0.75 ON 15-15      TO 1/4 MILE OR LESS
LOWEST:     32 ON 12,11                            3 = THUNDER
                        SNOW, ICE PELLETS, HAIL    4 = ICE PELLETS
                        TOTAL MONTH:   0.0 INCH    5 = HAIL
                        GRTST 24HR     0.0         6 = FREEZING RAIN OR DRIZZLE
                        GRTST DEPTH:   0           7 = DUSTSTORM OR SANDSTORM:
                                                       VSBY 1/2 MILE OR LESS
                                                   8 = SMOKE OR HAZE
[NO. OF DAYS WITH]      [WEATHER - DAYS WITH]      9 = BLOWING SNOW
                                                   X = TORNADO
MAX 32 OR BELOW:   0    0.01 INCH OR MORE:   9
MAX 90 OR ABOVE:   0    0.10 INCH OR MORE:   7
MIN 32 OR BELOW:   2    0.50 INCH OR MORE:   2
MIN  0 OR BELOW:   0    1.00 INCH OR MORE:   0

[HDD (BASE 65) ]
TOTAL THIS MO.   229    CLEAR  (SCALE 0-3)   8
DPTR FM NORMAL    15    PTCLDY (SCALE 4-7)   7
TOTAL FM JUL 1   414    CLOUDY (SCALE 8-10)  4
DPTR FM NORMAL    46

[CDD (BASE 65) ]
TOTAL THIS MO.     9
DPTR FM NORMAL     2    [PRESSURE DATA]
TOTAL FM JAN 1  2056    HIGHEST SLP 30.44 ON 15
DPTR FM NORMAL   357    LOWEST  SLP 29.62 ON 15

[REMARKS]
