000
CXUS51 KAKQ 200633
CF6PHF
PRELIMINARY LOCAL CLIMATOLOGICAL DATA (WS FORM: F-6)

                                          STATION:   NEWPORT NEWS
                                          MONTH:     AUGUST
                                          YEAR:      2018
                                          LATITUDE:   37  7 N
                                          LONGITUDE:  76 30 W

  TEMPERATURE IN F:       :PCPN:    SNOW:  WIND      :SUNSHINE: SKY     :PK WND
================================================================================
1   2   3   4   5  6A  6B    7    8   9   10  11  12  13   14  15   16   17  18
                                     12Z  AVG MX 2MIN
DY MAX MIN AVG DEP HDD CDD  WTR  SNW DPTH SPD SPD DIR MIN PSBL S-S WX    SPD DR
================================================================================

 1  89  75  82   3   0  17 0.56  0.0    0 12.0 26 220   M    M   4 123    32 210
 2  88  74  81   2   0  16 0.21  0.0    0  9.0 24 180   M    M   4 138    32 210
 3  86  75  81   2   0  16 0.02  0.0    M 10.7 18 210   M    M   3 3      23 180
 4  89  74  82   3   0  17    T  0.0    0  8.1 17 230   M    M   6        23 220
 5  90  72  81   2   0  16 0.00  0.0    0  2.8 18 340   M    M   1 12     24 340
 6  91  72  82   3   0  17    T  0.0    0  3.6 18 200   M    M   0 1      22 200
 7  92  75  84   5   0  19 0.00  0.0    0  7.7 14 220   M    M   1 3      18 200
 8  93  76  85   6   0  20 0.00  0.0    0  8.9 16 240   M    M   1        21 240
 9  91  74  83   4   0  18 0.00  0.0    0  6.4 14 320   M    M   2        19 250
10  90  71  81   2   0  16    T  0.0    0  2.9 23 170   M    M   2 1      26 160
11  90  71  81   2   0  16 0.19  0.0    0  5.6 18 170   M    M   0 13     24 170
12  87  70  79   0   0  14 0.63  0.0    0  3.9 18 350   M    M   4 13     27 330
13  85  67  76  -2   0  11    T  0.0    0  5.8 26 280   M    M   5 1      35 270
14  86  64  75  -3   0  10 0.00  0.0    0  6.9 16 240   M    M   0        20 230
15  91  72  82   4   0  17 0.00  0.0    0  3.6 13 290   M    M   1        18 290
16  91  69  80   2   0  15 0.00  0.0    0  3.7 12 240   M    M   0 1      14 250
17  93  77  85   7   0  20 0.00  0.0    0  9.4 17 220   M    M   0        28 170
18  90  75  83   5   0  18 0.23  0.0    0 11.5 18 230   M    M   3 13     23 230
19  88  75  82   4   0  17    T  0.0    0  5.8 15 230   M    M   7        17 230
================================================================================
SM 1700 1378         0 310  1.84     0.0 128.3          M       44
================================================================================
AV 89.5 72.5                               6.8 FASTST   M    M   2    MAX(MPH)
                                 MISC ---->  # 26 220               # 35  270
================================================================================
NOTES:
# LAST OF SEVERAL OCCURRENCES

COLUMN 17 PEAK WIND IN M.P.H.

PRELIMINARY LOCAL CLIMATOLOGICAL DATA (WS FORM: F-6) , PAGE 2

                                          STATION:  NEWPORT NEWS
                                          MONTH:    AUGUST
                                          YEAR:     2018
                                          LATITUDE:   37  7 N
                                          LONGITUDE:  76 30 W

[TEMPERATURE DATA]      [PRECIPITATION DATA]       SYMBOLS USED IN COLUMN 16

AVERAGE MONTHLY: 81.0   TOTAL FOR MONTH:   1.84    1 = FOG OR MIST
DPTR FM NORMAL:   2.4   DPTR FM NORMAL:   -1.81    2 = FOG REDUCING VISIBILITY
HIGHEST:    93 ON 17, 8 GRTST 24HR  1.42 ON 31- 1      TO 1/4 MILE OR LESS
LOWEST:     64 ON 14                               3 = THUNDER
                        SNOW, ICE PELLETS, HAIL    4 = ICE PELLETS
                        TOTAL MONTH:   0.0 INCH    5 = HAIL
                        GRTST 24HR     0.0         6 = FREEZING RAIN OR DRIZZLE
                        GRTST DEPTH:   0           7 = DUSTSTORM OR SANDSTORM:
                                                       VSBY 1/2 MILE OR LESS
                                                   8 = SMOKE OR HAZE
[NO. OF DAYS WITH]      [WEATHER - DAYS WITH]      9 = BLOWING SNOW
                                                   X = TORNADO
MAX 32 OR BELOW:   0    0.01 INCH OR MORE:   6
MAX 90 OR ABOVE:  11    0.10 INCH OR MORE:   5
MIN 32 OR BELOW:   0    0.50 INCH OR MORE:   2
MIN  0 OR BELOW:   0    1.00 INCH OR MORE:   0

[HDD (BASE 65) ]
TOTAL THIS MO.     0    CLEAR  (SCALE 0-3)  12
DPTR FM NORMAL     0    PTCLDY (SCALE 4-7)   7
TOTAL FM JUL 1     0    CLOUDY (SCALE 8-10)  0
DPTR FM NORMAL     0

[CDD (BASE 65) ]
TOTAL THIS MO.   310
DPTR FM NORMAL    51    [PRESSURE DATA]
TOTAL FM JAN 1  1372    HIGHEST SLP M ON M
DPTR FM NORMAL   114    LOWEST  SLP 29.82 ON 19

[REMARKS]
