000
CXUS55 KPSR 191005
CF6PHX
PRELIMINARY LOCAL CLIMATOLOGICAL DATA (WS FORM: F-6)

                                          STATION:   PHOENIX AZ
                                          MONTH:     NOVEMBER
                                          YEAR:      2018
                                          LATITUDE:   33 25 N
                                          LONGITUDE: 112  1 W

  TEMPERATURE IN F:       :PCPN:    SNOW:  WIND      :SUNSHINE: SKY     :PK WND
================================================================================
1   2   3   4   5  6A  6B    7    8   9   10  11  12  13   14  15   16   17  18
                                     12Z  AVG MX 2MIN
DY MAX MIN AVG DEP HDD CDD  WTR  SNW DPTH SPD SPD DIR MIN PSBL S-S WX    SPD DR
================================================================================

 1  78  56  67  -3   0   2 0.00  0.0    0  3.4 12  80   M    M   4        13  60
 2  82  56  69  -1   0   4 0.00  0.0    0  4.2  9 220   M    M   1        14 360
 3  82  57  70   1   0   5 0.00  0.0    0  5.0 12  90   M    M   3        13 230
 4  82  59  71   2   0   6 0.00  0.0    0  3.7  9  80   M    M   6        11 120
 5  84  59  72   3   0   7 0.00  0.0    0  5.8 12  90   M    M   2        13  90
 6  84  58  71   3   0   6 0.00  0.0    0  4.7  9  90   M    M   1        13 300
 7  83  59  71   3   0   6 0.00  0.0    0  5.0 10 100   M    M   1        12 100
 8  81  59  70   3   0   5 0.00  0.0    0  5.8 18  30   M    M   1        25  30
 9  78  54  66  -1   0   1 0.00  0.0    0  5.4 16  50   M    M   2        20  20
10  79  55  67   1   0   2 0.00  0.0    0  4.9 15  80   M    M   0        19  70
11  74  52  63  -3   2   0 0.00  0.0    0  8.2 22 290   M    M   3        27 290
12  67  45  56 -10   9   0 0.00  0.0    0 10.3 24  60   M    M   0        31  60
13  68  47  58  -7   7   0 0.00  0.0    0  7.2 18  60   M    M   1        23  50
14  68  51  60  -5   5   0 0.00  0.0    0  8.2 17  80   M    M   6        23  80
15  76  44  60  -4   5   0 0.00  0.0    0  3.5 16  80   M    M   2        20  80
16  77  50  64   0   1   0 0.00  0.0    0  4.6 10 140   M    M   6        13 140
17  75  48  62  -1   3   0 0.00  0.0    0  3.6  9 120   M    M   5        13 270
18  74  51  63   0   2   0 0.00  0.0    0  4.3  8 100   M    M   5        11 230
================================================================================
SM 1392  960        34  44  0.00     0.0  97.8          M       49
================================================================================
AV 77.3 53.3                               5.4 FASTST   M    M   3    MAX(MPH)
                                 MISC ---->  # 24  60               # 31   60
================================================================================
NOTES:
# LAST OF SEVERAL OCCURRENCES

COLUMN 17 PEAK WIND IN M.P.H.

PRELIMINARY LOCAL CLIMATOLOGICAL DATA (WS FORM: F-6) , PAGE 2

                                          STATION:  PHOENIX AZ
                                          MONTH:    NOVEMBER
                                          YEAR:     2018
                                          LATITUDE:   33 25 N
                                          LONGITUDE: 112  1 W

[TEMPERATURE DATA]      [PRECIPITATION DATA]       SYMBOLS USED IN COLUMN 16

AVERAGE MONTHLY: 65.3   TOTAL FOR MONTH:   0.00    1 = FOG OR MIST
DPTR FM NORMAL:  -1.3   DPTR FM NORMAL:   -0.34    2 = FOG REDUCING VISIBILITY
HIGHEST:    84 ON  6, 5 GRTST 24HR  0.00 ON 18-18      TO 1/4 MILE OR LESS
LOWEST:     44 ON 15                               3 = THUNDER
                        SNOW, ICE PELLETS, HAIL    4 = ICE PELLETS
                        TOTAL MONTH:   0.0 INCH    5 = HAIL
                        GRTST 24HR     0.0         6 = FREEZING RAIN OR DRIZZLE
                        GRTST DEPTH:   0           7 = DUSTSTORM OR SANDSTORM:
                                                       VSBY 1/2 MILE OR LESS
                                                   8 = SMOKE OR HAZE
[NO. OF DAYS WITH]      [WEATHER - DAYS WITH]      9 = BLOWING SNOW
                                                   X = TORNADO
MAX 32 OR BELOW:   0    0.01 INCH OR MORE:   0
MAX 90 OR ABOVE:   0    0.10 INCH OR MORE:   0
MIN 32 OR BELOW:   0    0.50 INCH OR MORE:   0
MIN  0 OR BELOW:   0    1.00 INCH OR MORE:   0

[HDD (BASE 65) ]
TOTAL THIS MO.    34    CLEAR  (SCALE 0-3)  11
DPTR FM NORMAL     0    PTCLDY (SCALE 4-7)   7
TOTAL FM JUL 1    35    CLOUDY (SCALE 8-10)  0
DPTR FM NORMAL    -5

[CDD (BASE 65) ]
TOTAL THIS MO.    44
DPTR FM NORMAL   -18    [PRESSURE DATA]
TOTAL FM JAN 1  4942    HIGHEST SLP M ON M
DPTR FM NORMAL   344    LOWEST  SLP 29.77 ON  5

[REMARKS]
