000
CXUS55 KTBW 171000
CF6PIE
PRELIMINARY LOCAL CLIMATOLOGICAL DATA (WS FORM: F-6)

                                          STATION:   St Petersburg Clearwater
                                          MONTH:     OCTOBER
                                          YEAR:      2018
                                          LATITUDE:   27 55 N
                                          LONGITUDE:  82 41 W

  TEMPERATURE IN F:       :PCPN:    SNOW:  WIND      :SUNSHINE: SKY     :PK WND
================================================================================
1   2   3   4   5  6A  6B    7    8   9   10  11  12  13   14  15   16   17  18
                                     12Z  AVG MX 2MIN
DY MAX MIN AVG DEP HDD CDD  WTR  SNW DPTH SPD SPD DIR MIN PSBL S-S WX    SPD DR
================================================================================

 1  91  78  85   M   0  20 0.09  0.0    0  8.2 18 200   M    M   1 3      24 150
 2  92  78  85   M   0  20    T  0.0    0  8.9 24  70   M    M   2 3      33  60
 3  90  76  83   M   0  18    T  0.0    0  9.6 20  60   M    M   1        26  60
 4  90  76  83   M   0  18 0.00  0.0    0  9.7 20  70   M    M   2        24  70
 5  91  77  84   M   0  19    T  0.0    0  7.9 15 110   M    M   2        21 100
 6  91  76  84   M   0  19 0.20  0.0    0  7.0 22  80   M    M   2 1      32  80
 7  89  75  82   M   0  17 0.00  0.0    0 11.0 21  70   M    M   2        30  70
 8  85  77  81   M   0  16 0.02  0.0    0 11.3 18 100   M    M   1        28 100
 9  90  76  83   M   0  18 0.56  0.0    0 14.1 28 150   M    M   4 1      34 150
10  86  78  82   M   0  17 0.56  0.0    0 18.3 30 190   M    M   9 13     39 180
11  89  77  83   M   0  18 0.04  0.0    0  8.1 16 280   M    M   5 1      20 270
12  86  71  79   M   0  14 0.00  0.0    0  6.9 15 320   M    M   1        18 320
13  87  67  77   M   0  12 0.00  0.0    0  6.6 15 100   M    M   0        19 100
14  91  74  83   M   0  18    T  0.0    0  8.5 16 130   M    M   3        27  90
15  92  77  85   M   0  20 0.00  0.0    0  7.1 13 120   M    M   3 1      17 300
16  92  77  85   M   0  20 0.00  0.0    0  7.8 15 120   M    M   2        19  90
================================================================================
SM 1432 1210         0 284  1.47     0.0 151.0          M       40
================================================================================
AV 89.5 75.6                               9.4 FASTST   M    M   3    MAX(MPH)
                                 MISC ---->  # 30 190               # 39  180
================================================================================
NOTES:
# LAST OF SEVERAL OCCURRENCES

COLUMN 17 PEAK WIND IN M.P.H.

PRELIMINARY LOCAL CLIMATOLOGICAL DATA (WS FORM: F-6) , PAGE 2

                                          STATION:  St Petersburg Clearwater
                                          MONTH:    OCTOBER
                                          YEAR:     2018
                                          LATITUDE:   27 55 N
                                          LONGITUDE:  82 41 W

[TEMPERATURE DATA]      [PRECIPITATION DATA]       SYMBOLS USED IN COLUMN 16

AVERAGE MONTHLY: 82.6   TOTAL FOR MONTH:   1.47    1 = FOG OR MIST
DPTR FM NORMAL:     M   DPTR FM NORMAL:       M    2 = FOG REDUCING VISIBILITY
HIGHEST:    92 ON 16,15 GRTST 24HR  0.56 ON 10-10      TO 1/4 MILE OR LESS
LOWEST:     67 ON 13                               3 = THUNDER
                        SNOW, ICE PELLETS, HAIL    4 = ICE PELLETS
                        TOTAL MONTH:   0.0 INCH    5 = HAIL
                        GRTST 24HR     0.0         6 = FREEZING RAIN OR DRIZZLE
                        GRTST DEPTH:   0           7 = DUSTSTORM OR SANDSTORM:
                                                       VSBY 1/2 MILE OR LESS
                                                   8 = SMOKE OR HAZE
[NO. OF DAYS WITH]      [WEATHER - DAYS WITH]      9 = BLOWING SNOW
                                                   X = TORNADO
MAX 32 OR BELOW:   0    0.01 INCH OR MORE:   6
MAX 90 OR ABOVE:  10    0.10 INCH OR MORE:   3
MIN 32 OR BELOW:   0    0.50 INCH OR MORE:   2
MIN  0 OR BELOW:   0    1.00 INCH OR MORE:   0

[HDD (BASE 65) ]
TOTAL THIS MO.     0    CLEAR  (SCALE 0-3)  13
DPTR FM NORMAL     M    PTCLDY (SCALE 4-7)   2
TOTAL FM JUL 1     0    CLOUDY (SCALE 8-10)  1
DPTR FM NORMAL     0

[CDD (BASE 65) ]
TOTAL THIS MO.   284
DPTR FM NORMAL     M    [PRESSURE DATA]
TOTAL FM JAN 1  3608    HIGHEST SLP M ON M
DPTR FM NORMAL   565    LOWEST  SLP 29.79 ON  9

[REMARKS]
