000
CXUS54 KBRO 160900
CF6PIL
PRELIMINARY LOCAL CLIMATOLOGICAL DATA (WS FORM: F-6)

                                          STATION:   BAYVIEW
                                          MONTH:     JULY
                                          YEAR:      2018
                                          LATITUDE:   26 10 N
                                          LONGITUDE:  97 20 W

  TEMPERATURE IN F:       :PCPN:    SNOW:  WIND      :SUNSHINE: SKY     :PK WND
================================================================================
1   2   3   4   5  6A  6B    7    8   9   10  11  12  13   14  15   16   17  18
                                     12Z  AVG MX 2MIN
DY MAX MIN AVG DEP HDD CDD  WTR  SNW DPTH SPD SPD DIR MIN PSBL S-S WX    SPD DR
================================================================================

 1  94  80  87   2   0  22 0.00  0.0    0 14.7 25 150   M    M   2 18     32 150
 2  93  77  85   0   0  20 0.00  0.0    0 12.4 24 130   M    M   2 18     30 150
 3  94  78  86   1   0  21 0.00  0.0    0 13.0 25 150   M    M   2 18     32 140
 4  92  79  86   1   0  21 0.83  0.0    0 12.4 23 130   M    M   2 138    29 170
 5  89  80  85   0   0  20 0.00  0.0    0 10.5 17  80   M    M   1 18     22 110
 6  87  73  80  -5   0  15 2.49  0.0    0  4.5 28 230   M    M   4 138    39 250
 7  88  76  82  -3   0  17 0.92  0.0    0  3.7 24 190   M    M   4 138    29 180
 8  88  76  82  -3   0  17 0.04  0.0    0  7.9 24 160   M    M   1 13     29 160
 9  90  79  85   0   0  20 0.00  0.0    0 10.0 20 100   M    M   1 18     24 100
10  89  78  84  -1   0  19 0.00  0.0    0  9.4 18 110   M    M   1 18     23 110
11  90  76  83  -2   0  18 0.00  0.0    0 10.4 21 110   M    M   1 18     28 150
12  91  76  84  -1   0  19 0.00  0.0    0 11.5 21 100   M    M   0        25 100
13  93  79  86   1   0  21 0.00  0.0    0 11.6 22 100   M    M   1 8      28 140
14  93  79  86   1   0  21 0.00  0.0    0 14.4 25 130   M    M   2        31 150
15  94  81  88   3   0  23 0.00  0.0    0 16.1 25 160   M    M   1 18     31 150
================================================================================
SM 1365 1167         0 294  4.28     0.0 162.5          M       25
================================================================================
AV 91.0 77.8                              10.8 FASTST   M    M   2    MAX(MPH)
                                 MISC ---->  # 28 230               # 39  250
================================================================================
NOTES:
# LAST OF SEVERAL OCCURRENCES

COLUMN 17 PEAK WIND IN M.P.H.

PRELIMINARY LOCAL CLIMATOLOGICAL DATA (WS FORM: F-6) , PAGE 2

                                          STATION:  BAYVIEW
                                          MONTH:    JULY
                                          YEAR:     2018
                                          LATITUDE:   26 10 N
                                          LONGITUDE:  97 20 W

[TEMPERATURE DATA]      [PRECIPITATION DATA]       SYMBOLS USED IN COLUMN 16

AVERAGE MONTHLY: 84.4   TOTAL FOR MONTH:   4.28    1 = FOG OR MIST
DPTR FM NORMAL:  -0.6   DPTR FM NORMAL:    2.78    2 = FOG REDUCING VISIBILITY
HIGHEST:    94 ON 15, 3 GRTST 24HR  2.49 ON  6- 6      TO 1/4 MILE OR LESS
LOWEST:     73 ON  6                               3 = THUNDER
                        SNOW, ICE PELLETS, HAIL    4 = ICE PELLETS
                        TOTAL MONTH:   0.0 INCH    5 = HAIL
                        GRTST 24HR     0.0         6 = FREEZING RAIN OR DRIZZLE
                        GRTST DEPTH:   0           7 = DUSTSTORM OR SANDSTORM:
                                                       VSBY 1/2 MILE OR LESS
                                                   8 = SMOKE OR HAZE
[NO. OF DAYS WITH]      [WEATHER - DAYS WITH]      9 = BLOWING SNOW
                                                   X = TORNADO
MAX 32 OR BELOW:   0    0.01 INCH OR MORE:   4
MAX 90 OR ABOVE:  10    0.10 INCH OR MORE:   3
MIN 32 OR BELOW:   0    0.50 INCH OR MORE:   3
MIN  0 OR BELOW:   0    1.00 INCH OR MORE:   1

[HDD (BASE 65) ]
TOTAL THIS MO.     0    CLEAR  (SCALE 0-3)  13
DPTR FM NORMAL     0    PTCLDY (SCALE 4-7)   2
TOTAL FM JUL 1     0    CLOUDY (SCALE 8-10)  0
DPTR FM NORMAL     0

[CDD (BASE 65) ]
TOTAL THIS MO.   294
DPTR FM NORMAL    -6    [PRESSURE DATA]
TOTAL FM JAN 1  2236    HIGHEST SLP M ON M
DPTR FM NORMAL   304    LOWEST  SLP 29.87 ON  3

[REMARKS]
