000
CXUS51 KPBZ 180804
CF6PIT
PRELIMINARY LOCAL CLIMATOLOGICAL DATA (WS FORM: F-6)

                                          STATION:   PITTSBURGH PA
                                          MONTH:     JULY
                                          YEAR:      2018
                                          LATITUDE:   40 30 N
                                          LONGITUDE:  80 13 W

  TEMPERATURE IN F:       :PCPN:    SNOW:  WIND      :SUNSHINE: SKY     :PK WND
================================================================================
1   2   3   4   5  6A  6B    7    8   9   10  11  12  13   14  15   16   17  18
                                     12Z  AVG MX 2MIN
DY MAX MIN AVG DEP HDD CDD  WTR  SNW DPTH SPD SPD DIR MIN PSBL S-S WX    SPD DR
================================================================================

 1  92  68  80   8   0  15 0.00  0.0    0  4.3 12 160   M    M   3 1      15 160
 2  90  71  81   9   0  16 1.36  0.0    0  5.4 35 300   M    M   7 13     45 300
 3  89  69  79   7   0  14 0.00  0.0    0  3.3 13 130   M    M   6 1      15 130
 4  93  71  82  10   0  17 0.00  0.0    0  3.2 13 270   M    M   5 138    18 260
 5  85  70  78   6   0  13 0.31  0.0    0  5.1 16 200   M    M  10 138    19 200
 6  80  64  72   0   0   7 0.02  0.0    0 10.6 20 340   M    M   7 1      31 320
 7  78  57  68  -5   0   3 0.00  0.0    0  7.0 18  90   M    M   1        24 100
 8  83  55  69  -4   0   4 0.00  0.0    0  3.6 10 120   M    M   4        13  80
 9  84  58  71  -2   0   6 0.00  0.0    0  3.5 13 270   M    M   2        19 290
10  87  67  77   4   0  12 0.02  0.0    0  6.5 16 360   M    M   4 3      25 300
11  82  62  72  -1   0   7 0.00  0.0    0  8.4 15  10   M    M   3        23 330
12  82  59  71  -2   0   6 0.00  0.0    0  5.1 12 100   M    M   4        14  40
13  86  60  73   0   0   8 0.00  0.0    0  3.8 12 220   M    M   3        18 180
14  88  66  77   4   0  12 0.00  0.0    0  4.4 12 250   M    M   4        15 230
15  90  71  81   8   0  16 0.32  0.0    0  4.2 20 130   M    M   7 13     24 120
16  89  68  79   6   0  14    T  0.0    0  4.9 17 220   M    M   5 3      22 230
17  85  65  75   2   0  10    T  0.0    0 10.2 24 340   M    M   7        32 340
================================================================================
SM 1463 1101         0 180  2.03     0.0  93.5          M       82
================================================================================
AV 86.1 64.8                               5.5 FASTST   M    M   5    MAX(MPH)
                                 MISC ---->  # 35 300               # 45  300
================================================================================
NOTES:
# LAST OF SEVERAL OCCURRENCES

COLUMN 17 PEAK WIND IN M.P.H.

PRELIMINARY LOCAL CLIMATOLOGICAL DATA (WS FORM: F-6) , PAGE 2

                                          STATION:  PITTSBURGH PA
                                          MONTH:    JULY
                                          YEAR:     2018
                                          LATITUDE:   40 30 N
                                          LONGITUDE:  80 13 W

[TEMPERATURE DATA]      [PRECIPITATION DATA]       SYMBOLS USED IN COLUMN 16

AVERAGE MONTHLY: 75.4   TOTAL FOR MONTH:   2.03    1 = FOG OR MIST
DPTR FM NORMAL:   2.8   DPTR FM NORMAL:   -0.13    2 = FOG REDUCING VISIBILITY
HIGHEST:    93 ON  4    GRTST 24HR  1.36 ON  2- 2      TO 1/4 MILE OR LESS
LOWEST:     55 ON  8                               3 = THUNDER
                        SNOW, ICE PELLETS, HAIL    4 = ICE PELLETS
                        TOTAL MONTH:   0.0 INCH    5 = HAIL
                        GRTST 24HR     0.0         6 = FREEZING RAIN OR DRIZZLE
                        GRTST DEPTH:   0           7 = DUSTSTORM OR SANDSTORM:
                                                       VSBY 1/2 MILE OR LESS
                                                   8 = SMOKE OR HAZE
[NO. OF DAYS WITH]      [WEATHER - DAYS WITH]      9 = BLOWING SNOW
                                                   X = TORNADO
MAX 32 OR BELOW:   0    0.01 INCH OR MORE:   5
MAX 90 OR ABOVE:   4    0.10 INCH OR MORE:   3
MIN 32 OR BELOW:   0    0.50 INCH OR MORE:   1
MIN  0 OR BELOW:   0    1.00 INCH OR MORE:   1

[HDD (BASE 65) ]
TOTAL THIS MO.     0    CLEAR  (SCALE 0-3)   5
DPTR FM NORMAL     0    PTCLDY (SCALE 4-7)  11
TOTAL FM JUL 1     0    CLOUDY (SCALE 8-10)  1
DPTR FM NORMAL     0

[CDD (BASE 65) ]
TOTAL THIS MO.   180
DPTR FM NORMAL    47    [PRESSURE DATA]
TOTAL FM JAN 1   545    HIGHEST SLP M ON M
DPTR FM NORMAL   210    LOWEST  SLP 29.87 ON 17

[REMARKS]
