000
CXUS55 KLOX 201655
CF6PMD
PRELIMINARY LOCAL CLIMATOLOGICAL DATA (WS FORM: F-6)

                                          STATION:   PALMDALE AIRPORT CA
                                          MONTH:     MAY
                                          YEAR:      2018
                                          LATITUDE:   34 37 N
                                          LONGITUDE: 118  5 W

  TEMPERATURE IN F:       :PCPN:    SNOW:  WIND      :SUNSHINE: SKY     :PK WND
================================================================================
1   2   3   4   5  6A  6B    7    8   9   10  11  12  13   14  15   16   17  18
                                     12Z  AVG MX 2MIN
DY MAX MIN AVG DEP HDD CDD  WTR  SNW DPTH SPD SPD DIR MIN PSBL S-S WX    SPD DR
================================================================================

 1  62  48  55  -8  10   0 0.00  0.0    0 18.7 32 220   M    M   2        38 230
 2  71  48  60  -3   5   0    T    M    0 18.4 29 240   M    M   3        35 240
 3  81  47  64   0   1   0 0.00  0.0    0  7.3 17  60   M    M   0        20  40
 4  88  52  70   6   0   5 0.00  0.0    0  6.6 18 240   M    M   0        32 290
 5  91  53  72   8   0   7 0.00  0.0    0  7.3 24 260   M    M   0        29 260
 6  91  60  76  11   0  11 0.00  0.0    0 11.2 26 250   M    M   0        31 260
 7  90  53  72   7   0   7 0.00  0.0    0  8.0 18 260   M    M   0        23 270
 8  94  52  73   8   0   8 0.00  0.0    0  8.0 23 290   M    M   0        27 300
 9  99  59  79  13   0  14 0.00  0.0    0 11.5 25 250   M    M   0        31 230
10  86  60  73   7   0   8 0.00  0.0    0 14.3 32 280   M    M   0        41 280
11  69  56  63  -3   2   0 0.00  0.0    0 23.0 38 220   M    M   0        44 230
12  70  52  61  -6   4   0 0.00  0.0    0 20.5 32 230   M    M   0        37 220
13  71  51  61  -6   4   0 0.00  0.0    0 17.4 25 230   M    M   0        37 220
14  77  51  64  -3   1   0 0.00  0.0    0 13.3 28 220   M    M   0        33 220
15  78  54  66  -2   0   1 0.00  0.0    0 13.4 31 240   M    M   0 8      35 230
16  79  49  64  -4   1   0 0.00  0.0    0 11.5 25 270   M    M   0 8      30 270
17  78  50  64  -4   1   0 0.00  0.0    0 13.9 26 250   M    M   0        32 240
18  83  55  69   1   0   4 0.00  0.0    0 10.8 22 240   M    M   0        26 240
19  83  57  70   1   0   5 0.00  0.0    0 13.2 26 260   M    M   0        33 260
================================================================================
SM 1541 1007        29  70    T      0.0 248.4          M        5
================================================================================
AV 81.1 53.0                              13.1 FASTST   M    M   0    MAX(MPH)
                                 MISC ---->  # 38 220               # 44  230
================================================================================
NOTES:
# LAST OF SEVERAL OCCURRENCES

COLUMN 17 PEAK WIND IN M.P.H.

PRELIMINARY LOCAL CLIMATOLOGICAL DATA (WS FORM: F-6) , PAGE 2

                                          STATION:  PALMDALE AIRPORT CA
                                          MONTH:    MAY
                                          YEAR:     2018
                                          LATITUDE:   34 37 N
                                          LONGITUDE: 118  5 W

[TEMPERATURE DATA]      [PRECIPITATION DATA]       SYMBOLS USED IN COLUMN 16

AVERAGE MONTHLY: 67.1   TOTAL FOR MONTH:      T    1 = FOG OR MIST
DPTR FM NORMAL:   1.1   DPTR FM NORMAL:   -0.20    2 = FOG REDUCING VISIBILITY
HIGHEST:    99 ON  9    GRTST 24HR    T  ON  2- 2      TO 1/4 MILE OR LESS
LOWEST:     47 ON  3                               3 = THUNDER
                        SNOW, ICE PELLETS, HAIL    4 = ICE PELLETS
                        TOTAL MONTH:   0.0 INCH    5 = HAIL
                        GRTST 24HR     0.0         6 = FREEZING RAIN OR DRIZZLE
                        GRTST DEPTH:   0           7 = DUSTSTORM OR SANDSTORM:
                                                       VSBY 1/2 MILE OR LESS
                                                   8 = SMOKE OR HAZE
[NO. OF DAYS WITH]      [WEATHER - DAYS WITH]      9 = BLOWING SNOW
                                                   X = TORNADO
MAX 32 OR BELOW:   0    0.01 INCH OR MORE:   0
MAX 90 OR ABOVE:   5    0.10 INCH OR MORE:   0
MIN 32 OR BELOW:   0    0.50 INCH OR MORE:   0
MIN  0 OR BELOW:   0    1.00 INCH OR MORE:   0

[HDD (BASE 65) ]
TOTAL THIS MO.    29    CLEAR  (SCALE 0-3)  19
DPTR FM NORMAL   -23    PTCLDY (SCALE 4-7)   0
TOTAL FM JUL 1  2158    CLOUDY (SCALE 8-10)  0
DPTR FM NORMAL  -744

[CDD (BASE 65) ]
TOTAL THIS MO.    70
DPTR FM NORMAL     3    [PRESSURE DATA]
TOTAL FM JAN 1   127    HIGHEST SLP M ON M
DPTR FM NORMAL    37    LOWEST  SLP 29.76 ON 10

[REMARKS]
