000
CXUS55 KLOX 161655
CF6PMD
PRELIMINARY LOCAL CLIMATOLOGICAL DATA (WS FORM: F-6)

                                          STATION:   PALMDALE AIRPORT CA
                                          MONTH:     NOVEMBER
                                          YEAR:      2018
                                          LATITUDE:   34 37 N
                                          LONGITUDE: 118  5 W

  TEMPERATURE IN F:       :PCPN:    SNOW:  WIND      :SUNSHINE: SKY     :PK WND
================================================================================
1   2   3   4   5  6A  6B    7    8   9   10  11  12  13   14  15   16   17  18
                                     12Z  AVG MX 2MIN
DY MAX MIN AVG DEP HDD CDD  WTR  SNW DPTH SPD SPD DIR MIN PSBL S-S WX    SPD DR
================================================================================

 1  77  40  59   2   6   0 0.00  0.0    0  5.5 18  70   M    M   0        24  70
 2  84  45  65   8   0   0 0.00  0.0    0  6.4 17 290   M    M   0        20 290
 3  83  47  65   9   0   0 0.00  0.0    0  5.0 14  30   M    M   0        17  40
 4  85  48  67  11   0   2 0.00  0.0    0 10.0 30 280   M    M   0        37 280
 5  84  55  70  14   0   5 0.00  0.0    0 10.4 31 290   M    M   0        38 270
 6  79  45  62   7   3   0 0.00  0.0    0  4.7 10 200   M    M   0        14  10
 7  84  44  64   9   1   0 0.00  0.0    0 11.7 30 290   M    M   0        37 290
 8  70  43  57   3   8   0 0.00  0.0    0 13.7 30  70   M    M   0        35  70
 9  67  34  51  -3  14   0 0.00  0.0    0 12.3 23 220   M    M   0        29 210
10  68  30  49  -5  16   0 0.00  0.0    0  3.8  M   M   M    M   0 8       M  M
11  65  30  48  -5  17   0 0.00  0.0    0 10.2 25  60   M    M   0        30  70
12  63  27  45  -8  20   0 0.00  0.0    0  8.5 25  80   M    M   0        32  70
13  63  30  47  -5  18   0 0.00  0.0    0  8.2 24  70   M    M   0 8      30  60
14  69  34  52   0  13   0 0.00  0.0    0  7.4 23  60   M    M   0        28  50
15  72  32  52   0  13   0 0.00  0.0    0  4.0 10 360   M    M   0        12  10
================================================================================
SM 1113  584       129   7  0.00     0.0 121.8          M        0
================================================================================
AV 74.2 38.9                               8.1 FASTST   M    M   0    MAX(MPH)
                                 MISC ---->  # 31 290               # 38  270
================================================================================
NOTES:
# LAST OF SEVERAL OCCURRENCES

COLUMN 17 PEAK WIND IN M.P.H.

PRELIMINARY LOCAL CLIMATOLOGICAL DATA (WS FORM: F-6) , PAGE 2

                                          STATION:  PALMDALE AIRPORT CA
                                          MONTH:    NOVEMBER
                                          YEAR:     2018
                                          LATITUDE:   34 37 N
                                          LONGITUDE: 118  5 W

[TEMPERATURE DATA]      [PRECIPITATION DATA]       SYMBOLS USED IN COLUMN 16

AVERAGE MONTHLY: 56.6   TOTAL FOR MONTH:   0.00    1 = FOG OR MIST
DPTR FM NORMAL:   2.2   DPTR FM NORMAL:   -0.40    2 = FOG REDUCING VISIBILITY
HIGHEST:    85 ON  4    GRTST 24HR  0.00 ON 15-15      TO 1/4 MILE OR LESS
LOWEST:     27 ON 12                               3 = THUNDER
                        SNOW, ICE PELLETS, HAIL    4 = ICE PELLETS
                        TOTAL MONTH:   0.0 INCH    5 = HAIL
                        GRTST 24HR     0.0         6 = FREEZING RAIN OR DRIZZLE
                        GRTST DEPTH:   0           7 = DUSTSTORM OR SANDSTORM:
                                                       VSBY 1/2 MILE OR LESS
                                                   8 = SMOKE OR HAZE
[NO. OF DAYS WITH]      [WEATHER - DAYS WITH]      9 = BLOWING SNOW
                                                   X = TORNADO
MAX 32 OR BELOW:   0    0.01 INCH OR MORE:   0
MAX 90 OR ABOVE:   0    0.10 INCH OR MORE:   0
MIN 32 OR BELOW:   5    0.50 INCH OR MORE:   0
MIN  0 OR BELOW:   0    1.00 INCH OR MORE:   0

[HDD (BASE 65) ]
TOTAL THIS MO.   129    CLEAR  (SCALE 0-3)  15
DPTR FM NORMAL   -28    PTCLDY (SCALE 4-7)   0
TOTAL FM JUL 1   190    CLOUDY (SCALE 8-10)  0
DPTR FM NORMAL   -94

[CDD (BASE 65) ]
TOTAL THIS MO.     7
DPTR FM NORMAL     7    [PRESSURE DATA]
TOTAL FM JAN 1  2316    HIGHEST SLP M ON M
DPTR FM NORMAL   502    LOWEST  SLP 29.78 ON  5

[REMARKS]
