000
CXUS52 KMFL 241000
CF6PMP
PRELIMINARY LOCAL CLIMATOLOGICAL DATA (WS FORM: F-6)

                                          STATION:   POMPANO BEACH ARPK
                                          MONTH:     MAY
                                          YEAR:      2018
                                          LATITUDE:   26 14 N
                                          LONGITUDE:  80  7 W

  TEMPERATURE IN F:       :PCPN:    SNOW:  WIND      :SUNSHINE: SKY     :PK WND
================================================================================
1   2   3   4   5  6A  6B    7    8   9   10  11  12  13   14  15   16   17  18
                                     12Z  AVG MX 2MIN
DY MAX MIN AVG DEP HDD CDD  WTR  SNW DPTH SPD SPD DIR MIN PSBL S-S WX    SPD DR
================================================================================

 1  83  74  79   3   0  14    T  0.0    0 14.2 21  50   M    M   3 8      25  90
 2  83  75  79   3   0  14    T  0.0    0 15.5 21  70   M    M   6        27  40
 3  84  75  80   3   0  15    T  0.0    0 16.7 22  50   M    M   7 1      28  60
 4  83  73  78   1   0  13 0.20  0.0    0 16.4 26  70   M    M   6 18     33  80
 5  83  73  78   1   0  13 0.08  0.0    0 11.7 23  60   M    M   2 1      29  70
 6  85  74  80   3   0  15 0.39  0.0    0  8.4 23 150   M    M   4 1      28 140
 7  85  72  79   2   0  14    T  0.0    0  5.3 14 120   M    M   4 18     16 110
 8  84  75  80   3   0  15 0.00  0.0    0 11.7 18  40   M    M   1 8      27  30
 9  85  72  79   2   0  14 0.00  0.0    0 11.5 15  40   M    M   2         M  M
10  84  73  79   1   0  14 0.00  0.0    0  9.0 15  30   M    M   3 8      20  70
11  84  74  79   1   0  14 0.00  0.0    0  8.7 15  50   M    M   3        21  60
12  81  76  79   1   0  14    T  0.0    0  9.9 18  80   M    M   7        22  60
13  81  73  77  -1   0  12 2.54  0.0    0  7.3 16  40   M    M   8 13     20  40
14  82  71  77  -1   0  12 1.31  0.0    0 10.4 26 120   M    M   5 138    35 150
15  86  71  79   1   0  14 2.01  0.0    0  8.0 20 150   M    M   4 13     24 160
16  86  73  80   2   0  15    T  0.0    0  9.5 24 140   M    M   2 38     30 140
17   M   M   M   M   M   M 1.05    M    0  6.9 12 290   M    M   6 1238    M  M
18  99  73  86   7   0  21 0.00  0.0    0  9.7 17 140   M    M   4 8      25 140
19   M   M   M   M   M   M 0.00  0.0    0 10.4 22 110   M    M   7 18     35 110
20  81  73  77  -2   0  12 0.15  0.0    0 14.8 30 150   M    M   8 138    41 150
21  83  75  79   0   0  14 0.00  0.0    0 15.4 23 130   M    M   7 18     30 140
22  82  78  80   1   0  15 0.00  0.0    0 14.2 22 130   M    M   5        27 130
23  86  78  82   3   0  17 0.00  0.0    0 10.5 16 120   M    M   2        20 120
================================================================================
SM 1770 1551         0 301  7.73     0.0 256.1          M      106
================================================================================
AV 84.3 73.9                              11.1 FASTST   M    M   5    MAX(MPH)
                                 MISC ---->  # 30 150               # 41  150
================================================================================
NOTES:
# LAST OF SEVERAL OCCURRENCES

COLUMN 17 PEAK WIND IN M.P.H.

PRELIMINARY LOCAL CLIMATOLOGICAL DATA (WS FORM: F-6) , PAGE 2

                                          STATION:  POMPANO BEACH ARPK
                                          MONTH:    MAY
                                          YEAR:     2018
                                          LATITUDE:   26 14 N
                                          LONGITUDE:  80  7 W

[TEMPERATURE DATA]      [PRECIPITATION DATA]       SYMBOLS USED IN COLUMN 16

AVERAGE MONTHLY: 79.1   TOTAL FOR MONTH:   7.73    1 = FOG OR MIST
DPTR FM NORMAL:   1.2   DPTR FM NORMAL:    4.67    2 = FOG REDUCING VISIBILITY
HIGHEST:    99 ON 18    GRTST 24HR  2.54 ON 13-13      TO 1/4 MILE OR LESS
LOWEST:     71 ON 15,14                            3 = THUNDER
                        SNOW, ICE PELLETS, HAIL    4 = ICE PELLETS
                        TOTAL MONTH:   0.0 INCH    5 = HAIL
                        GRTST 24HR     0.0         6 = FREEZING RAIN OR DRIZZLE
                        GRTST DEPTH:   0           7 = DUSTSTORM OR SANDSTORM:
                                                       VSBY 1/2 MILE OR LESS
                                                   8 = SMOKE OR HAZE
[NO. OF DAYS WITH]      [WEATHER - DAYS WITH]      9 = BLOWING SNOW
                                                   X = TORNADO
MAX 32 OR BELOW:   0    0.01 INCH OR MORE:   8
MAX 90 OR ABOVE:   1    0.10 INCH OR MORE:   7
MIN 32 OR BELOW:   0    0.50 INCH OR MORE:   4
MIN  0 OR BELOW:   0    1.00 INCH OR MORE:   4

[HDD (BASE 65) ]
TOTAL THIS MO.     0    CLEAR  (SCALE 0-3)   7
DPTR FM NORMAL     0    PTCLDY (SCALE 4-7)  15
TOTAL FM JUL 1   131    CLOUDY (SCALE 8-10)  1
DPTR FM NORMAL   -43

[CDD (BASE 65) ]
TOTAL THIS MO.   301
DPTR FM NORMAL     5    [PRESSURE DATA]
TOTAL FM JAN 1  1286    HIGHEST SLP M ON M
DPTR FM NORMAL   214    LOWEST  SLP 29.88 ON  5

[REMARKS]
