000
CXUS52 KMFL 181000
CF6PMP
PRELIMINARY LOCAL CLIMATOLOGICAL DATA (WS FORM: F-6)

                                          STATION:   POMPANO BEACH ARPK
                                          MONTH:     AUGUST
                                          YEAR:      2018
                                          LATITUDE:   26 14 N
                                          LONGITUDE:  80  7 W

  TEMPERATURE IN F:       :PCPN:    SNOW:  WIND      :SUNSHINE: SKY     :PK WND
================================================================================
1   2   3   4   5  6A  6B    7    8   9   10  11  12  13   14  15   16   17  18
                                     12Z  AVG MX 2MIN
DY MAX MIN AVG DEP HDD CDD  WTR  SNW DPTH SPD SPD DIR MIN PSBL S-S WX    SPD DR
================================================================================

 1  91  80  86   2   0  21 0.30  0.0    0 11.5 24 130   M    M   3 138    32 150
 2  90  80  85   1   0  20 0.11  0.0    0 10.2 20 100   M    M   3        28 100
 3  91  82  87   3   0  22    T  0.0    0 12.4 17 100   M    M   2        22 100
 4  91  82  87   3   0  22    T  0.0    0 11.4 17 100   M    M   3        23 110
 5  90  80  85   1   0  20 0.11  0.0    0 10.6 21 130   M    M   3 3      26 100
 6  91  82  87   3   0  22 0.00  0.0    0 11.4 20  50   M    M   3        24  50
 7  91  82  87   3   0  22    T  0.0    0 10.1 16 120   M    M   3        21 120
 8  91  83  87   3   0  22 0.00  0.0    0  7.3 15 140   M    M   1        20 120
 9  92  77  85   2   0  20    T  0.0    0  6.0 20 360   M    M   2 3      26 360
10  92  75  84   1   0  19 0.06  0.0    0  5.9 30 350   M    M   2 13     39 350
11  90  76  83   0   0  18    T  0.0    0  5.9 17 230   M    M   2 3      21 220
12  91  76  84   1   0  19 0.00  0.0    0  6.1 24 220   M    M   1 3      32 220
13  90  75  83   0   0  18 0.23  0.0    0  5.8 26 240   M    M   2 3      39 230
14  90  78  84   1   0  19 0.04  0.0    0  6.7 16  90   M    M   2 3      22  90
15  92  83  88   5   0  23 0.00  0.0    0 10.0 18 100   M    M   1        24 110
16  92  82  87   4   0  22 0.03  0.0    0 10.4 17 130   M    M   1        21 110
17  87  84  86   3   0  21 0.00  0.0    0 11.4 15 100   M    M   2         M  M
================================================================================
SM 1542 1357         0 350  0.88     0.0 153.1          M       36
================================================================================
AV 90.7 79.8                               9.0 FASTST   M    M   2    MAX(MPH)
                                 MISC ---->  # 30 350               # 39  350
================================================================================
NOTES:
# LAST OF SEVERAL OCCURRENCES

COLUMN 17 PEAK WIND IN M.P.H.

PRELIMINARY LOCAL CLIMATOLOGICAL DATA (WS FORM: F-6) , PAGE 2

                                          STATION:  POMPANO BEACH ARPK
                                          MONTH:    AUGUST
                                          YEAR:     2018
                                          LATITUDE:   26 14 N
                                          LONGITUDE:  80  7 W

[TEMPERATURE DATA]      [PRECIPITATION DATA]       SYMBOLS USED IN COLUMN 16

AVERAGE MONTHLY: 85.3   TOTAL FOR MONTH:   0.88    1 = FOG OR MIST
DPTR FM NORMAL:   1.8   DPTR FM NORMAL:   -2.66    2 = FOG REDUCING VISIBILITY
HIGHEST:    92 ON 16,15 GRTST 24HR  0.30 ON  1- 1      TO 1/4 MILE OR LESS
LOWEST:     75 ON 13,10                            3 = THUNDER
                        SNOW, ICE PELLETS, HAIL    4 = ICE PELLETS
                        TOTAL MONTH:   0.0 INCH    5 = HAIL
                        GRTST 24HR     0.0         6 = FREEZING RAIN OR DRIZZLE
                        GRTST DEPTH:   0           7 = DUSTSTORM OR SANDSTORM:
                                                       VSBY 1/2 MILE OR LESS
                                                   8 = SMOKE OR HAZE
[NO. OF DAYS WITH]      [WEATHER - DAYS WITH]      9 = BLOWING SNOW
                                                   X = TORNADO
MAX 32 OR BELOW:   0    0.01 INCH OR MORE:   7
MAX 90 OR ABOVE:  16    0.10 INCH OR MORE:   4
MIN 32 OR BELOW:   0    0.50 INCH OR MORE:   0
MIN  0 OR BELOW:   0    1.00 INCH OR MORE:   0

[HDD (BASE 65) ]
TOTAL THIS MO.     0    CLEAR  (SCALE 0-3)  14
DPTR FM NORMAL     0    PTCLDY (SCALE 4-7)   3
TOTAL FM JUL 1     0    CLOUDY (SCALE 8-10)  0
DPTR FM NORMAL     0

[CDD (BASE 65) ]
TOTAL THIS MO.   350
DPTR FM NORMAL    44    [PRESSURE DATA]
TOTAL FM JAN 1  2933    HIGHEST SLP M ON M
DPTR FM NORMAL   388    LOWEST  SLP 30.00 ON 10

[REMARKS]
