000
CXUS54 KOUN 210700
CF6PNC
PRELIMINARY LOCAL CLIMATOLOGICAL DATA (WS FORM: F-6)

                                          STATION:   PONCA CITY
                                          MONTH:     OCTOBER
                                          YEAR:      2018
                                          LATITUDE:   36 44 N
                                          LONGITUDE:  97  6 W

  TEMPERATURE IN F:       :PCPN:    SNOW:  WIND      :SUNSHINE: SKY     :PK WND
================================================================================
1   2   3   4   5  6A  6B    7    8   9   10  11  12  13   14  15   16   17  18
                                     12Z  AVG MX 2MIN
DY MAX MIN AVG DEP HDD CDD  WTR  SNW DPTH SPD SPD DIR MIN PSBL S-S WX    SPD DR
================================================================================

 1  88  69  79  14   0  14 0.00  0.0    0  9.3 15 210   M    M   4        23 160
 2  89  70  80  15   0  15 0.00  0.0    0  8.4 15 170   M    M   3        26 200
 3  92  73  83  18   0  18 0.00  0.0    0 11.9 26 210   M    M   2        40 210
 4  79  59  69   5   0   4 2.76  0.0    0  9.9 23  60   M    M  10 13     29  60
 5  89  60  75  11   0  10 0.01  0.0    0  8.3 20 170   M    M   5 12     29 200
 6  76  55  66   2   0   1 0.46  0.0    0  9.8 18 170   M    M   8 13     28 160
 7  68  55  62  -1   3   0 1.73  0.0    0  5.8 15  80   M    M   9 123    18  80
 8  81  64  73  10   0   8 1.75  0.0    0 10.5 24 160   M    M   8 13     29 160
 9  72  55  64   2   1   0 0.78  0.0    0  8.2 21 150   M    M   9 1      26 160
10  60  46  53  -9  12   0 0.00  0.0    0  7.3 15 330   M    M   6        22 310
11  61  44  53  -9  12   0 0.00  0.0    0  7.2 14 360   M    M   7        17 360
12  60  44  52  -9  13   0 0.13  0.0    0  4.9 15 330   M    M   8 1      24 290
13  55  42  49 -12  16   0 0.00  0.0    0  5.6 15 140   M    M   6 1      20 130
14  57  36  47 -14  18   0 0.18  0.0    0 13.8 29 350   M    M  10 1      38  10
15  50  33  42 -18  23   0 0.00  0.0    0  9.4 22 360   M    M   4 1      27 360
16  64  32  48 -12  17   0 0.00  0.0    0  2.2  9 320   M    M   0 8      13 350
17  73  37  55  -5  10   0 0.00  0.0    0  4.1 15  40   M    M   0 18     20  40
18  68  43  56  -3   9   0 0.16    M    0  4.6 14 150   M    M   5 1      18 130
19  64  47  56  -3   9   0 0.09    M    0  4.6 14 210   M    M   7 12     19 210
20  74  42  58  -1   7   0 0.00  0.0    0  5.1 17  10   M    M   1 12     23  10
================================================================================
SM 1420 1006       150  70  8.05     0.0 150.9          M      112
================================================================================
AV 71.0 50.3                               7.5 FASTST   M    M   6    MAX(MPH)
                                 MISC ---->  # 29 350               # 40  210
================================================================================
NOTES:
# LAST OF SEVERAL OCCURRENCES

COLUMN 17 PEAK WIND IN M.P.H.

PRELIMINARY LOCAL CLIMATOLOGICAL DATA (WS FORM: F-6) , PAGE 2

                                          STATION:  PONCA CITY
                                          MONTH:    OCTOBER
                                          YEAR:     2018
                                          LATITUDE:   36 44 N
                                          LONGITUDE:  97  6 W

[TEMPERATURE DATA]      [PRECIPITATION DATA]       SYMBOLS USED IN COLUMN 16

AVERAGE MONTHLY: 60.7   TOTAL FOR MONTH:   8.05    1 = FOG OR MIST
DPTR FM NORMAL:  -1.3   DPTR FM NORMAL:    5.67    2 = FOG REDUCING VISIBILITY
HIGHEST:    92 ON  3    GRTST 24HR  2.76 ON  4- 4      TO 1/4 MILE OR LESS
LOWEST:     32 ON 16                               3 = THUNDER
                        SNOW, ICE PELLETS, HAIL    4 = ICE PELLETS
                        TOTAL MONTH:   0.0 INCH    5 = HAIL
                        GRTST 24HR     0.0         6 = FREEZING RAIN OR DRIZZLE
                        GRTST DEPTH:   0           7 = DUSTSTORM OR SANDSTORM:
                                                       VSBY 1/2 MILE OR LESS
                                                   8 = SMOKE OR HAZE
[NO. OF DAYS WITH]      [WEATHER - DAYS WITH]      9 = BLOWING SNOW
                                                   X = TORNADO
MAX 32 OR BELOW:   0    0.01 INCH OR MORE:  10
MAX 90 OR ABOVE:   1    0.10 INCH OR MORE:   8
MIN 32 OR BELOW:   1    0.50 INCH OR MORE:   4
MIN  0 OR BELOW:   0    1.00 INCH OR MORE:   3

[HDD (BASE 65) ]
TOTAL THIS MO.   150    CLEAR  (SCALE 0-3)   5
DPTR FM NORMAL    47    PTCLDY (SCALE 4-7)  11
TOTAL FM JUL 1   164    CLOUDY (SCALE 8-10)  4
DPTR FM NORMAL    28

[CDD (BASE 65) ]
TOTAL THIS MO.    70
DPTR FM NORMAL    30    [PRESSURE DATA]
TOTAL FM JAN 1  2244    HIGHEST SLP M ON M
DPTR FM NORMAL   406    LOWEST  SLP 29.61 ON  9

[REMARKS]
