000
CXUS55 KPAH 190631
CF6POF
PRELIMINARY LOCAL CLIMATOLOGICAL DATA (WS FORM: F-6)

                                          STATION:   POPLAR BLUFF MO
                                          MONTH:     OCTOBER
                                          YEAR:      2018
                                          LATITUDE:   36 46 N
                                          LONGITUDE:  90 19 W

  TEMPERATURE IN F:       :PCPN:    SNOW:  WIND      :SUNSHINE: SKY     :PK WND
================================================================================
1   2   3   4   5  6A  6B    7    8   9   10  11  12  13   14  15   16   17  18
                                     12Z  AVG MX 2MIN
DY MAX MIN AVG DEP HDD CDD  WTR  SNW DPTH SPD SPD DIR MIN PSBL S-S WX    SPD DR
================================================================================

 1  85  60  73   9   0   8 0.00    M    M  3.2 13 200   M    M   3        21 210
 2  89  66  78  14   0  13 0.00    M    M  3.2 10 240   M    M   2 12     16 280
 3  89  65  77  14   0  12 0.00    M    M  8.2 22 210   M    M   1 12     32 220
 4  91  68  80  17   0  15 0.00    M    M  4.6 10 280   M    M   2 18     17 200
 5  92  65  79  17   0  14 0.00    M    M  6.1 16 240   M    M   1 18     23 220
 6  90  67  79  17   0  14 0.00    M    M  5.8 16 190   M    M   0 1      24 180
 7  90  65  78  16   0  13 0.00    M    M  4.7 17 180   M    M   1 13     23 170
 8  90  63  77  15   0  12 0.00    M    M  5.6 16 180   M    M   1 1      24 190
 9  87  70  79  18   0  14 0.00    M    M  9.8 22 160   M    M   4        30 150
10  80  54  67   6   0   2 0.35    M    M  8.9 23 320   M    M   5 1      31 320
11  66  45  56  -4   9   0 0.00    M    M  6.7 17 350   M    M   1        24 350
12  57  42  50 -10  15   0 0.18    M    M  3.2 10  50   M    M   6 1      15  30
13  52  47  50 -10  15   0 0.59    M    M  5.4 10  80   M    M  10 1      16  80
14  59  50  55  -5  10   0 0.33    M    M  5.2 10  60   M    M  10 1      15  20
15  57  43  50  -9  15   0 0.30    M    M  7.8 18 350   M    M   6 1      28 350
16  51  41  46 -13  19   0 0.00    M    M  2.8  9  20   M    M   0        12  10
17  71  37  54  -4  11   0 0.00    M    M  4.0 15 360   M    M   0 18     20 360
18  64  41  53  -5  12   0 0.00    M    M  4.5 12  50   M    M   0 1      16  20
================================================================================
SM 1360  989       106 117  1.75    M     99.7          M       53
================================================================================
AV 75.6 54.9                               5.5 FASTST   M    M   3    MAX(MPH)
                                 MISC ---->  # 23 320               # 32  220
================================================================================
NOTES:
# LAST OF SEVERAL OCCURRENCES

COLUMN 17 PEAK WIND IN M.P.H.

PRELIMINARY LOCAL CLIMATOLOGICAL DATA (WS FORM: F-6) , PAGE 2

                                          STATION:  POPLAR BLUFF MO
                                          MONTH:    OCTOBER
                                          YEAR:     2018
                                          LATITUDE:   36 46 N
                                          LONGITUDE:  90 19 W

[TEMPERATURE DATA]      [PRECIPITATION DATA]       SYMBOLS USED IN COLUMN 16

AVERAGE MONTHLY: 65.3   TOTAL FOR MONTH:   1.75    1 = FOG OR MIST
DPTR FM NORMAL:   4.2   DPTR FM NORMAL:   -0.65    2 = FOG REDUCING VISIBILITY
HIGHEST:    92 ON  5    GRTST 24HR  0.59 ON 13-13      TO 1/4 MILE OR LESS
LOWEST:     37 ON 17                               3 = THUNDER
                        SNOW, ICE PELLETS, HAIL    4 = ICE PELLETS
                        TOTAL MONTH:    M          5 = HAIL
                        GRTST 24HR    M  ON   M    6 = FREEZING RAIN OR DRIZZLE
                        GRTST DEPTH:  M  ON   M    7 = DUSTSTORM OR SANDSTORM:
                                                       VSBY 1/2 MILE OR LESS
                                                   8 = SMOKE OR HAZE
[NO. OF DAYS WITH]      [WEATHER - DAYS WITH]      9 = BLOWING SNOW
                                                   X = TORNADO
MAX 32 OR BELOW:   0    0.01 INCH OR MORE:   5
MAX 90 OR ABOVE:   5    0.10 INCH OR MORE:   5
MIN 32 OR BELOW:   0    0.50 INCH OR MORE:   1
MIN  0 OR BELOW:   0    1.00 INCH OR MORE:   0

[HDD (BASE 65) ]
TOTAL THIS MO.   106    CLEAR  (SCALE 0-3)  12
DPTR FM NORMAL     7    PTCLDY (SCALE 4-7)   4
TOTAL FM JUL 1   113    CLOUDY (SCALE 8-10)  2
DPTR FM NORMAL   -15

[CDD (BASE 65) ]
TOTAL THIS MO.   117
DPTR FM NORMAL    89    [PRESSURE DATA]
TOTAL FM JAN 1  2062    HIGHEST SLP M ON M
DPTR FM NORMAL   507    LOWEST  SLP 29.72 ON 10

[REMARKS]
