000
CXUS56 KFGZ 180900
CF6PRC
PRELIMINARY LOCAL CLIMATOLOGICAL DATA (WS FORM: F-6)

                                          STATION:   PRESCOTT AZ AIRPORT
                                          MONTH:     JULY
                                          YEAR:      2018
                                          LATITUDE:   34 39 N
                                          LONGITUDE: 112 26 W

  TEMPERATURE IN F:       :PCPN:    SNOW:  WIND      :SUNSHINE: SKY     :PK WND
================================================================================
1   2   3   4   5  6A  6B    7    8   9   10  11  12  13   14  15   16   17  18
                                     12Z  AVG MX 2MIN
DY MAX MIN AVG DEP HDD CDD  WTR  SNW DPTH SPD SPD DIR MIN PSBL S-S WX    SPD DR
================================================================================

 1  92  59  76   1   0  11 0.00    M    M  6.7 18 260   M    M   0        25 230
 2  94  62  78   3   0  13 0.00    M    M  7.2 23 230   M    M   0        28 230
 3  89  60  75   0   0  10 0.00  0.0    0 11.2 24 210   M    M   0        35 200
 4  90  60  75   0   0  10 0.00  0.0    0  8.5 20 240   M    M   1        24 240
 5  99  63  81   6   0  16 0.00  0.0    0  5.9 21 210   M    M   0        28 190
 6  95  68  82   7   0  17 0.05    M    M  6.1 18 130   M    M   1 38     24 120
 7  94  65  80   4   0  15 0.23    M    M  6.8 30  20   M    M   2 3      42  10
 8  93  65  79   3   0  14 0.13    M    M  7.0 31 140   M    M   3 3      40 140
 9  87  64  76   0   0  11 0.08    M    M  7.3 26 130   M    M   4 13     35 140
10  83  61  72  -4   0   7 0.14    M    M  5.6 20  40   M    M   3 3      24  40
11  85  63  74  -2   0   9 0.02    M    M  5.8 20 120   M    M   6 3      27  90
12  81  64  73  -3   0   8 0.53    M    M  4.3 28 250   M    M   6 13     34 250
13  84  62  73  -3   0   8 0.14  0.0    0  5.6 20  20   M    M   3 13     24 240
14  84  64  74  -2   0   9 0.18  0.0    0  4.1 37 240   M    M   5 13     46 240
15  85  63  74  -2   0   9 1.67  0.0    0  4.9 21 100   M    M   6 123    27 110
16  89  65  77   1   0  12 0.42  0.0    0  5.6 37 140   M    M   5 13     44 140
17  90  66  78   2   0  13    T    M    M  4.2 17 300   M    M   3 3      23 310
================================================================================
SM 1514 1074         0 192  3.59     0.0 106.8          M       48
================================================================================
AV 89.1 63.2                               6.3 FASTST   M    M   3    MAX(MPH)
                                 MISC ---->  # 37 240               # 46  240
================================================================================
NOTES:
# LAST OF SEVERAL OCCURRENCES

COLUMN 17 PEAK WIND IN M.P.H.

PRELIMINARY LOCAL CLIMATOLOGICAL DATA (WS FORM: F-6) , PAGE 2

                                          STATION:  PRESCOTT AZ AIRPORT
                                          MONTH:    JULY
                                          YEAR:     2018
                                          LATITUDE:   34 39 N
                                          LONGITUDE: 112 26 W

[TEMPERATURE DATA]      [PRECIPITATION DATA]       SYMBOLS USED IN COLUMN 16

AVERAGE MONTHLY: 76.1   TOTAL FOR MONTH:   3.59    1 = FOG OR MIST
DPTR FM NORMAL:   0.5   DPTR FM NORMAL:    2.68    2 = FOG REDUCING VISIBILITY
HIGHEST:    99 ON  5    GRTST 24HR  1.67 ON 15-15      TO 1/4 MILE OR LESS
LOWEST:     59 ON  1                               3 = THUNDER
                        SNOW, ICE PELLETS, HAIL    4 = ICE PELLETS
                        TOTAL MONTH:   0.0 INCH    5 = HAIL
                        GRTST 24HR     0.0         6 = FREEZING RAIN OR DRIZZLE
                        GRTST DEPTH:   0           7 = DUSTSTORM OR SANDSTORM:
                                                       VSBY 1/2 MILE OR LESS
                                                   8 = SMOKE OR HAZE
[NO. OF DAYS WITH]      [WEATHER - DAYS WITH]      9 = BLOWING SNOW
                                                   X = TORNADO
MAX 32 OR BELOW:   0    0.01 INCH OR MORE:  11
MAX 90 OR ABOVE:   8    0.10 INCH OR MORE:   8
MIN 32 OR BELOW:   0    0.50 INCH OR MORE:   2
MIN  0 OR BELOW:   0    1.00 INCH OR MORE:   1

[HDD (BASE 65) ]
TOTAL THIS MO.     0    CLEAR  (SCALE 0-3)  10
DPTR FM NORMAL     0    PTCLDY (SCALE 4-7)   7
TOTAL FM JUL 1     0    CLOUDY (SCALE 8-10)  0
DPTR FM NORMAL     0

[CDD (BASE 65) ]
TOTAL THIS MO.   192
DPTR FM NORMAL    12    [PRESSURE DATA]
TOTAL FM JAN 1   527    HIGHEST SLP M ON M
DPTR FM NORMAL   119    LOWEST  SLP 29.84 ON  2

[REMARKS]
