000
CXUS54 KMAF 201100
CF6PRS
PRELIMINARY LOCAL CLIMATOLOGICAL DATA (WS FORM: F-6)

                                          STATION:   Presidio Lely
                                          MONTH:     FEBRUARY
                                          YEAR:      2018
                                          LATITUDE:   29 38 N
                                          LONGITUDE: 104 22 W

  TEMPERATURE IN F:       :PCPN:    SNOW:  WIND      :SUNSHINE: SKY     :PK WND
================================================================================
1   2   3   4   5  6A  6B    7    8   9   10  11  12  13   14  15   16   17  18
                                     12Z  AVG MX 2MIN
DY MAX MIN AVG DEP HDD CDD  WTR  SNW DPTH SPD SPD DIR MIN PSBL S-S WX    SPD DR
================================================================================

 1  73  43  58   M   7   0 0.00  0.0    0  5.5 14  30   M    M   0        22  30
 2  62  47  55   M  10   0 0.00  0.0    0  8.0 16  40   M    M   4        22  40
 3  78  42  60   M   5   0 0.00  0.0    0  5.2 14 190   M    M   2        18 240
 4  81  47  64   M   1   0 0.00  0.0    0  5.8 14 240   M    M   0        24 240
 5  82  48  65   M   0   0 0.00  0.0    0  4.9 10 350   M    M   0         M  M
 6  76  51  64   M   1   0 0.00  0.0    0  3.7 12 350   M    M   0         M  M
 7  73  48  61   M   4   0 0.00  0.0    0  7.0 16  50   M    M   1        22  50
 8  70  43  57   M   8   0 0.00  0.0    0  4.4  9 190   M    M   0         M  M
 9  75  47  61   M   4   0 0.00  0.0    0  5.2 14 360   M    M   0         M  M
10  82  48  65   M   0   0 0.00  0.0    0  6.1 15 170   M    M   0        22 200
11  65  45  55   M  10   0 0.00  0.0    0  9.4 16  40   M    M   1        23  50
12  71  38  55   M  10   0 0.00  0.0    0  8.3 14  30   M    M   0        22  30
13  72  41  57   M   8   0 0.00  0.0    0  4.8  9 190   M    M   0         M  M
14  85  51  68   M   0   3 0.00  0.0    0  3.2  9 190   M    M   1         M  M
15  89  65  77   M   0  12 0.00  0.0    0  6.7 18 190   M    M   3        24 200
16  79  55  67   M   0   2 0.00  0.0    0  7.2 20  40   M    M   1        29  40
17  78  50  64   M   1   0 0.00  0.0    0  4.9 10 280   M    M   1         M  M
18  82  58  70   M   0   5 0.00  0.0    0  6.3 12 200   M    M   3        21 200
19  79  61  70   M   0   5 0.00  0.0    0 11.7 24 190   M    M   2        31 190
================================================================================
SM 1452  928        69  27  0.00     0.0 118.3          M       19
================================================================================
AV 76.4 48.8                               6.2 FASTST   M    M   1    MAX(MPH)
                                 MISC ---->  # 24 190               # 31  190
================================================================================
NOTES:
# LAST OF SEVERAL OCCURRENCES

COLUMN 17 PEAK WIND IN M.P.H.

PRELIMINARY LOCAL CLIMATOLOGICAL DATA (WS FORM: F-6) , PAGE 2

                                          STATION:  Presidio Lely
                                          MONTH:    FEBRUARY
                                          YEAR:     2018
                                          LATITUDE:   29 38 N
                                          LONGITUDE: 104 22 W

[TEMPERATURE DATA]      [PRECIPITATION DATA]       SYMBOLS USED IN COLUMN 16

AVERAGE MONTHLY: 62.6   TOTAL FOR MONTH:   0.00    1 = FOG OR MIST
DPTR FM NORMAL:     M   DPTR FM NORMAL:       M    2 = FOG REDUCING VISIBILITY
HIGHEST:    89 ON 15    GRTST 24HR  0.00 ON 19-19      TO 1/4 MILE OR LESS
LOWEST:     38 ON 12                               3 = THUNDER
                        SNOW, ICE PELLETS, HAIL    4 = ICE PELLETS
                        TOTAL MONTH:   0.0 INCH    5 = HAIL
                        GRTST 24HR     0.0         6 = FREEZING RAIN OR DRIZZLE
                        GRTST DEPTH:   0           7 = DUSTSTORM OR SANDSTORM:
                                                       VSBY 1/2 MILE OR LESS
                                                   8 = SMOKE OR HAZE
[NO. OF DAYS WITH]      [WEATHER - DAYS WITH]      9 = BLOWING SNOW
                                                   X = TORNADO
MAX 32 OR BELOW:   0    0.01 INCH OR MORE:   0
MAX 90 OR ABOVE:   0    0.10 INCH OR MORE:   0
MIN 32 OR BELOW:   0    0.50 INCH OR MORE:   0
MIN  0 OR BELOW:   0    1.00 INCH OR MORE:   0

[HDD (BASE 65) ]
TOTAL THIS MO.    69    CLEAR  (SCALE 0-3)  17
DPTR FM NORMAL     M    PTCLDY (SCALE 4-7)   2
TOTAL FM JUL 1   946    CLOUDY (SCALE 8-10)  0
DPTR FM NORMAL     M

[CDD (BASE 65) ]
TOTAL THIS MO.    27
DPTR FM NORMAL     M    [PRESSURE DATA]
TOTAL FM JAN 1    29    HIGHEST SLP M ON M
DPTR FM NORMAL     M    LOWEST  SLP M ON M

[REMARKS]
