000
CXUS54 KMAF 211100
CF6PRS
PRELIMINARY LOCAL CLIMATOLOGICAL DATA (WS FORM: F-6)

                                          STATION:   Presidio Lely
                                          MONTH:     MAY
                                          YEAR:      2018
                                          LATITUDE:   29 38 N
                                          LONGITUDE: 104 22 W

  TEMPERATURE IN F:       :PCPN:    SNOW:  WIND      :SUNSHINE: SKY     :PK WND
================================================================================
1   2   3   4   5  6A  6B    7    8   9   10  11  12  13   14  15   16   17  18
                                     12Z  AVG MX 2MIN
DY MAX MIN AVG DEP HDD CDD  WTR  SNW DPTH SPD SPD DIR MIN PSBL S-S WX    SPD DR
================================================================================

 1  93  65  79   M   0  14 0.00  0.0    0  7.1 15  30   M    M   0        25 210
 2  91  66  79   M   0  14 0.00  0.0    0  9.7 21 180   M    M   0        30 190
 3  91  70  81   M   0  16 0.00  0.0    0  8.7 16 360   M    M   1        21 190
 4  90  70  80   M   0  15 0.00  0.0    0  9.7 20  30   M    M   2        27  60
 5  90  60  75   M   0  10 0.00  0.0    0  7.8 13  50   M    M   0        25  50
 6  93  65  79   M   0  14 0.00  0.0    0  8.1 14  50   M    M   0        24  50
 7  97  67  82   M   0  17 0.00  0.0    0  6.5 12 140   M    M   0        20  40
 8  99  70  85   M   0  20 0.00  0.0    0  6.0 10 260   M    M   0        18 260
 9 103  71  87   M   0  22 0.00  0.0    0  5.6 14  60   M    M   0        21 220
10 103  73  88   M   0  23 0.00  0.0    0  7.2 14  50   M    M   0        22  90
11 104  74  89   M   0  24 0.00  0.0    0  7.4 18  50   M    M   0        25  50
12 101  77  89   M   0  24 0.00  0.0    0  6.4 16  60   M    M   0        24  60
13  98  72  85   M   0  20 0.00  0.0    0  6.3 20  70   M    M   0        31  70
14  99  75  87   M   0  22 0.00  0.0    0  8.3 21  60   M    M   0        32  60
15 100  71  86   M   0  21 0.00  0.0    0  5.4 17 160   M    M   0        32 160
16 103  74  89   M   0  24 0.00  0.0    0  5.5 20  80   M    M   0 3      28  80
17 104  77  91   M   0  26 0.00  0.0    0 10.1 29  50   M    M   0        37  50
18 102  76  89   M   0  24 0.00  0.0    0  8.3 17 350   M    M   0        22 350
19  99  66  83   M   0  18 0.00  0.0    0  6.4 15  50   M    M   0        24  50
20  92  74  83   M   0  18 0.00  0.0    0 14.2 29 360   M    M   2 3      51 360
================================================================================
SM 1952 1413         0 386  0.00     0.0 154.7          M        5
================================================================================
AV 97.6 70.7                               7.7 FASTST   M    M   0    MAX(MPH)
                                 MISC ---->  # 29  50               # 51  360
================================================================================
NOTES:
# LAST OF SEVERAL OCCURRENCES

COLUMN 17 PEAK WIND IN M.P.H.

PRELIMINARY LOCAL CLIMATOLOGICAL DATA (WS FORM: F-6) , PAGE 2

                                          STATION:  Presidio Lely
                                          MONTH:    MAY
                                          YEAR:     2018
                                          LATITUDE:   29 38 N
                                          LONGITUDE: 104 22 W

[TEMPERATURE DATA]      [PRECIPITATION DATA]       SYMBOLS USED IN COLUMN 16

AVERAGE MONTHLY: 84.1   TOTAL FOR MONTH:   0.00    1 = FOG OR MIST
DPTR FM NORMAL:     M   DPTR FM NORMAL:       M    2 = FOG REDUCING VISIBILITY
HIGHEST:   104 ON 17,11 GRTST 24HR  0.00 ON 20-20      TO 1/4 MILE OR LESS
LOWEST:     60 ON  5                               3 = THUNDER
                        SNOW, ICE PELLETS, HAIL    4 = ICE PELLETS
                        TOTAL MONTH:   0.0 INCH    5 = HAIL
                        GRTST 24HR     0.0         6 = FREEZING RAIN OR DRIZZLE
                        GRTST DEPTH:   0           7 = DUSTSTORM OR SANDSTORM:
                                                       VSBY 1/2 MILE OR LESS
                                                   8 = SMOKE OR HAZE
[NO. OF DAYS WITH]      [WEATHER - DAYS WITH]      9 = BLOWING SNOW
                                                   X = TORNADO
MAX 32 OR BELOW:   0    0.01 INCH OR MORE:   0
MAX 90 OR ABOVE:  20    0.10 INCH OR MORE:   0
MIN 32 OR BELOW:   0    0.50 INCH OR MORE:   0
MIN  0 OR BELOW:   0    1.00 INCH OR MORE:   0

[HDD (BASE 65) ]
TOTAL THIS MO.     0    CLEAR  (SCALE 0-3)  20
DPTR FM NORMAL     M    PTCLDY (SCALE 4-7)   0
TOTAL FM JUL 1  1024    CLOUDY (SCALE 8-10)  0
DPTR FM NORMAL     M

[CDD (BASE 65) ]
TOTAL THIS MO.   386
DPTR FM NORMAL     M    [PRESSURE DATA]
TOTAL FM JAN 1   861    HIGHEST SLP M ON M
DPTR FM NORMAL     M    LOWEST  SLP M ON M

[REMARKS]
