346
CXUS54 KMAF 171100
CF6PRS
PRELIMINARY LOCAL CLIMATOLOGICAL DATA (WS FORM: F-6)

                                          STATION:   Presidio Lely
                                          MONTH:     AUGUST
                                          YEAR:      2018
                                          LATITUDE:   29 38 N
                                          LONGITUDE: 104 22 W

  TEMPERATURE IN F:       :PCPN:    SNOW:  WIND      :SUNSHINE: SKY     :PK WND
================================================================================
1   2   3   4   5  6A  6B    7    8   9   10  11  12  13   14  15   16   17  18
                                     12Z  AVG MX 2MIN
DY MAX MIN AVG DEP HDD CDD  WTR  SNW DPTH SPD SPD DIR MIN PSBL S-S WX    SPD DR
================================================================================

 1  99  74  87   M   0  22 0.00  0.0    0  5.0 12 200   M    M   1         M  M
 2 101  78  90   M   0  25 0.00  0.0    0  6.2 13  50   M    M   1        18  50
 3 102  79  91   M   0  26 0.00  0.0    0  6.6 13  60   M    M   0        18 150
 4 102  81  92   M   0  27 0.00  0.0    0  8.1 17  60   M    M   1        25  70
 5 100  79  90   M   0  25 0.00  0.0    0 11.3 23  60   M    M   0        29  60
 6  98  73  86   M   0  21 0.00  0.0    0  9.1 15  40   M    M   1        22  50
 7 101  77  89   M   0  24 0.00  0.0    0  6.7 12  50   M    M   1        22  70
 8 104  79  92   M   0  27 0.03  0.0    0  8.2 20 110   M    M   0        28  60
 9  97  79  88   M   0  23 0.00  0.0    0  9.3 22  30   M    M   2 3      29  30
10  95  69  82   M   0  17 0.16  0.0    0  9.1 24  60   M    M   4        35  60
11  76  68  72   M   0   7 0.55  0.0    0  3.8  9  60   M    M   8         M  M
12  85  68  77   M   0  12 0.26  0.0    0  2.5 12 290   M    M   6        18 290
13  87  71  79   M   0  14 0.00  0.0    0  4.0 10  10   M    M   4 3      21  10
14  95  70  83   M   0  18 0.00  0.0    0  4.2 15 120   M    M   0        17 120
15  98  73  86   M   0  21 0.00  0.0    0  3.7  8  40   M    M   0         M  M
16  97  76  87   M   0  22 0.00  0.0    0  7.1 10  40   M    M   0        17  40
================================================================================
SM 1537 1194         0 331  1.00     0.0 104.9          M       29
================================================================================
AV 96.1 74.6                               6.6 FASTST   M    M   2    MAX(MPH)
                                 MISC ---->  # 24  60               # 35   60
================================================================================
NOTES:
# LAST OF SEVERAL OCCURRENCES

COLUMN 17 PEAK WIND IN M.P.H.

PRELIMINARY LOCAL CLIMATOLOGICAL DATA (WS FORM: F-6) , PAGE 2

                                          STATION:  Presidio Lely
                                          MONTH:    AUGUST
                                          YEAR:     2018
                                          LATITUDE:   29 38 N
                                          LONGITUDE: 104 22 W

[TEMPERATURE DATA]      [PRECIPITATION DATA]       SYMBOLS USED IN COLUMN 16

AVERAGE MONTHLY: 85.3   TOTAL FOR MONTH:   1.00    1 = FOG OR MIST
DPTR FM NORMAL:     M   DPTR FM NORMAL:       M    2 = FOG REDUCING VISIBILITY
HIGHEST:   104 ON  8    GRTST 24HR  0.55 ON 11-11      TO 1/4 MILE OR LESS
LOWEST:     68 ON 12,11                            3 = THUNDER
                        SNOW, ICE PELLETS, HAIL    4 = ICE PELLETS
                        TOTAL MONTH:   0.0 INCH    5 = HAIL
                        GRTST 24HR     0.0         6 = FREEZING RAIN OR DRIZZLE
                        GRTST DEPTH:   0           7 = DUSTSTORM OR SANDSTORM:
                                                       VSBY 1/2 MILE OR LESS
                                                   8 = SMOKE OR HAZE
[NO. OF DAYS WITH]      [WEATHER - DAYS WITH]      9 = BLOWING SNOW
                                                   X = TORNADO
MAX 32 OR BELOW:   0    0.01 INCH OR MORE:   4
MAX 90 OR ABOVE:  13    0.10 INCH OR MORE:   3
MIN 32 OR BELOW:   0    0.50 INCH OR MORE:   1
MIN  0 OR BELOW:   0    1.00 INCH OR MORE:   0

[HDD (BASE 65) ]
TOTAL THIS MO.     0    CLEAR  (SCALE 0-3)  12
DPTR FM NORMAL     M    PTCLDY (SCALE 4-7)   4
TOTAL FM JUL 1     0    CLOUDY (SCALE 8-10)  0
DPTR FM NORMAL     M

[CDD (BASE 65) ]
TOTAL THIS MO.   331
DPTR FM NORMAL     M    [PRESSURE DATA]
TOTAL FM JAN 1  2899    HIGHEST SLP M ON M
DPTR FM NORMAL     M    LOWEST  SLP M ON M

[REMARKS]
