000
CXUS54 KFWD 200730
CF6PRX
PRELIMINARY LOCAL CLIMATOLOGICAL DATA (WS FORM: F-6)

                                          STATION:   PARIS
                                          MONTH:     SEPTEMBER
                                          YEAR:      2018
                                          LATITUDE:   33 37 N
                                          LONGITUDE:  95 27 W

  TEMPERATURE IN F:       :PCPN:    SNOW:  WIND      :SUNSHINE: SKY     :PK WND
================================================================================
1   2   3   4   5  6A  6B    7    8   9   10  11  12  13   14  15   16   17  18
                                     12Z  AVG MX 2MIN
DY MAX MIN AVG DEP HDD CDD  WTR  SNW DPTH SPD SPD DIR MIN PSBL S-S WX    SPD DR
================================================================================

 1  93  72  83   1   0  18 0.00  0.0    0  9.1 17 110   M    M   1        25 120
 2  91  73  82   0   0  17 0.00  0.0    0 11.3 18 120   M    M   5        22 120
 3  82  73  78  -3   0  13 0.74  0.0    0 10.7 20 150   M    M   7 13     25 150
 4  89  72  81   0   0  16 0.01  0.0    0  7.9 13 140   M    M   6         M  M
 5  92  73  83   2   0  18 0.01  0.0    0  4.7 12  60   M    M   2 3       M  M
 6  92  71  82   2   0  17 0.00  0.0    0  4.9 13 360   M    M   2         M  M
 7  94  73  84   4   0  19 0.01  0.0    0  4.8 18 320   M    M   4 13      M  M
 8  81  71  76  -4   0  11 0.02  0.0    0  6.3 13 330   M    M   6 1       M  M
 9  74  67  71  -8   0   6 0.00  0.0    0  7.7  9 310   M    M   9 1       M  M
10  78  67  73  -6   0   8 0.07  0.0    0  7.8 13 100   M    M  10 1       M  M
11  82  67  75  -3   0  10 0.01  0.0    0  7.6 12 120   M    M   9         M  M
12  84  68  76  -2   0  11 0.11  0.0    0  7.4 12 120   M    M   9 1       M  M
13  91  70  81   3   0  16 0.00  0.0    0  7.2 12  90   M    M   4 1       M  M
14  91  70  81   4   0  16 0.01  0.0    0  6.8 15 140   M    M   1 3       M  M
15  92  72  82   5   0  17 0.22  0.0    0  5.6 10 360   M    M   1 13      M  M
16  95  70  83   6   0  18 0.00  0.0    0  3.8  7 110   M    M   1         M  M
17  96  71  84   8   0  19 0.00  0.0    0  4.2 12 190   M    M   0 3       M  M
18  96  73  85   9   0  20 0.00  0.0    0  4.7 12 240   M    M   0 1       M  M
19  98  73  86  11   0  21 0.00  0.0    0  5.8 13 200   M    M   1         M  M
================================================================================
SM 1691 1346         0 291  1.21     0.0 128.3          M       78
================================================================================
AV 89.0 70.8                               6.8 FASTST   M    M   4    MAX(MPH)
                                 MISC ---->  # 20 150               # 25  120
================================================================================
NOTES:
# LAST OF SEVERAL OCCURRENCES

COLUMN 17 PEAK WIND IN M.P.H.

PRELIMINARY LOCAL CLIMATOLOGICAL DATA (WS FORM: F-6) , PAGE 2

                                          STATION:  PARIS
                                          MONTH:    SEPTEMBER
                                          YEAR:     2018
                                          LATITUDE:   33 37 N
                                          LONGITUDE:  95 27 W

[TEMPERATURE DATA]      [PRECIPITATION DATA]       SYMBOLS USED IN COLUMN 16

AVERAGE MONTHLY: 79.9   TOTAL FOR MONTH:   1.21    1 = FOG OR MIST
DPTR FM NORMAL:   1.1   DPTR FM NORMAL:   -1.24    2 = FOG REDUCING VISIBILITY
HIGHEST:    98 ON 19    GRTST 24HR  0.74 ON  3- 3      TO 1/4 MILE OR LESS
LOWEST:     67 ON 11,10                            3 = THUNDER
                        SNOW, ICE PELLETS, HAIL    4 = ICE PELLETS
                        TOTAL MONTH:   0.0 INCH    5 = HAIL
                        GRTST 24HR     0.0         6 = FREEZING RAIN OR DRIZZLE
                        GRTST DEPTH:   0           7 = DUSTSTORM OR SANDSTORM:
                                                       VSBY 1/2 MILE OR LESS
                                                   8 = SMOKE OR HAZE
[NO. OF DAYS WITH]      [WEATHER - DAYS WITH]      9 = BLOWING SNOW
                                                   X = TORNADO
MAX 32 OR BELOW:   0    0.01 INCH OR MORE:  10
MAX 90 OR ABOVE:  12    0.10 INCH OR MORE:   3
MIN 32 OR BELOW:   0    0.50 INCH OR MORE:   1
MIN  0 OR BELOW:   0    1.00 INCH OR MORE:   0

[HDD (BASE 65) ]
TOTAL THIS MO.     0    CLEAR  (SCALE 0-3)   9
DPTR FM NORMAL     0    PTCLDY (SCALE 4-7)   6
TOTAL FM JUL 1     0    CLOUDY (SCALE 8-10)  4
DPTR FM NORMAL     0

[CDD (BASE 65) ]
TOTAL THIS MO.   291
DPTR FM NORMAL    27    [PRESSURE DATA]
TOTAL FM JAN 1  2377    HIGHEST SLP M ON M
DPTR FM NORMAL    74    LOWEST  SLP M ON M

[REMARKS]
