000
CXUS54 KFWD 180730
CF6PSN
PRELIMINARY LOCAL CLIMATOLOGICAL DATA (WS FORM: F-6)

                                          STATION:   PALESTINE
                                          MONTH:     JULY
                                          YEAR:      2018
                                          LATITUDE:   31 46 N
                                          LONGITUDE:  95 42 W

  TEMPERATURE IN F:       :PCPN:    SNOW:  WIND      :SUNSHINE: SKY     :PK WND
================================================================================
1   2   3   4   5  6A  6B    7    8   9   10  11  12  13   14  15   16   17  18
                                     12Z  AVG MX 2MIN
DY MAX MIN AVG DEP HDD CDD  WTR  SNW DPTH SPD SPD DIR MIN PSBL S-S WX    SPD DR
================================================================================

 1  97  74  86   5   0  21 0.00  0.0    0  7.3 13 190   M    M   2 18     17 160
 2  97  74  86   5   0  21 0.00  0.0    0  3.8  9 200   M    M   1 1       M  M
 3  99  74  87   6   0  22 0.03  0.0    0  5.1 20  70   M    M   1        25  70
 4  88  71  80  -1   0  15    T  0.0    0  5.5 18 100   M    M   5 1      27 100
 5  96  69  83   2   0  18 0.01  0.0    0  2.2  7  30   M    M   3 1       M  M
 6  96  74  85   4   0  20    M  0.0    0  6.7 18  10   M    M   2        28  10
 7  95  71  83   1   0  18 0.03  0.0    0  5.5 12 240   M    M   2 1      21  50
 8  92  71  82   0   0  17 0.04  0.0    0  2.8 15  30   M    M   2 1       M  M
 9  88  73  81  -1   0  16 0.96  0.0    0  2.5  9 270   M    M   6 1       M  M
10  92  73  83   1   0  18 0.00  0.0    0  3.1 12 210   M    M   4 1       M  M
11  94  74  84   2   0  19 0.01  0.0    0  2.3  8 190   M    M   4         M  M
12  91  73  82   0   0  17 0.00  0.0    0  4.2  8  60   M    M   2        16 140
13  93  73  83   1   0  18 0.00  0.0    0  4.7 12 210   M    M   1         M  M
14  94  74  84   2   0  19 0.00  0.0    0  4.2 10 190   M    M   2         M  M
15  95  75  85   3   0  20 0.00  0.0    0  6.0 12 180   M    M   2        16 220
16  97  74  86   4   0  21 0.00  0.0    0  4.9  9 230   M    M   1 1       M  M
17 100  73  87   5   0  22 0.00  0.0    0  5.7 12 190   M    M   0 18     17 240
================================================================================
SM 1604 1240         0 322  1.08     0.0  76.5          M       40
================================================================================
AV 94.4 72.9                               4.5 FASTST   M    M   2    MAX(MPH)
                                 MISC ---->  # 20  70               # 28   10
================================================================================
NOTES:
# LAST OF SEVERAL OCCURRENCES

COLUMN 17 PEAK WIND IN M.P.H.

PRELIMINARY LOCAL CLIMATOLOGICAL DATA (WS FORM: F-6) , PAGE 2

                                          STATION:  PALESTINE
                                          MONTH:    JULY
                                          YEAR:     2018
                                          LATITUDE:   31 46 N
                                          LONGITUDE:  95 42 W

[TEMPERATURE DATA]      [PRECIPITATION DATA]       SYMBOLS USED IN COLUMN 16

AVERAGE MONTHLY: 83.7   TOTAL FOR MONTH:   1.08    1 = FOG OR MIST
DPTR FM NORMAL:   2.0   DPTR FM NORMAL:   -0.40    2 = FOG REDUCING VISIBILITY
HIGHEST:   100 ON 17    GRTST 24HR  0.96 ON  9- 9      TO 1/4 MILE OR LESS
LOWEST:     69 ON  5                               3 = THUNDER
                        SNOW, ICE PELLETS, HAIL    4 = ICE PELLETS
                        TOTAL MONTH:   0.0 INCH    5 = HAIL
                        GRTST 24HR     0.0         6 = FREEZING RAIN OR DRIZZLE
                        GRTST DEPTH:   0           7 = DUSTSTORM OR SANDSTORM:
                                                       VSBY 1/2 MILE OR LESS
                                                   8 = SMOKE OR HAZE
[NO. OF DAYS WITH]      [WEATHER - DAYS WITH]      9 = BLOWING SNOW
                                                   X = TORNADO
MAX 32 OR BELOW:   0    0.01 INCH OR MORE:   6
MAX 90 OR ABOVE:  15    0.10 INCH OR MORE:   1
MIN 32 OR BELOW:   0    0.50 INCH OR MORE:   1
MIN  0 OR BELOW:   0    1.00 INCH OR MORE:   0

[HDD (BASE 65) ]
TOTAL THIS MO.     0    CLEAR  (SCALE 0-3)  12
DPTR FM NORMAL     0    PTCLDY (SCALE 4-7)   5
TOTAL FM JUL 1     0    CLOUDY (SCALE 8-10)  0
DPTR FM NORMAL     0

[CDD (BASE 65) ]
TOTAL THIS MO.   322
DPTR FM NORMAL    40    [PRESSURE DATA]
TOTAL FM JAN 1  1456    HIGHEST SLP M ON M
DPTR FM NORMAL   414    LOWEST  SLP M ON M

[REMARKS]
