000
CXUS56 KSGX 221445
CF6PSP
PRELIMINARY LOCAL CLIMATOLOGICAL DATA (WS FORM: F-6)

                                          STATION:   PALM SPRINGS INTL AIRPORT CA
                                          MONTH:     JULY
                                          YEAR:      2018
                                          LATITUDE:   33 49 N
                                          LONGITUDE: 116 30 W

  TEMPERATURE IN F:       :PCPN:    SNOW:  WIND      :SUNSHINE: SKY     :PK WND
================================================================================
1   2   3   4   5  6A  6B    7    8   9   10  11  12  13   14  15   16   17  18
                                     12Z  AVG MX 2MIN
DY MAX MIN AVG DEP HDD CDD  WTR  SNW DPTH SPD SPD DIR MIN PSBL S-S WX    SPD DR
================================================================================

 1 107  75  91   1   0  26 0.00  0.0    0  7.7 22 320   M    M   0        26 330
 2 107  76  92   1   0  27 0.00  0.0    0  8.8 22 320   M    M   0        28 320
 3 104  76  90  -1   0  25 0.00  0.0    0  8.5 23 320   M    M   0        31 320
 4 107  76  92   1   0  27 0.00  0.0    0  5.3 24 320   M    M   0        31 320
 5 116  76  96   5   0  31 0.00  0.0    0  4.6 15 320   M    M   0        18 320
 6 119  86 103  11   0  38 0.00  0.0    0  7.4 16 130   M    M   0        20 130
 7 116  95 106  14   0  41 0.00  0.0    0  9.2 18 340   M    M   0        23 320
 8 114  90 102  10   0  37 0.00  0.0    0  7.0 22 320   M    M   0        29 320
 9  99  85  92   0   0  27 0.03  0.0    0  7.3 28 110   M    M   8 38     34 120
10 101  84  93   1   0  28    T  0.0    0  2.7 14 320   M    M   3 8      16 330
11 105  79  92   0   0  27 1.08  0.0    0  6.7 45 350   M    M   0 138    63 350
12 103  82  93   1   0  28 0.00  0.0    0  6.5 20 320   M    M   0        26 290
13 109  84  97   5   0  32 0.00  0.0    0  6.3 21 320   M    M   0        26 320
14 115  87 101   9   0  36    T  0.0    0  7.3 22 320   M    M   0        29 310
15 109  88  99   6   0  34 0.00  0.0    0  6.3 17 330   M    M   0        19 110
16 113  86 100   7   0  35 0.00  0.0    0  5.8 20 320   M    M   0        25 320
17 107  87  97   4   0  32 0.00  0.0    0  6.2 16 320   M    M   1        19 330
18 101  84  93   0   0  28    T  0.0    0  8.5 22 140   M    M   1 3      30 130
19 105  87  96   3   0  31 0.00  0.0    0  8.2 18 320   M    M   0        24 120
20 109  86  98   5   0  33 0.00  0.0    0  9.2 22 320   M    M   0        27 320
21 103  84  94   1   0  29 0.00  0.0    0  7.0 28 120   M    M   0        34 120
================================================================================
SM 2269 1753         0 652  1.11     0.0 146.5          M       13
================================================================================
AV108.1 83.5                               7.0 FASTST   M    M   1    MAX(MPH)
                                 MISC ---->  # 45 350               # 63  350
================================================================================
NOTES:
# LAST OF SEVERAL OCCURRENCES

COLUMN 17 PEAK WIND IN M.P.H.

PRELIMINARY LOCAL CLIMATOLOGICAL DATA (WS FORM: F-6) , PAGE 2

                                          STATION:  PALM SPRINGS INTL AIRPORT CA
                                          MONTH:    JULY
                                          YEAR:     2018
                                          LATITUDE:   33 49 N
                                          LONGITUDE: 116 30 W

[TEMPERATURE DATA]      [PRECIPITATION DATA]       SYMBOLS USED IN COLUMN 16

AVERAGE MONTHLY: 95.8   TOTAL FOR MONTH:   1.11    1 = FOG OR MIST
DPTR FM NORMAL:   3.7   DPTR FM NORMAL:    1.02    2 = FOG REDUCING VISIBILITY
HIGHEST:   119 ON  6    GRTST 24HR  1.08 ON 11-11      TO 1/4 MILE OR LESS
LOWEST:     75 ON  1                               3 = THUNDER
                        SNOW, ICE PELLETS, HAIL    4 = ICE PELLETS
                        TOTAL MONTH:   0.0 INCH    5 = HAIL
                        GRTST 24HR     0.0         6 = FREEZING RAIN OR DRIZZLE
                        GRTST DEPTH:   0           7 = DUSTSTORM OR SANDSTORM:
                                                       VSBY 1/2 MILE OR LESS
                                                   8 = SMOKE OR HAZE
[NO. OF DAYS WITH]      [WEATHER - DAYS WITH]      9 = BLOWING SNOW
                                                   X = TORNADO
MAX 32 OR BELOW:   0    0.01 INCH OR MORE:   2
MAX 90 OR ABOVE:  21    0.10 INCH OR MORE:   1
MIN 32 OR BELOW:   0    0.50 INCH OR MORE:   1
MIN  0 OR BELOW:   0    1.00 INCH OR MORE:   1

[HDD (BASE 65) ]
TOTAL THIS MO.     0    CLEAR  (SCALE 0-3)  20
DPTR FM NORMAL     0    PTCLDY (SCALE 4-7)   1
TOTAL FM JUL 1     0    CLOUDY (SCALE 8-10)  0
DPTR FM NORMAL     0

[CDD (BASE 65) ]
TOTAL THIS MO.   652
DPTR FM NORMAL    84    [PRESSURE DATA]
TOTAL FM JAN 1  2479    HIGHEST SLP M ON M
DPTR FM NORMAL   505    LOWEST  SLP 29.78 ON 11

[REMARKS]
