000
CXUS54 KHGX 211415
CF6PSX
PRELIMINARY LOCAL CLIMATOLOGICAL DATA (WS FORM: F-6)

                                          STATION:   PALACIOS
                                          MONTH:     OCTOBER
                                          YEAR:      2018
                                          LATITUDE:   28 43 N
                                          LONGITUDE:  96 15 W

  TEMPERATURE IN F:       :PCPN:    SNOW:  WIND      :SUNSHINE: SKY     :PK WND
================================================================================
1   2   3   4   5  6A  6B    7    8   9   10  11  12  13   14  15   16   17  18
                                     12Z  AVG MX 2MIN
DY MAX MIN AVG DEP HDD CDD  WTR  SNW DPTH SPD SPD DIR MIN PSBL S-S WX    SPD DR
================================================================================

 1  87  73  80   4   0  15 0.15  0.0    0  8.9 21 120   M    M   1 13     27 140
 2  89  74  82   6   0  17 0.00  0.0    0  7.2 14 150   M    M   2 1      18 120
 3  89  76  83   7   0  18 0.05  0.0    0  5.1 13 110   M    M   1 1      17 110
 4  89  75  82   6   0  17 0.00  0.0    0  6.8 16 140   M    M   1        19 150
 5  89  76  83   8   0  18 0.01  0.0    0  8.2 18 130   M    M   1        22 130
 6  90  79  85  10   0  20 0.00  0.0    0  9.3 17 150   M    M   1        30 120
 7  89  78  84   9   0  19 0.00  0.0    0 12.1 21 140   M    M   2        25 150
 8  89  78  84  10   0  19 0.00  0.0    0 11.0 20 140   M    M   3        28  40
 9  89  78  84  10   0  19 0.01  0.0    M 10.3 21 140   M    M   3 13     25 150
10  88  67  78   4   0  13 0.00  0.0    0  9.4 17 360   M    M   1 1      21  10
11  85  66  76   2   0  11 0.00  0.0    0  8.4 16  40   M    M   2 1      19  40
12  87  65  76   2   0  11 0.00  0.0    0  8.6 17 140   M    M   0        22 130
13  89  77  83  10   0  18    T  0.0    0 13.4 25 170   M    M   4        31 170
14  89  79  84  11   0  19    T  0.0    0 10.6 16 160   M    M   2        22 150
15  84  53  69  -4   0   4 0.09  0.0    0 16.6 31 360   M    M   9 1      39  10
16  60  52  56 -17   9   0    T  0.0    0 15.1 22 340   M    M  10 1      26 340
17  66  56  61 -11   4   0 0.06  0.0    0 13.3 22 360   M    M  10 1      26 360
18  71  58  65  -7   0   0 0.24  0.0    0 12.0 17  30   M    M  10 1      32 330
19  82  67  75   3   0  10 1.95  0.0    0  7.2 15 180   M    M   5 13     32 330
20  75  66  71  -1   0   6 0.54  0.0    0 13.5 22 360   M    M  10 18     27 360
================================================================================
SM 1676 1393        13 254  3.10     0.0 207.0          M       78
================================================================================
AV 83.8 69.7                              10.4 FASTST   M    M   4    MAX(MPH)
                                 MISC ---->  # 31 360               # 39   10
================================================================================
NOTES:
# LAST OF SEVERAL OCCURRENCES

COLUMN 17 PEAK WIND IN M.P.H.

PRELIMINARY LOCAL CLIMATOLOGICAL DATA (WS FORM: F-6) , PAGE 2

                                          STATION:  PALACIOS
                                          MONTH:    OCTOBER
                                          YEAR:     2018
                                          LATITUDE:   28 43 N
                                          LONGITUDE:  96 15 W

[TEMPERATURE DATA]      [PRECIPITATION DATA]       SYMBOLS USED IN COLUMN 16

AVERAGE MONTHLY: 76.7   TOTAL FOR MONTH:   3.10    1 = FOG OR MIST
DPTR FM NORMAL:   2.8   DPTR FM NORMAL:   -0.17    2 = FOG REDUCING VISIBILITY
HIGHEST:    90 ON  6    GRTST 24HR  1.95 ON 19-19      TO 1/4 MILE OR LESS
LOWEST:     52 ON 16                               3 = THUNDER
                        SNOW, ICE PELLETS, HAIL    4 = ICE PELLETS
                        TOTAL MONTH:   0.0 INCH    5 = HAIL
                        GRTST 24HR     0.0         6 = FREEZING RAIN OR DRIZZLE
                        GRTST DEPTH:   0           7 = DUSTSTORM OR SANDSTORM:
                                                       VSBY 1/2 MILE OR LESS
                                                   8 = SMOKE OR HAZE
[NO. OF DAYS WITH]      [WEATHER - DAYS WITH]      9 = BLOWING SNOW
                                                   X = TORNADO
MAX 32 OR BELOW:   0    0.01 INCH OR MORE:   9
MAX 90 OR ABOVE:   1    0.10 INCH OR MORE:   4
MIN 32 OR BELOW:   0    0.50 INCH OR MORE:   2
MIN  0 OR BELOW:   0    1.00 INCH OR MORE:   1

[HDD (BASE 65) ]
TOTAL THIS MO.    13    CLEAR  (SCALE 0-3)  12
DPTR FM NORMAL     8    PTCLDY (SCALE 4-7)   3
TOTAL FM JUL 1    13    CLOUDY (SCALE 8-10)  5
DPTR FM NORMAL     8

[CDD (BASE 65) ]
TOTAL THIS MO.   254
DPTR FM NORMAL    68    [PRESSURE DATA]
TOTAL FM JAN 1  3505    HIGHEST SLP M ON M
DPTR FM NORMAL   524    LOWEST  SLP 29.68 ON  9

[REMARKS]
