000
CXUS55 KPUB 241059
CF6PUB
PRELIMINARY LOCAL CLIMATOLOGICAL DATA (WS FORM: F-6)

                                          STATION:   PUEBLO CO
                                          MONTH:     MAY
                                          YEAR:      2018
                                          LATITUDE:   38 16 N
                                          LONGITUDE: 104 31 W

  TEMPERATURE IN F:       :PCPN:    SNOW:  WIND      :SUNSHINE: SKY     :PK WND
================================================================================
1   2   3   4   5  6A  6B    7    8   9   10  11  12  13   14  15   16   17  18
                                     12Z  AVG MX 2MIN
DY MAX MIN AVG DEP HDD CDD  WTR  SNW DPTH SPD SPD DIR MIN PSBL S-S WX    SPD DR
================================================================================

 1  79  45  62   6   3   0 0.00  0.0    0 10.6 37  20   M    M   0        46  10
 2  70  47  59   3   6   0 0.38    T    0  7.9 36 160   M    M   7 35     55 160
 3  62  42  52  -4  13   0 0.02  0.0    0 13.0 32  10   M    M   5 138    42  10
 4  74  37  56  -1   9   0 0.00  0.0    0  5.6 14 140   M    M   0        19 180
 5  83  41  62   5   3   0 0.00  0.0    0  8.9 21 300   M    M   0        25 310
 6  86  45  66   9   0   1 0.00  0.0    0  7.6 17 110   M    M   0        22  80
 7  89  51  70  12   0   5 0.00  0.0    0  7.2 23 260   M    M   0 8      42 290
 8  87  55  71  13   0   6 0.00  0.0    0 11.3 23  10   M    M   0        35 360
 9  91  47  69  11   0   4 0.00  0.0    0  6.3 23 230   M    M   1        37 240
10  96  45  71  12   0   6 0.00  0.0    0  7.8 33 360   M    M   0        43  10
11  85  56  71  12   0   6 0.00  0.0    0 13.8 31  10   M    M   0        43  20
12  79  55  67   8   0   2 0.00  0.0    0 11.1 24 100   M    M   5        33 120
13  83  56  70  10   0   5 0.00  0.0    0 13.1 28 120   M    M   5 1      34 120
14  78  59  69   9   0   4 0.00  0.0    0  9.8 26  70   M    M   5        34  60
15  80  56  68   8   0   3 0.03  0.0    0  8.5 20 150   M    M   3 3      28 130
16  88  47  68   8   0   3 0.00  0.0    0  8.3 24 110   M    M   0 18     31 120
17  94  52  73  12   0   8 0.00  0.0    0  9.0 28 210   M    M   0 8      42 200
18  75  58  67   6   0   2 0.00  0.0    0 17.4 33  10   M    M   1 3      44 360
19  69  50  60  -1   5   0 0.02  0.0    0 11.1 33  30   M    M   9        41  30
20  66  46  56  -6   9   0 0.00  0.0    0  6.8 14 120   M    M   7        21 120
21  83  44  64   2   1   0 0.00  0.0    0  9.7 36 200   M    M   0        46 200
22  86  45  66   4   0   1 0.00  0.0    0  9.0 30 200   M    M   0        46 160
23  89  54  72   9   0   7 0.00  0.0    0  9.2 31 170   M    M   0 8      39 190
================================================================================
SM 1872 1133        49  63  0.45    T    223.0          M       48
================================================================================
AV 81.4 49.3                               9.7 FASTST   M    M   2    MAX(MPH)
                                 MISC ---->  # 37  20               # 55  160
================================================================================
NOTES:
# LAST OF SEVERAL OCCURRENCES

COLUMN 17 PEAK WIND IN M.P.H.

PRELIMINARY LOCAL CLIMATOLOGICAL DATA (WS FORM: F-6) , PAGE 2

                                          STATION:  PUEBLO CO
                                          MONTH:    MAY
                                          YEAR:     2018
                                          LATITUDE:   38 16 N
                                          LONGITUDE: 104 31 W

[TEMPERATURE DATA]      [PRECIPITATION DATA]       SYMBOLS USED IN COLUMN 16

AVERAGE MONTHLY: 65.3   TOTAL FOR MONTH:   0.45    1 = FOG OR MIST
DPTR FM NORMAL:   6.1   DPTR FM NORMAL:   -0.67    2 = FOG REDUCING VISIBILITY
HIGHEST:    96 ON 10    GRTST 24HR  0.38 ON  2- 2      TO 1/4 MILE OR LESS
LOWEST:     37 ON  4                               3 = THUNDER
                        SNOW, ICE PELLETS, HAIL    4 = ICE PELLETS
                        TOTAL MONTH:    T          5 = HAIL
                        GRTST 24HR    T  ON  2- 2  6 = FREEZING RAIN OR DRIZZLE
                        GRTST DEPTH:   0           7 = DUSTSTORM OR SANDSTORM:
                                                       VSBY 1/2 MILE OR LESS
                                                   8 = SMOKE OR HAZE
[NO. OF DAYS WITH]      [WEATHER - DAYS WITH]      9 = BLOWING SNOW
                                                   X = TORNADO
MAX 32 OR BELOW:   0    0.01 INCH OR MORE:   4
MAX 90 OR ABOVE:   3    0.10 INCH OR MORE:   1
MIN 32 OR BELOW:   0    0.50 INCH OR MORE:   0
MIN  0 OR BELOW:   0    1.00 INCH OR MORE:   0

[HDD (BASE 65) ]
TOTAL THIS MO.    49    CLEAR  (SCALE 0-3)  16
DPTR FM NORMAL  -100    PTCLDY (SCALE 4-7)   6
TOTAL FM JUL 1  4876    CLOUDY (SCALE 8-10)  1
DPTR FM NORMAL  -713

[CDD (BASE 65) ]
TOTAL THIS MO.    63
DPTR FM NORMAL    49    [PRESSURE DATA]
TOTAL FM JAN 1    69    HIGHEST SLP M ON M
DPTR FM NORMAL    53    LOWEST  SLP 29.56 ON 11

[REMARKS]
