837
CXUS55 KPUB 221159
CF6PUB
PRELIMINARY LOCAL CLIMATOLOGICAL DATA (WS FORM: F-6)

                                          STATION:   PUEBLO CO
                                          MONTH:     FEBRUARY
                                          YEAR:      2018
                                          LATITUDE:   38 16 N
                                          LONGITUDE: 104 31 W

  TEMPERATURE IN F:       :PCPN:    SNOW:  WIND      :SUNSHINE: SKY     :PK WND
================================================================================
1   2   3   4   5  6A  6B    7    8   9   10  11  12  13   14  15   16   17  18
                                     12Z  AVG MX 2MIN
DY MAX MIN AVG DEP HDD CDD  WTR  SNW DPTH SPD SPD DIR MIN PSBL S-S WX    SPD DR
================================================================================

 1  40  21  31   0  34   0 0.00  0.0    0  6.0 12 130   M    M   5        17 110
 2  56  15  36   5  29   0 0.00  0.0    0  4.2 14 110   M    M   1        21 120
 3  69  19  44  12  21   0 0.00  0.0    0 11.9 30 300   M    M   0        37 300
 4  37  18  28  -4  37   0 0.00  0.0    0  7.2 26  70   M    M   6 18     34  80
 5  68  18  43  11  22   0 0.07  0.7    0 12.7 32  80   M    M   4 18     45 100
 6  37  22  30  -2  35   0 0.06  0.8    2  5.2 14  90   M    M   6 1      16 100
 7  48  16  32   0  33   0 0.00  0.0    T  4.0 14  90   M    M   0 18     17 100
 8  68  18  43  11  22   0 0.00  0.0    0  9.5 26 280   M    M   0 18     33 280
 9  54  20  37   5  28   0    T    T    0 10.8 22 120   M    M   6 1      29 300
10  20  16  18 -15  47   0 0.22  4.4    T  7.3 14 120   M    M  10 12     17 110
11  34  -3  16 -17  49   0    T    T    4  4.6 13 260   M    M   2 12     15 360
12  41  14  28  -5  37   0 0.00  0.0    2  3.9  9 300   M    M   1        15 280
13  60  18  39   6  26   0 0.00  0.0    T  5.3 18 310   M    M   0        23 320
14  65  32  49  15  16   0 0.00  0.0    0  8.1 25 240   M    M   0        32 260
15  63  29  46  12  19   0 0.12  2.4    0  9.3 26  60   M    M   2 1      32  60
16  49  25  37   3  28   0 0.02  1.1    4  6.0 22 270   M    M   5 1      31 280
17  60  29  45  11  20   0 0.00  0.0    0 12.2 32 290   M    M   0        38 290
18  71  24  48  14  17   0 0.00  0.0    0  5.3 22 260   M    M   0        29 250
19  49  16  33  -2  32   0 0.06  0.8    0 10.1 29  40   M    M   8 128    33  30
20  24   8  16 -19  49   0    T  0.3    1  6.9 15 150   M    M   7 18     18 120
21  33   5  19 -16  46   0 0.00  0.0    0  5.0 14 100   M    M   1        17 100
================================================================================
SM 1046  380       647   0  0.55    10.5 155.5          M       64
================================================================================
AV 49.8 18.1                               7.4 FASTST   M    M   3    MAX(MPH)
                                 MISC ---->  # 32  80               # 45  100
================================================================================
NOTES:
# LAST OF SEVERAL OCCURRENCES

COLUMN 17 PEAK WIND IN M.P.H.

PRELIMINARY LOCAL CLIMATOLOGICAL DATA (WS FORM: F-6) , PAGE 2

                                          STATION:  PUEBLO CO
                                          MONTH:    FEBRUARY
                                          YEAR:     2018
                                          LATITUDE:   38 16 N
                                          LONGITUDE: 104 31 W

[TEMPERATURE DATA]      [PRECIPITATION DATA]       SYMBOLS USED IN COLUMN 16

AVERAGE MONTHLY: 34.0   TOTAL FOR MONTH:   0.55    1 = FOG OR MIST
DPTR FM NORMAL:   1.0   DPTR FM NORMAL:    0.35    2 = FOG REDUCING VISIBILITY
HIGHEST:    71 ON 18    GRTST 24HR  0.22 ON 10-10      TO 1/4 MILE OR LESS
LOWEST:     -3 ON 11                               3 = THUNDER
                        SNOW, ICE PELLETS, HAIL    4 = ICE PELLETS
                        TOTAL MONTH:  10.5 INCHES  5 = HAIL
                        GRTST 24HR   4.4 ON 10-10  6 = FREEZING RAIN OR DRIZZLE
                        GRTST DEPTH:   4 ON 16,11  7 = DUSTSTORM OR SANDSTORM:
                                                       VSBY 1/2 MILE OR LESS
                                                   8 = SMOKE OR HAZE
[NO. OF DAYS WITH]      [WEATHER - DAYS WITH]      9 = BLOWING SNOW
                                                   X = TORNADO
MAX 32 OR BELOW:   2    0.01 INCH OR MORE:   6
MAX 90 OR ABOVE:   0    0.10 INCH OR MORE:   2
MIN 32 OR BELOW:  21    0.50 INCH OR MORE:   0
MIN  0 OR BELOW:   1    1.00 INCH OR MORE:   0

[HDD (BASE 65) ]
TOTAL THIS MO.   647    CLEAR  (SCALE 0-3)  12
DPTR FM NORMAL   -26    PTCLDY (SCALE 4-7)   7
TOTAL FM JUL 1  3602    CLOUDY (SCALE 8-10)  2
DPTR FM NORMAL  -503

[CDD (BASE 65) ]
TOTAL THIS MO.     0
DPTR FM NORMAL     0    [PRESSURE DATA]
TOTAL FM JAN 1     0    HIGHEST SLP M ON M
DPTR FM NORMAL     0    LOWEST  SLP 29.28 ON 19

[REMARKS]
