000
CXUS51 KBOX 211200
CF6PVD
PRELIMINARY LOCAL CLIMATOLOGICAL DATA (WS FORM: F-6)

                                          STATION:   PROVIDENCE RI
                                          MONTH:     AUGUST
                                          YEAR:      2018
                                          LATITUDE:   41 43 N
                                          LONGITUDE:  71 26 W

  TEMPERATURE IN F:       :PCPN:    SNOW:  WIND      :SUNSHINE: SKY     :PK WND
================================================================================
1   2   3   4   5  6A  6B    7    8   9   10  11  12  13   14  15   16   17  18
                                     12Z  AVG MX 2MIN
DY MAX MIN AVG DEP HDD CDD  WTR  SNW DPTH SPD SPD DIR MIN PSBL S-S WX    SPD DR
================================================================================

 1  84  67  76   2   0  11    T  0.0    0  9.6 22 210   M    M   7 1      29 200
 2  93  77  85  11   0  20 0.01  0.0    0 12.1 20 200   M    M   5        27 210
 3  91  76  84  10   0  19 0.00  0.0    0 12.0 23 210   M    M   6        28 200
 4  83  71  77   3   0  12 1.62  0.0    0  7.2 21 200   M    M   7 1      26 210
 5  91  69  80   6   0  15 0.00  0.0    0  5.8 15 170   M    M   1        18 180
 6  94  71  83   9   0  18 0.00  0.0    0  6.7 14 210   M    M   4        17 210
 7  92  74  83  10   0  18 0.00  0.0    0  9.5 21 190   M    M   3 1      25 200
 8  90  74  82   9   0  17 0.00  0.0    0  7.4 17 180   M    M   6        22 210
 9  90  72  81   8   0  16 0.02  0.0    0  7.3 15 260   M    M   6 13     20 270
10  89  68  79   6   0  14 0.01  0.0    0  6.3 16  10   M    M   4        19  10
11  76  71  74   1   0   9 0.72  0.0    0  6.5 12 100   M    M  10 1      14 100
12  81  70  76   3   0  11 0.65  0.0    0  7.1 17  40   M    M   9 13     21  40
13  74  68  71  -2   0   6 1.02  0.0    0  8.4 14  30   M    M  10 1      17  40
14  85  71  78   5   0  13    T  0.0    0  8.1 20 150   M    M   7 1      24 160
15  89  69  79   6   0  14 0.00  0.0    0  6.6 15 300   M    M   5        19 310
16  90  74  82   9   0  17 0.00  0.0    0  8.2 16 300   M    M   2        20 280
17  88  71  80   8   0  15    T  0.0    0  8.0 17 210   M    M   5 8      23 200
18  88  67  78   6   0  13 0.99  0.0    0  8.1 22  30   M    M   8 13     28  30
19  76  65  71  -1   0   6    T  0.0    0 13.9 23  30   M    M   9        30  70
20  79  63  71  -1   0   6 0.02  0.0    0 11.5 20  40   M    M   6 1      26  60
================================================================================
SM 1723 1408         0 270  5.06     0.0 170.3          M      120
================================================================================
AV 86.2 70.4                               8.5 FASTST   M    M   6    MAX(MPH)
                                 MISC ---->  # 23 210               # 30   70
================================================================================
NOTES:
# LAST OF SEVERAL OCCURRENCES

COLUMN 17 PEAK WIND IN M.P.H.

PRELIMINARY LOCAL CLIMATOLOGICAL DATA (WS FORM: F-6) , PAGE 2

                                          STATION:  PROVIDENCE RI
                                          MONTH:    AUGUST
                                          YEAR:     2018
                                          LATITUDE:   41 43 N
                                          LONGITUDE:  71 26 W

[TEMPERATURE DATA]      [PRECIPITATION DATA]       SYMBOLS USED IN COLUMN 16

AVERAGE MONTHLY: 78.3   TOTAL FOR MONTH:   5.06    1 = FOG OR MIST
DPTR FM NORMAL:   5.2   DPTR FM NORMAL:    2.70    2 = FOG REDUCING VISIBILITY
HIGHEST:    94 ON  6    GRTST 24HR  1.62 ON  4- 4      TO 1/4 MILE OR LESS
LOWEST:     63 ON 20                               3 = THUNDER
                        SNOW, ICE PELLETS, HAIL    4 = ICE PELLETS
                        TOTAL MONTH:   0.0 INCH    5 = HAIL
                        GRTST 24HR     0.0         6 = FREEZING RAIN OR DRIZZLE
                        GRTST DEPTH:   0           7 = DUSTSTORM OR SANDSTORM:
                                                       VSBY 1/2 MILE OR LESS
                                                   8 = SMOKE OR HAZE
[NO. OF DAYS WITH]      [WEATHER - DAYS WITH]      9 = BLOWING SNOW
                                                   X = TORNADO
MAX 32 OR BELOW:   0    0.01 INCH OR MORE:   9
MAX 90 OR ABOVE:   8    0.10 INCH OR MORE:   5
MIN 32 OR BELOW:   0    0.50 INCH OR MORE:   5
MIN  0 OR BELOW:   0    1.00 INCH OR MORE:   2

[HDD (BASE 65) ]
TOTAL THIS MO.     0    CLEAR  (SCALE 0-3)   3
DPTR FM NORMAL     0    PTCLDY (SCALE 4-7)  13
TOTAL FM JUL 1     0    CLOUDY (SCALE 8-10)  4
DPTR FM NORMAL    -3

[CDD (BASE 65) ]
TOTAL THIS MO.   270
DPTR FM NORMAL   107    [PRESSURE DATA]
TOTAL FM JAN 1   806    HIGHEST SLP M ON M
DPTR FM NORMAL   219    LOWEST  SLP 29.69 ON  9

[REMARKS]
