000
CXUS53 KMKX 280642
CF6RAC
PRELIMINARY LOCAL CLIMATOLOGICAL DATA (WS FORM: F-6)

                                          STATION:   RACINE WI
                                          MONTH:     OCTOBER
                                          YEAR:      2018
                                          LATITUDE:   42 45 N
                                          LONGITUDE:  87 49 W

  TEMPERATURE IN F:       :PCPN:    SNOW:  WIND      :SUNSHINE: SKY     :PK WND
================================================================================
1   2   3   4   5  6A  6B    7    8   9   10  11  12  13   14  15   16   17  18
                                     12Z  AVG MX 2MIN
DY MAX MIN AVG DEP HDD CDD  WTR  SNW DPTH SPD SPD DIR MIN PSBL S-S WX    SPD DR
================================================================================

 1  63  53  58   1   7   0 1.39  0.0    0  8.5 18  80   M    M  10 13     24  80
 2  62  55  59   3   6   0 0.01  0.0    0  4.5 13 360   M    M  10 1      16  10
 3  86  60  73  17   0   8    T  0.0    0 14.1 28 210   M    M   4        40 210
 4  76  49  63   7   2   0 0.00  0.0    0 15.2 24 340   M    M   3        35 340
 5  62  54  58   3   7   0 0.75  0.0    0  8.8 20 110   M    M  10 1      28 130
 6  64  55  60   5   5   0 1.57  0.0    0  8.5 17  60   M    M   9 13     23  40
 7  61  53  57   2   8   0 0.23  0.0    0 13.1 21  40   M    M  10 1      29  40
 8  83  61  72  18   0   7 0.05  0.0    0  8.5 18 210   M    M   5 128    30 210
 9  80  66  73  19   0   8    T  0.0    0  8.6 16 160   M    M   1 3      22 170
10  70  50  60   6   5   0 0.50  0.0    0 11.3 25 260   M    M   7 18     42 270
11  50  42  46  -7  19   0 0.00  0.0    0 13.9 25 260   M    M   8        41 260
12  44  33  39 -14  26   0 0.00  0.0    0  6.9 15 310   M    M   7        23 320
13  53  31  42 -10  23   0 0.00  0.0    0  7.4 16 220   M    M   1        24 210
14  56  37  47  -5  18   0    T    M    0  6.4 14 310   M    M   6 1      19 320
15  47  34  41 -11  24   0 0.05    M    0 10.1 20 300   M    M   4 1      30 320
16  60  34  47  -5  18   0 0.00  0.0    0 11.5 23 220   M    M   0        43 240
17  50  36  43  -8  22   0 0.00  0.0    0  9.1 22 330   M    M   2        32 320
18  59  31  45  -6  20   0 0.00  0.0    0  9.0 17 230   M    M   0        25 260
19  57  48  53   3  12   0    T    M    0 12.0 24 230   M    M   4        37 230
20  51  32  42  -8  23   0 0.01    M    0 12.7 35 300   M    M   4        51 310
21  51  27  39 -11  26   0 0.00  0.0    0  7.9 17 210   M    M   2        26 240
22  64  38  51   2  14   0 0.00  0.0    0  6.7 13 250   M    M   0 8      21 300
23  53  33  43  -6  22   0 0.00  0.0    0  6.8 17  20   M    M   0        22  20
24  51  32  42  -7  23   0 0.00  0.0    0  4.8 13 180   M    M   4        16 130
25  50  34  42  -6  23   0 0.00  0.0    0  4.9 10 110   M    M   2        14 130
26  51  44  48   0  17   0    T    M    0  8.8 14  80   M    M   8        20  50
27  52  41  47  -1  18   0    T    M    0  3.4 10  80   M    M   9 18     15  70
================================================================================
SM 1606 1163       388  23  4.56     0.0 243.4          M      130
================================================================================
AV 59.5 43.1                               9.0 FASTST   M    M   5    MAX(MPH)
                                 MISC ---->  # 35 300               # 51  310
================================================================================
NOTES:
# LAST OF SEVERAL OCCURRENCES

COLUMN 17 PEAK WIND IN M.P.H.

PRELIMINARY LOCAL CLIMATOLOGICAL DATA (WS FORM: F-6) , PAGE 2

                                          STATION:  RACINE WI
                                          MONTH:    OCTOBER
                                          YEAR:     2018
                                          LATITUDE:   42 45 N
                                          LONGITUDE:  87 49 W

[TEMPERATURE DATA]      [PRECIPITATION DATA]       SYMBOLS USED IN COLUMN 16

AVERAGE MONTHLY: 51.3   TOTAL FOR MONTH:   4.56    1 = FOG OR MIST
DPTR FM NORMAL:  -0.9   DPTR FM NORMAL:    2.11    2 = FOG REDUCING VISIBILITY
HIGHEST:    86 ON  3    GRTST 24HR  1.85 ON 30- 1      TO 1/4 MILE OR LESS
LOWEST:     27 ON 21                               3 = THUNDER
                        SNOW, ICE PELLETS, HAIL    4 = ICE PELLETS
                        TOTAL MONTH:   0.0 INCH    5 = HAIL
                        GRTST 24HR     0.0         6 = FREEZING RAIN OR DRIZZLE
                        GRTST DEPTH:   0           7 = DUSTSTORM OR SANDSTORM:
                                                       VSBY 1/2 MILE OR LESS
                                                   8 = SMOKE OR HAZE
[NO. OF DAYS WITH]      [WEATHER - DAYS WITH]      9 = BLOWING SNOW
                                                   X = TORNADO
MAX 32 OR BELOW:   0    0.01 INCH OR MORE:   9
MAX 90 OR ABOVE:   0    0.10 INCH OR MORE:   5
MIN 32 OR BELOW:   5    0.50 INCH OR MORE:   4
MIN  0 OR BELOW:   0    1.00 INCH OR MORE:   2

[HDD (BASE 65) ]
TOTAL THIS MO.   388    CLEAR  (SCALE 0-3)  10
DPTR FM NORMAL    34    PTCLDY (SCALE 4-7)  11
TOTAL FM JUL 1   467    CLOUDY (SCALE 8-10)  6
DPTR FM NORMAL   -32

[CDD (BASE 65) ]
TOTAL THIS MO.    23
DPTR FM NORMAL    17    [PRESSURE DATA]
TOTAL FM JAN 1   796    HIGHEST SLP M ON M
DPTR FM NORMAL   216    LOWEST  SLP 29.53 ON 10

[REMARKS]
