000
CXUS53 KUNR 180945
CF6RAP
PRELIMINARY LOCAL CLIMATOLOGICAL DATA (WS FORM: F-6)

                                          STATION:   RAPID CITY AIRPORT SD
                                          MONTH:     OCTOBER
                                          YEAR:      2018
                                          LATITUDE:   44  2 N
                                          LONGITUDE: 103  4 W

  TEMPERATURE IN F:       :PCPN:    SNOW:  WIND      :SUNSHINE: SKY     :PK WND
================================================================================
1   2   3   4   5  6A  6B    7    8   9   10  11  12  13   14  15   16   17  18
                                     12Z  AVG MX 2MIN
DY MAX MIN AVG DEP HDD CDD  WTR  SNW DPTH SPD SPD DIR MIN PSBL S-S WX    SPD DR
================================================================================

 1  65  40  53  -1  12   0 0.02  0.0    0  5.3 23 120   M    M   4 12     28 130
 2  87  38  63  10   2   0 0.00  0.0    0  6.1 20 190   M    M   1 12     26 270
 3  72  26  49  -4  16   0 0.00  0.0    0 18.6 55 330   M    M   0        70 340
 4  47  27  37 -15  28   0 0.22  0.0    0 11.8 29 150   M    M   5 1      34 150
 5  51  27  39 -13  26   0 0.03  0.0    0 13.6 29 350   M    M   6 1      36 350
 6  56  26  41 -11  24   0    T  0.0    0  9.5 21 140   M    M   6 12     27 130
 7  40  34  37 -14  28   0 0.05    T    0  7.3 12  60   M    M  10 1      14  60
 8  37  32  35 -16  30   0 0.30  1.8    0  8.8 15 360   M    M  10 12     19 360
 9  37  31  34 -16  31   0 0.11  0.3    1 12.5 21 360   M    M  10 1      27 360
10  32  24  28 -22  37   0 0.05  0.7    1 16.1 25 340   M    M   9 1      30 350
11  43  21  32 -18  33   0 0.02  0.0    1  5.8 14 130   M    M   8 12     16 130
12  57  22  40  -9  25   0 0.00  0.0    0  4.1 13 300   M    M   3 12     17 300
13  47  26  37 -12  28   0 0.12  0.8    0 20.5 31 340   M    M   7 1      39 350
14  31  16  24 -24  41   0    T    T    1 15.1 29 350   M    M   6        34 320
15  58  13  36 -12  29   0 0.00  0.0    T  6.1 18 340   M    M   1        23 330
16  63  32  48   0  17   0 0.00  0.0    0 11.6 28 330   M    M   3        35 330
17  68  32  50   3  15   0 0.00  0.0    0  5.8 14 170   M    M   0        18 170
================================================================================
SM  891  467       422   0  0.92     3.6 178.6          M       89
================================================================================
AV 52.4 27.5                              10.5 FASTST   M    M   5    MAX(MPH)
                                 MISC ---->  # 55 330               # 70  340
================================================================================
NOTES:
# LAST OF SEVERAL OCCURRENCES

COLUMN 17 PEAK WIND IN M.P.H.

PRELIMINARY LOCAL CLIMATOLOGICAL DATA (WS FORM: F-6) , PAGE 2

                                          STATION:  RAPID CITY AIRPORT SD
                                          MONTH:    OCTOBER
                                          YEAR:     2018
                                          LATITUDE:   44  2 N
                                          LONGITUDE: 103  4 W

[TEMPERATURE DATA]      [PRECIPITATION DATA]       SYMBOLS USED IN COLUMN 16

AVERAGE MONTHLY: 39.9   TOTAL FOR MONTH:   0.92    1 = FOG OR MIST
DPTR FM NORMAL: -10.5   DPTR FM NORMAL:    0.03    2 = FOG REDUCING VISIBILITY
HIGHEST:    87 ON  2    GRTST 24HR  0.30 ON  8- 8      TO 1/4 MILE OR LESS
LOWEST:     13 ON 15                               3 = THUNDER
                        SNOW, ICE PELLETS, HAIL    4 = ICE PELLETS
                        TOTAL MONTH:   3.6 INCHES  5 = HAIL
                        GRTST 24HR   1.8 ON  8- 8  6 = FREEZING RAIN OR DRIZZLE
                        GRTST DEPTH:   1 ON 14,11  7 = DUSTSTORM OR SANDSTORM:
                                                       VSBY 1/2 MILE OR LESS
                                                   8 = SMOKE OR HAZE
[NO. OF DAYS WITH]      [WEATHER - DAYS WITH]      9 = BLOWING SNOW
                                                   X = TORNADO
MAX 32 OR BELOW:   2    0.01 INCH OR MORE:   9
MAX 90 OR ABOVE:   0    0.10 INCH OR MORE:   4
MIN 32 OR BELOW:  14    0.50 INCH OR MORE:   0
MIN  0 OR BELOW:   0    1.00 INCH OR MORE:   0

[HDD (BASE 65) ]
TOTAL THIS MO.   422    CLEAR  (SCALE 0-3)   6
DPTR FM NORMAL   172    PTCLDY (SCALE 4-7)   7
TOTAL FM JUL 1   658    CLOUDY (SCALE 8-10)  4
DPTR FM NORMAL   184

[CDD (BASE 65) ]
TOTAL THIS MO.     0
DPTR FM NORMAL     0    [PRESSURE DATA]
TOTAL FM JAN 1   488    HIGHEST SLP M ON M
DPTR FM NORMAL  -145    LOWEST  SLP 29.40 ON  3

[REMARKS]
