000
CXUS53 KUNR 190945
CF6RAP
PRELIMINARY LOCAL CLIMATOLOGICAL DATA (WS FORM: F-6)

                                          STATION:   RAPID CITY AIRPORT SD
                                          MONTH:     JULY
                                          YEAR:      2018
                                          LATITUDE:   44  2 N
                                          LONGITUDE: 103  4 W

  TEMPERATURE IN F:       :PCPN:    SNOW:  WIND      :SUNSHINE: SKY     :PK WND
================================================================================
1   2   3   4   5  6A  6B    7    8   9   10  11  12  13   14  15   16   17  18
                                     12Z  AVG MX 2MIN
DY MAX MIN AVG DEP HDD CDD  WTR  SNW DPTH SPD SPD DIR MIN PSBL S-S WX    SPD DR
================================================================================

 1  80  52  66  -4   0   1 0.00  0.0    0  7.1 20  10   M    M   0        24  10
 2  84  52  68  -2   0   3 0.00  0.0    0  4.6 14 360   M    M   0        17 360
 3  80  61  71   1   0   6 0.58  0.0    0 12.9 38 270   M    M   0 13     46 270
 4  75  55  65  -5   0   0 0.00  0.0    0 12.6 37 360   M    M   0 18     45 360
 5  78  56  67  -4   0   2 0.00  0.0    0  7.6 16 130   M    M   7        22 150
 6  89  65  77   6   0  12 0.00  0.0    0 15.7 26 190   M    M   0        32 190
 7  95  66  81  10   0  16 0.00  0.0    0 11.0 28 230   M    M   0        33 220
 8  89  68  79   7   0  14 0.00  0.0    0  8.4 25 360   M    M   0        30 360
 9  88  65  77   5   0  12 1.10  0.0    0 10.2 45 330   M    M   2 13     56 330
10  92  68  80   8   0  15 0.00  0.0    0 16.4 23 160   M    M   0        30 160
11  83  65  74   2   0   9 0.00  0.0    0 10.4 23 330   M    M   1 3      37 340
12  76  62  69  -3   0   4 0.07  0.0    0  5.7 18 290   M    M   4 3      25 290
13  85  59  72  -1   0   7 0.00  0.0    0 13.0 21 150   M    M   0        25 150
14  92  63  78   5   0  13 0.53  0.0    0 14.3 30  60   M    M   0 3      37 350
15  70  58  64  -9   1   0 0.75  0.0    0 11.4 29 340   M    M   7 13     37 340
16  84  62  73   0   0   8    T  0.0    0  6.9 16 150   M    M   1        19 160
17  85  60  73   0   0   8 1.39  0.0    0 11.1 44 290   M    M   1 13     53 270
18  81  56  69  -4   0   4 0.60  0.0    0 10.0 56 320   M    M   1 138    70 300
================================================================================
SM 1506 1093         1 134  5.02     0.0 189.3          M       24
================================================================================
AV 83.7 60.7                              10.5 FASTST   M    M   1    MAX(MPH)
                                 MISC ---->  # 56 320               # 70  300
================================================================================
NOTES:
# LAST OF SEVERAL OCCURRENCES

COLUMN 17 PEAK WIND IN M.P.H.

PRELIMINARY LOCAL CLIMATOLOGICAL DATA (WS FORM: F-6) , PAGE 2

                                          STATION:  RAPID CITY AIRPORT SD
                                          MONTH:    JULY
                                          YEAR:     2018
                                          LATITUDE:   44  2 N
                                          LONGITUDE: 103  4 W

[TEMPERATURE DATA]      [PRECIPITATION DATA]       SYMBOLS USED IN COLUMN 16

AVERAGE MONTHLY: 72.2   TOTAL FOR MONTH:   5.02    1 = FOG OR MIST
DPTR FM NORMAL:   0.5   DPTR FM NORMAL:    4.02    2 = FOG REDUCING VISIBILITY
HIGHEST:    95 ON  7    GRTST 24HR  1.39 ON 17-17      TO 1/4 MILE OR LESS
LOWEST:     52 ON  2, 1                            3 = THUNDER
                        SNOW, ICE PELLETS, HAIL    4 = ICE PELLETS
                        TOTAL MONTH:   0.0 INCH    5 = HAIL
                        GRTST 24HR     0.0         6 = FREEZING RAIN OR DRIZZLE
                        GRTST DEPTH:   0           7 = DUSTSTORM OR SANDSTORM:
                                                       VSBY 1/2 MILE OR LESS
                                                   8 = SMOKE OR HAZE
[NO. OF DAYS WITH]      [WEATHER - DAYS WITH]      9 = BLOWING SNOW
                                                   X = TORNADO
MAX 32 OR BELOW:   0    0.01 INCH OR MORE:   7
MAX 90 OR ABOVE:   3    0.10 INCH OR MORE:   6
MIN 32 OR BELOW:   0    0.50 INCH OR MORE:   6
MIN  0 OR BELOW:   0    1.00 INCH OR MORE:   2

[HDD (BASE 65) ]
TOTAL THIS MO.     1    CLEAR  (SCALE 0-3)  15
DPTR FM NORMAL    -9    PTCLDY (SCALE 4-7)   3
TOTAL FM JUL 1     1    CLOUDY (SCALE 8-10)  0
DPTR FM NORMAL    -9

[CDD (BASE 65) ]
TOTAL THIS MO.   134
DPTR FM NORMAL     1    [PRESSURE DATA]
TOTAL FM JAN 1   266    HIGHEST SLP M ON M
DPTR FM NORMAL    34    LOWEST  SLP 29.66 ON  3

[REMARKS]
