000
CXUS54 KFWD 180730
CF6RBD
PRELIMINARY LOCAL CLIMATOLOGICAL DATA (WS FORM: F-6)

                                          STATION:   DALLAS EXECUTIVE
                                          MONTH:     OCTOBER
                                          YEAR:      2018
                                          LATITUDE:   32 40 N
                                          LONGITUDE:  96 52 W

  TEMPERATURE IN F:       :PCPN:    SNOW:  WIND      :SUNSHINE: SKY     :PK WND
================================================================================
1   2   3   4   5  6A  6B    7    8   9   10  11  12  13   14  15   16   17  18
                                     12Z  AVG MX 2MIN
DY MAX MIN AVG DEP HDD CDD  WTR  SNW DPTH SPD SPD DIR MIN PSBL S-S WX    SPD DR
================================================================================

 1  85  70  78   6   0  13    T  0.0    0  8.5 17 140   M    M   6 1      21 150
 2  85  69  77   6   0  12 0.00  0.0    0  7.8 14 160   M    M   3 1      18 150
 3  89  73  81  10   0  16 0.00  0.0    0  9.9 21 160   M    M   2        26 170
 4  89  72  81  10   0  16 0.00  0.0    0  8.4 18 140   M    M   1        22 140
 5  89  73  81  11   0  16 0.00  0.0    0 10.5 18 160   M    M   2        24 150
 6  88  73  81  11   0  16    T  0.0    0  8.7 25 150   M    M   6 13     33 150
 7  87  72  80  10   0  15    M  0.0    0 10.8 23 150   M    M   5 13     32 170
 8  85  70  78   9   0  13    M  0.0    0  9.2 21 230   M    M   7 13     30 230
 9  74  61  68  -1   0   3    M  0.0    0  7.9 28 330   M    M   7 13     32 320
10  72  57  65  -4   0   0 0.00  0.0    0  8.4 21 320   M    M   3 12     24 320
11  73  52  63  -5   2   0 0.00  0.0    0  7.0 15  40   M    M   2        19  50
12  71  59  65  -3   0   0 0.61  0.0    0  7.2 15 140   M    M   9 1      20 130
13  68  60  64  -4   1   0 2.75  0.0    0  7.4 22 300   M    M  10 13     27 290
14  79  50  65  -3   0   0 0.30  0.0    0  6.6 25 340   M    M   9 13     31 340
15  50  41  46 -21  19   0 2.56  0.0    0 15.8 25 350   M    M  10 13     34 360
16  51  44  48 -19  17   0 1.20  0.0    0  9.9 16  10   M    M  10 1      21  20
17  54  50  52 -15  13   0 0.44  0.0    0  8.1 14  50   M    M  10 1      19  40
================================================================================
SM 1289 1046        52 120  7.86     0.0 152.1          M      102
================================================================================
AV 75.8 61.5                               8.9 FASTST   M    M   6    MAX(MPH)
                                 MISC ---->  # 28 330               # 34  360
================================================================================
NOTES:
# LAST OF SEVERAL OCCURRENCES

COLUMN 17 PEAK WIND IN M.P.H.

PRELIMINARY LOCAL CLIMATOLOGICAL DATA (WS FORM: F-6) , PAGE 2

                                          STATION:  DALLAS EXECUTIVE
                                          MONTH:    OCTOBER
                                          YEAR:     2018
                                          LATITUDE:   32 40 N
                                          LONGITUDE:  96 52 W

[TEMPERATURE DATA]      [PRECIPITATION DATA]       SYMBOLS USED IN COLUMN 16

AVERAGE MONTHLY: 68.7   TOTAL FOR MONTH:   7.86    1 = FOG OR MIST
DPTR FM NORMAL:  -0.4   DPTR FM NORMAL:    5.50    2 = FOG REDUCING VISIBILITY
HIGHEST:    89 ON  5, 4 GRTST 24HR  2.75 ON 13-13      TO 1/4 MILE OR LESS
LOWEST:     41 ON 15                               3 = THUNDER
                        SNOW, ICE PELLETS, HAIL    4 = ICE PELLETS
                        TOTAL MONTH:   0.0 INCH    5 = HAIL
                        GRTST 24HR     0.0         6 = FREEZING RAIN OR DRIZZLE
                        GRTST DEPTH:   0           7 = DUSTSTORM OR SANDSTORM:
                                                       VSBY 1/2 MILE OR LESS
                                                   8 = SMOKE OR HAZE
[NO. OF DAYS WITH]      [WEATHER - DAYS WITH]      9 = BLOWING SNOW
                                                   X = TORNADO
MAX 32 OR BELOW:   0    0.01 INCH OR MORE:   6
MAX 90 OR ABOVE:   0    0.10 INCH OR MORE:   6
MIN 32 OR BELOW:   0    0.50 INCH OR MORE:   4
MIN  0 OR BELOW:   0    1.00 INCH OR MORE:   3

[HDD (BASE 65) ]
TOTAL THIS MO.    52    CLEAR  (SCALE 0-3)   5
DPTR FM NORMAL    28    PTCLDY (SCALE 4-7)   6
TOTAL FM JUL 1    52    CLOUDY (SCALE 8-10)  6
DPTR FM NORMAL    23

[CDD (BASE 65) ]
TOTAL THIS MO.   120
DPTR FM NORMAL    27    [PRESSURE DATA]
TOTAL FM JAN 1  3214    HIGHEST SLP M ON M
DPTR FM NORMAL   717    LOWEST  SLP 29.62 ON  9

[REMARKS]
