000
CXUS51 KPHI 180800
CF6RDG
PRELIMINARY LOCAL CLIMATOLOGICAL DATA (WS FORM: F-6)

                                          STATION:   READING PA
                                          MONTH:     OCTOBER
                                          YEAR:      2018
                                          LATITUDE:   40 22 N
                                          LONGITUDE:  75 58 W

  TEMPERATURE IN F:       :PCPN:    SNOW:  WIND      :SUNSHINE: SKY     :PK WND
================================================================================
1   2   3   4   5  6A  6B    7    8   9   10  11  12  13   14  15   16   17  18
                                     12Z  AVG MX 2MIN
DY MAX MIN AVG DEP HDD CDD  WTR  SNW DPTH SPD SPD DIR MIN PSBL S-S WX    SPD DR
================================================================================

 1  80  58  69  10   0   4 0.00    M    M  2.3  8 230   M    M   5        10 270
 2  80  63  72  14   0   7 0.37    M    M  4.9 28 320   M    M   5 138    34 310
 3  77  59  68  10   0   3 0.00    M    M  4.1 15 310   M    M   3        17 310
 4  81  56  69  11   0   4 0.04    M    M  2.5 14  10   M    M   6 18     18  40
 5  71  57  64   7   1   0 0.00    M    M  4.8 14  30   M    M   9        18 360
 6  71  63  67  10   0   2    T    M    M  4.2  8 150   M    M  10 1      12 150
 7  85  69  77  20   0  12 0.00    M    M  2.7  8 200   M    M   7 18     11 260
 8  72  67  70  14   0   5 0.05    M    M  3.9 10 100   M    M   9 1      15 140
 9  81  68  75  19   0  10 0.00    M    M  4.1 12 220   M    M   7 1      13 220
10  83  68  76  20   0  11 0.00    M    M  5.3 14 190   M    M   6        21 190
11  78  69  74  19   0   9 0.28    M    M  5.9 17 290   M    M   9 1      23 300
12  70  50  60   5   5   0 0.00    M    M 14.5 31 330   M    M   6        43 310
13  58  43  51  -3  14   0 0.14    M    M  5.4 20 300   M    M   6        23 300
14  56  41  49  -5  16   0    T    M    M  2.0 10 230   M    M   4        13 220
15  68  52  60   6   5   0 0.11    M    M  7.7 21 310   M    M  10 1      27 280
16  58  43  51  -3  14   0 0.00    M    M  8.3 25 320   M    M   0        32 300
17  63  40  52  -1  13   0 0.00    M    M 11.3 30 310   M    M   2        36 290
================================================================================
SM 1232  966        68  67  0.99    M     93.9          M      104
================================================================================
AV 72.5 56.8                               5.5 FASTST   M    M   6    MAX(MPH)
                                 MISC ---->  # 31 330               # 43  310
================================================================================
NOTES:
# LAST OF SEVERAL OCCURRENCES

COLUMN 17 PEAK WIND IN M.P.H.

PRELIMINARY LOCAL CLIMATOLOGICAL DATA (WS FORM: F-6) , PAGE 2

                                          STATION:  READING PA
                                          MONTH:    OCTOBER
                                          YEAR:     2018
                                          LATITUDE:   40 22 N
                                          LONGITUDE:  75 58 W

[TEMPERATURE DATA]      [PRECIPITATION DATA]       SYMBOLS USED IN COLUMN 16

AVERAGE MONTHLY: 64.7   TOTAL FOR MONTH:   0.99    1 = FOG OR MIST
DPTR FM NORMAL:   8.7   DPTR FM NORMAL:   -1.07    2 = FOG REDUCING VISIBILITY
HIGHEST:    85 ON  7    GRTST 24HR  0.37 ON  2- 2      TO 1/4 MILE OR LESS
LOWEST:     40 ON 17                               3 = THUNDER
                        SNOW, ICE PELLETS, HAIL    4 = ICE PELLETS
                        TOTAL MONTH:    M          5 = HAIL
                        GRTST 24HR    M  ON   M    6 = FREEZING RAIN OR DRIZZLE
                        GRTST DEPTH:  M  ON   M    7 = DUSTSTORM OR SANDSTORM:
                                                       VSBY 1/2 MILE OR LESS
                                                   8 = SMOKE OR HAZE
[NO. OF DAYS WITH]      [WEATHER - DAYS WITH]      9 = BLOWING SNOW
                                                   X = TORNADO
MAX 32 OR BELOW:   0    0.01 INCH OR MORE:   6
MAX 90 OR ABOVE:   0    0.10 INCH OR MORE:   4
MIN 32 OR BELOW:   0    0.50 INCH OR MORE:   0
MIN  0 OR BELOW:   0    1.00 INCH OR MORE:   0

[HDD (BASE 65) ]
TOTAL THIS MO.    68    CLEAR  (SCALE 0-3)   2
DPTR FM NORMAL   -95    PTCLDY (SCALE 4-7)  10
TOTAL FM JUL 1    99    CLOUDY (SCALE 8-10)  5
DPTR FM NORMAL  -143

[CDD (BASE 65) ]
TOTAL THIS MO.    67
DPTR FM NORMAL    62    [PRESSURE DATA]
TOTAL FM JAN 1  1302    HIGHEST SLP M ON M
DPTR FM NORMAL   410    LOWEST  SLP 29.37 ON 12

[REMARKS]
