000
CXUS53 KGRB 180635
CF6RHI
PRELIMINARY LOCAL CLIMATOLOGICAL DATA (WS FORM: F-6)

                                          STATION:   RHINELANDER WI
                                          MONTH:     JULY
                                          YEAR:      2018
                                          LATITUDE:   45 37 N
                                          LONGITUDE:  89 27 W

  TEMPERATURE IN F:       :PCPN:    SNOW:  WIND      :SUNSHINE: SKY     :PK WND
================================================================================
1   2   3   4   5  6A  6B    7    8   9   10  11  12  13   14  15   16   17  18
                                     12Z  AVG MX 2MIN
DY MAX MIN AVG DEP HDD CDD  WTR  SNW DPTH SPD SPD DIR MIN PSBL S-S WX    SPD DR
================================================================================

 1  84  67  76  10   0  11 0.20  0.0    0  5.4  6 180   M    M   1         M  M
 2  88  53  71   5   0   6 0.00  0.0    M  6.0 16 260   M    M   0        27 260
 3  86  60  73   7   0   8 0.00  0.0    0  6.6 17 190   M    M   1        24 170
 4  92  61  77  11   0  12 0.02  0.0    0  5.1 25 280   M    M   2 3      37 270
 5  83  57  70   4   0   5 0.00  0.0    0  5.8 15 320   M    M   1 1      25 350
 6  81  49  65  -2   0   0 0.00  0.0    0  2.7 12 240   M    M   0 18     16 160
 7  84  60  72   5   0   7 0.00  0.0    0  9.3 17 220   M    M   0        24 220
 8  90  64  77  10   0  12 0.00  0.0    0 10.4 18 210   M    M   0        29 230
 9  88  55  72   5   0   7 0.00  0.0    0  5.9 16 210   M    M   2        22 210
10  85  52  69   2   0   4 0.00  0.0    0  3.1 10 270   M    M   1 12     15 260
11  83  57  70   3   0   5 0.00  0.0    0  5.8 13 170   M    M   1 1      18 150
12  77  65  71   4   0   6 0.98  0.0    0  7.3 25 280   M    M   8 13     37 270
13  80  61  71   4   0   6 0.04  0.0    0  3.6 14 260   M    M   5 12     21 270
14  90  58  74   7   0   9 0.00  0.0    0  2.2  7 270   M    M   3 12     13 210
15  89  60  75   8   0  10 0.00  0.0    0  4.1 12 270   M    M   1 12     16 260
16  84  53  69   2   0   4 0.00  0.0    0  8.4 24 280   M    M   2        36 310
17  76  50  63  -4   2   0 0.00  0.0    0  4.1 10 310   M    M   2 1      22 300
================================================================================
SM 1440  982         2 112  1.24     0.0  95.8          M       30
================================================================================
AV 84.7 57.8                               5.6 FASTST   M    M   2    MAX(MPH)
                                 MISC ---->  # 25 280               # 37  270
================================================================================
NOTES:
# LAST OF SEVERAL OCCURRENCES

COLUMN 17 PEAK WIND IN M.P.H.

PRELIMINARY LOCAL CLIMATOLOGICAL DATA (WS FORM: F-6) , PAGE 2

                                          STATION:  RHINELANDER WI
                                          MONTH:    JULY
                                          YEAR:     2018
                                          LATITUDE:   45 37 N
                                          LONGITUDE:  89 27 W

[TEMPERATURE DATA]      [PRECIPITATION DATA]       SYMBOLS USED IN COLUMN 16

AVERAGE MONTHLY: 71.2   TOTAL FOR MONTH:   1.24    1 = FOG OR MIST
DPTR FM NORMAL:   4.5   DPTR FM NORMAL:   -1.05    2 = FOG REDUCING VISIBILITY
HIGHEST:    92 ON  4    GRTST 24HR  0.98 ON 12-12      TO 1/4 MILE OR LESS
LOWEST:     49 ON  6                               3 = THUNDER
                        SNOW, ICE PELLETS, HAIL    4 = ICE PELLETS
                        TOTAL MONTH:   0.0 INCH    5 = HAIL
                        GRTST 24HR     0.0         6 = FREEZING RAIN OR DRIZZLE
                        GRTST DEPTH:   0           7 = DUSTSTORM OR SANDSTORM:
                                                       VSBY 1/2 MILE OR LESS
                                                   8 = SMOKE OR HAZE
[NO. OF DAYS WITH]      [WEATHER - DAYS WITH]      9 = BLOWING SNOW
                                                   X = TORNADO
MAX 32 OR BELOW:   0    0.01 INCH OR MORE:   4
MAX 90 OR ABOVE:   3    0.10 INCH OR MORE:   2
MIN 32 OR BELOW:   0    0.50 INCH OR MORE:   1
MIN  0 OR BELOW:   0    1.00 INCH OR MORE:   0

[HDD (BASE 65) ]
TOTAL THIS MO.     2    CLEAR  (SCALE 0-3)  15
DPTR FM NORMAL   -32    PTCLDY (SCALE 4-7)   2
TOTAL FM JUL 1     2    CLOUDY (SCALE 8-10)  0
DPTR FM NORMAL   -32

[CDD (BASE 65) ]
TOTAL THIS MO.   112
DPTR FM NORMAL    54    [PRESSURE DATA]
TOTAL FM JAN 1   298    HIGHEST SLP M ON M
DPTR FM NORMAL   175    LOWEST  SLP 29.63 ON  1

[REMARKS]
