000
CXUS53 KGRB 200703
CF6RHI
PRELIMINARY LOCAL CLIMATOLOGICAL DATA (WS FORM: F-6)

                                          STATION:   RHINELANDER WI
                                          MONTH:     OCTOBER
                                          YEAR:      2018
                                          LATITUDE:   45 37 N
                                          LONGITUDE:  89 27 W

  TEMPERATURE IN F:       :PCPN:    SNOW:  WIND      :SUNSHINE: SKY     :PK WND
================================================================================
1   2   3   4   5  6A  6B    7    8   9   10  11  12  13   14  15   16   17  18
                                     12Z  AVG MX 2MIN
DY MAX MIN AVG DEP HDD CDD  WTR  SNW DPTH SPD SPD DIR MIN PSBL S-S WX    SPD DR
================================================================================

 1  53  41  47  -2  18   0 0.21  0.0    0  6.9 15  90   M    M   7 1      19  90
 2  56  44  50   1  15   0 0.00  0.0    0  5.9 15 180   M    M  10 12     25 150
 3  72  48  60  12   5   0 1.30  0.0    0  9.4 24 310   M    M  10 13     43 300
 4  50  38  44  -4  21   0 0.04    T    0  6.9 23 310   M    M   7        36 330
 5  47  38  43  -5  22   0 0.17  0.0    0  7.9 22 100   M    M  10 18     32 110
 6  52  45  49   2  16   0    T  0.0    0  5.0 12 320   M    M  10 18     16 310
 7  48  42  45  -2  20   0 0.04  0.0    0  7.6 14  90   M    M  10 18     19 100
 8  63  45  54   8  11   0 0.54  0.0    0  6.3 10  90   M    M  10 1      18 350
 9  60  44  52   6  13   0 1.27  0.0    M  6.3 14  70   M    M  10 1      22  70
10  54  44  49   3  16   0 0.90  0.0    0  7.8 21 260   M    M  10 12     32 260
11  46  34  40  -6  25   0 0.11    T    0 13.9 28 280   M    M   8 18     40 260
12  35  24  30 -15  35   0 0.00  0.0    0  7.9 17 280   M    M   8        25 280
13  50  24  37  -8  28   0 0.00  0.0    0  8.8 18 200   M    M   8        29 210
14  47  32  40  -4  25   0 0.21  0.8    0  4.8 12 340   M    M  10 1      18 360
15  40  30  35  -9  30   0    T    T    0 12.0 20 260   M    M   7        29 270
16  55  36  46   2  19   0 0.00  0.0    0 11.3 26 280   M    M   6        37 250
17  43  21  32 -12  33   0    T    T    0  9.4 22 280   M    M   5        34 290
18  61  21  41  -2  24   0 0.00  0.0    0  9.6 21 230   M    M   0        30 230
19  59  42  51   8  14   0 0.09  0.0    0 13.3 22 320   M    M   4 18     39 330
================================================================================
SM  991  693       390   0  4.88     0.8 161.0          M      150
================================================================================
AV 52.2 36.5                               8.5 FASTST   M    M   8    MAX(MPH)
                                 MISC ---->  # 28 280               # 43  300
================================================================================
NOTES:
# LAST OF SEVERAL OCCURRENCES

COLUMN 17 PEAK WIND IN M.P.H.

PRELIMINARY LOCAL CLIMATOLOGICAL DATA (WS FORM: F-6) , PAGE 2

                                          STATION:  RHINELANDER WI
                                          MONTH:    OCTOBER
                                          YEAR:     2018
                                          LATITUDE:   45 37 N
                                          LONGITUDE:  89 27 W

[TEMPERATURE DATA]      [PRECIPITATION DATA]       SYMBOLS USED IN COLUMN 16

AVERAGE MONTHLY: 44.3   TOTAL FOR MONTH:   4.88    1 = FOG OR MIST
DPTR FM NORMAL:  -1.6   DPTR FM NORMAL:    2.78    2 = FOG REDUCING VISIBILITY
HIGHEST:    72 ON  3    GRTST 24HR  1.30 ON  3- 3      TO 1/4 MILE OR LESS
LOWEST:     21 ON 18,17                            3 = THUNDER
                        SNOW, ICE PELLETS, HAIL    4 = ICE PELLETS
                        TOTAL MONTH:   0.8 INCH    5 = HAIL
                        GRTST 24HR   0.8 ON 14-14  6 = FREEZING RAIN OR DRIZZLE
                        GRTST DEPTH:   0           7 = DUSTSTORM OR SANDSTORM:
                                                       VSBY 1/2 MILE OR LESS
                                                   8 = SMOKE OR HAZE
[NO. OF DAYS WITH]      [WEATHER - DAYS WITH]      9 = BLOWING SNOW
                                                   X = TORNADO
MAX 32 OR BELOW:   0    0.01 INCH OR MORE:  11
MAX 90 OR ABOVE:   0    0.10 INCH OR MORE:   8
MIN 32 OR BELOW:   6    0.50 INCH OR MORE:   4
MIN  0 OR BELOW:   0    1.00 INCH OR MORE:   2

[HDD (BASE 65) ]
TOTAL THIS MO.   390    CLEAR  (SCALE 0-3)   1
DPTR FM NORMAL    24    PTCLDY (SCALE 4-7)   8
TOTAL FM JUL 1   634    CLOUDY (SCALE 8-10) 10
DPTR FM NORMAL  -164

[CDD (BASE 65) ]
TOTAL THIS MO.     0
DPTR FM NORMAL     0    [PRESSURE DATA]
TOTAL FM JAN 1   566    HIGHEST SLP M ON M
DPTR FM NORMAL   307    LOWEST  SLP 29.45 ON  3

[REMARKS]
