000
CXUS55 KRIW 190945
CF6RIW
PRELIMINARY LOCAL CLIMATOLOGICAL DATA (WS FORM: F-6)

                                          STATION:   RIVERTON WY
                                          MONTH:     JULY
                                          YEAR:      2018
                                          LATITUDE:   43  2 N
                                          LONGITUDE: 108 27 W

  TEMPERATURE IN F:       :PCPN:    SNOW:  WIND      :SUNSHINE: SKY     :PK WND
================================================================================
1   2   3   4   5  6A  6B    7    8   9   10  11  12  13   14  15   16   17  18
                                     12Z  AVG MX 2MIN
DY MAX MIN AVG DEP HDD CDD  WTR  SNW DPTH SPD SPD DIR MIN PSBL S-S WX    SPD DR
================================================================================

 1  82  45  64  -4   1   0 0.00  0.0    0  6.3 22 250   M    M   1        30 260
 2  89  55  72   3   0   7 0.00  0.0    0 11.5 33 290   M    M   0        45 300
 3  81  53  67  -2   0   2 0.00  0.0    0 12.6 45 270   M    M   0        53 260
 4  87  48  68  -2   0   3 0.00  0.0    0 10.6 24  60   M    M   0        30  60
 5  87  58  73   3   0   8    T  0.0    0  8.5 32 250   M    M   1        40 240
 6  96  53  75   5   0  10 0.00  0.0    0  5.9 13 320   M    M   0        15 100
 7  99  65  82  12   0  17 0.00  0.0    0 10.2 26 330   M    M   0        32 330
 8  98  60  79   8   0  14 0.00  0.0    0  8.9 30 330   M    M   0 3      38 320
 9  90  68  79   8   0  14    T  0.0    0  6.1 25 280   M    M   3 3      30 280
10  98  66  82  11   0  17 0.09  0.0    0  8.1 30 180   M    M   1 3      46 190
11  86  61  74   3   0   9 0.04  0.0    0  8.9 20 270   M    M   3 3      23 270
12  88  54  71  -1   0   6 0.00  0.0    0  8.0 18 150   M    M   0        23  70
13  92  58  75   3   0  10 0.00  0.0    0  6.4 15  50   M    M   0        19 330
14  94  62  78   6   0  13 0.00  0.0    0 10.5 30 230   M    M   1        42 220
15  90  60  75   3   0  10 0.00  0.0    0  9.3 22  20   M    M   0        27  10
16  87  58  73   1   0   8 0.24  0.0    0  6.9 31 330   M    M   1 13     39 340
17  87  57  72   0   0   7 0.00  0.0    0  7.3 29 320   M    M   1 3      35 320
18  90  55  73   0   0   8 0.00  0.0    0 10.8 30 310   M    M   0        37 300
================================================================================
SM 1621 1036         1 163  0.37     0.0 156.8          M       12
================================================================================
AV 90.1 57.6                               8.7 FASTST   M    M   1    MAX(MPH)
                                 MISC ---->  # 45 270               # 53  260
================================================================================
NOTES:
# LAST OF SEVERAL OCCURRENCES

COLUMN 17 PEAK WIND IN M.P.H.

PRELIMINARY LOCAL CLIMATOLOGICAL DATA (WS FORM: F-6) , PAGE 2

                                          STATION:  RIVERTON WY
                                          MONTH:    JULY
                                          YEAR:     2018
                                          LATITUDE:   43  2 N
                                          LONGITUDE: 108 27 W

[TEMPERATURE DATA]      [PRECIPITATION DATA]       SYMBOLS USED IN COLUMN 16

AVERAGE MONTHLY: 73.8   TOTAL FOR MONTH:   0.37    1 = FOG OR MIST
DPTR FM NORMAL:   3.0   DPTR FM NORMAL:   -0.22    2 = FOG REDUCING VISIBILITY
HIGHEST:    99 ON  7    GRTST 24HR  0.24 ON 16-16      TO 1/4 MILE OR LESS
LOWEST:     45 ON  1                               3 = THUNDER
                        SNOW, ICE PELLETS, HAIL    4 = ICE PELLETS
                        TOTAL MONTH:   0.0 INCH    5 = HAIL
                        GRTST 24HR     0.0         6 = FREEZING RAIN OR DRIZZLE
                        GRTST DEPTH:   0           7 = DUSTSTORM OR SANDSTORM:
                                                       VSBY 1/2 MILE OR LESS
                                                   8 = SMOKE OR HAZE
[NO. OF DAYS WITH]      [WEATHER - DAYS WITH]      9 = BLOWING SNOW
                                                   X = TORNADO
MAX 32 OR BELOW:   0    0.01 INCH OR MORE:   3
MAX 90 OR ABOVE:   9    0.10 INCH OR MORE:   1
MIN 32 OR BELOW:   0    0.50 INCH OR MORE:   0
MIN  0 OR BELOW:   0    1.00 INCH OR MORE:   0

[HDD (BASE 65) ]
TOTAL THIS MO.     1    CLEAR  (SCALE 0-3)  18
DPTR FM NORMAL    -7    PTCLDY (SCALE 4-7)   0
TOTAL FM JUL 1     1    CLOUDY (SCALE 8-10)  0
DPTR FM NORMAL    -7

[CDD (BASE 65) ]
TOTAL THIS MO.   163
DPTR FM NORMAL    49    [PRESSURE DATA]
TOTAL FM JAN 1   238    HIGHEST SLP M ON M
DPTR FM NORMAL    49    LOWEST  SLP 29.83 ON  2

[REMARKS]
