000
CXUS54 KCRP 191300
CF6RKP
PRELIMINARY LOCAL CLIMATOLOGICAL DATA (WS FORM: F-6)

                                          STATION:   ROCKPORT
                                          MONTH:     NOVEMBER
                                          YEAR:      2018
                                          LATITUDE:   28  4 N
                                          LONGITUDE:  97  3 W

  TEMPERATURE IN F:       :PCPN:    SNOW:  WIND      :SUNSHINE: SKY     :PK WND
================================================================================
1   2   3   4   5  6A  6B    7    8   9   10  11  12  13   14  15   16   17  18
                                     12Z  AVG MX 2MIN
DY MAX MIN AVG DEP HDD CDD  WTR  SNW DPTH SPD SPD DIR MIN PSBL S-S WX    SPD DR
================================================================================

 1  73  59  66  -5   0   1 0.00  0.0    0 11.8 26 340   M    M   3        33 330
 2  74  51  63  -8   2   0 0.00  0.0    0  4.6 12 120   M    M   0        13 120
 3  79  61  70  -1   0   5 0.00  0.0    0  9.0 17 150   M    M   4        26 150
 4  76  67  72   2   0   7 0.03  0.0    0  8.4 18 360   M    M   6 1      24 360
 5  84  71  78   8   0  13 0.00  0.0    0  8.9 20 170   M    M   5 1      30 190
 6  85  73  79   9   0  14 0.00  0.0    0  7.6 14 150   M    M   4 18     19 180
 7  85   M   M   M   M   M 0.00  0.0    0  7.3 13 160   M    M   5 18     18 160
 8  84  72  78   9   0  13 0.00  0.0    0  7.4 15 120   M    M   4 12     18 130
 9  77  52  65  -4   0   0 1.36  0.0    0 18.7 31 360   M    M   9 1      41 350
10  58  51  55 -14  10   0    T  0.0    0 14.0 23  30   M    M   9        29  20
11  63  51  57 -11   8   0 0.03  0.0    0 11.0 23  30   M    M   9 1      28  30
12  64  45  55 -13  10   0    T    M    0 16.6 32 350   M    M  10 1      41 340
13  48  40  44 -24  21   0    T    M    0 18.5 35 340   M    M   6        44 340
14  57  35  46 -21  19   0 0.00  0.0    0 10.2 17 340   M    M   0        23 340
15  62  36  49 -18  16   0 0.00  0.0    0  3.9  8 120   M    M   0        10 180
16  67  45  56 -11   9   0 0.00  0.0    0  5.3  9 130   M    M   1        11 130
17  73  54  64  -2   1   0    T  0.0    0  5.6 13 150   M    M   7        18 150
18  71  50  61  -5   4   0 1.21  0.0    0 11.1 22  20   M    M  10 12     29  30
================================================================================
SM 1280  913       100  53  2.63     0.0 179.9          M       92
================================================================================
AV 71.1 53.7                              10.0 FASTST   M    M   5    MAX(MPH)
                                 MISC ---->  # 35 340               # 44  340
================================================================================
NOTES:
# LAST OF SEVERAL OCCURRENCES

COLUMN 17 PEAK WIND IN M.P.H.

PRELIMINARY LOCAL CLIMATOLOGICAL DATA (WS FORM: F-6) , PAGE 2

                                          STATION:  ROCKPORT
                                          MONTH:    NOVEMBER
                                          YEAR:     2018
                                          LATITUDE:   28  4 N
                                          LONGITUDE:  97  3 W

[TEMPERATURE DATA]      [PRECIPITATION DATA]       SYMBOLS USED IN COLUMN 16

AVERAGE MONTHLY: 62.4   TOTAL FOR MONTH:   2.63    1 = FOG OR MIST
DPTR FM NORMAL:  -6.3   DPTR FM NORMAL:    0.77    2 = FOG REDUCING VISIBILITY
HIGHEST:    85 ON  7, 6 GRTST 24HR  1.36 ON  9- 9      TO 1/4 MILE OR LESS
LOWEST:     35 ON 14                               3 = THUNDER
                        SNOW, ICE PELLETS, HAIL    4 = ICE PELLETS
                        TOTAL MONTH:   0.0 INCH    5 = HAIL
                        GRTST 24HR     0.0         6 = FREEZING RAIN OR DRIZZLE
                        GRTST DEPTH:   0           7 = DUSTSTORM OR SANDSTORM:
                                                       VSBY 1/2 MILE OR LESS
                                                   8 = SMOKE OR HAZE
[NO. OF DAYS WITH]      [WEATHER - DAYS WITH]      9 = BLOWING SNOW
                                                   X = TORNADO
MAX 32 OR BELOW:   0    0.01 INCH OR MORE:   4
MAX 90 OR ABOVE:   0    0.10 INCH OR MORE:   2
MIN 32 OR BELOW:   0    0.50 INCH OR MORE:   2
MIN  0 OR BELOW:   0    1.00 INCH OR MORE:   2

[HDD (BASE 65) ]
TOTAL THIS MO.   100    CLEAR  (SCALE 0-3)   5
DPTR FM NORMAL    70    PTCLDY (SCALE 4-7)   8
TOTAL FM JUL 1   124    CLOUDY (SCALE 8-10)  5
DPTR FM NORMAL    87

[CDD (BASE 65) ]
TOTAL THIS MO.    53
DPTR FM NORMAL   -44    [PRESSURE DATA]
TOTAL FM JAN 1  3606    HIGHEST SLP M ON M
DPTR FM NORMAL    18    LOWEST  SLP 29.72 ON  5

[REMARKS]
