000
CXUS55 KRIW 160945
CF6RKS
PRELIMINARY LOCAL CLIMATOLOGICAL DATA (WS FORM: F-6)

                                          STATION:   ROCK SPRINGS WY
                                          MONTH:     AUGUST
                                          YEAR:      2018
                                          LATITUDE:   41 35 N
                                          LONGITUDE: 109  4 W

  TEMPERATURE IN F:       :PCPN:    SNOW:  WIND      :SUNSHINE: SKY     :PK WND
================================================================================
1   2   3   4   5  6A  6B    7    8   9   10  11  12  13   14  15   16   17  18
                                     12Z  AVG MX 2MIN
DY MAX MIN AVG DEP HDD CDD  WTR  SNW DPTH SPD SPD DIR MIN PSBL S-S WX    SPD DR
================================================================================

 1  84  55  70   0   0   5    T    M    M 10.0 33  50   M    M   2        45  50
 2  83  53  68  -2   0   3    T    M    M  9.3 33 240   M    M   1        41 240
 3  87  61  74   4   0   9 0.00    M    M 13.4 29 290   M    M   1 8      38 280
 4  85  55  70   1   0   5    T    M    M 10.6 30 280   M    M   1 8      38 280
 5  84  53  69   0   0   4    T    M    M 13.5 31 280   M    M   2 3      37 280
 6  81  48  65  -4   0   0 0.00    M    M  5.6 20 290   M    M   0        23 290
 7  84  50  67  -2   0   2 0.00    M    M  8.4 22 280   M    M   0        29 240
 8  86  53  70   1   0   5 0.00    M    M  2.9 15 300   M    M   0        20 320
 9  89  56  73   4   0   8 0.00    M    M  6.3 17  80   M    M   0        22  80
10  91  58  75   7   0  10 0.00    M    M  7.2 15  50   M    M   0        23  40
11  93  57  75   7   0  10 0.00    M    M  5.9 15  50   M    M   0        20  60
12  94  60  77   9   0  12 0.00    M   99  7.0 22 290   M    M   0        28 290
13  87  62  75   7   0  10 0.00    M    M  8.7 30 100   M    M   0        36 100
14  86  57  72   4   0   7    T    M    M  9.7 31 250   M    M   2        37 240
15  87  50  69   2   0   4 0.00    M    M 10.0 26 290   M    M   0        38 270
================================================================================
SM 1301  828         0  94    T     M    128.5          M        9
================================================================================
AV 86.7 55.2                               8.6 FASTST   M    M   1    MAX(MPH)
                                 MISC ---->  # 33  50               # 45   50
================================================================================
NOTES:
# LAST OF SEVERAL OCCURRENCES

COLUMN 17 PEAK WIND IN M.P.H.

PRELIMINARY LOCAL CLIMATOLOGICAL DATA (WS FORM: F-6) , PAGE 2

                                          STATION:  ROCK SPRINGS WY
                                          MONTH:    AUGUST
                                          YEAR:     2018
                                          LATITUDE:   41 35 N
                                          LONGITUDE: 109  4 W

[TEMPERATURE DATA]      [PRECIPITATION DATA]       SYMBOLS USED IN COLUMN 16

AVERAGE MONTHLY: 71.0   TOTAL FOR MONTH:      T    1 = FOG OR MIST
DPTR FM NORMAL:   2.2   DPTR FM NORMAL:   -0.30    2 = FOG REDUCING VISIBILITY
HIGHEST:    94 ON 12    GRTST 24HR    T  ON 14-14      TO 1/4 MILE OR LESS
LOWEST:     48 ON  6                               3 = THUNDER
                        SNOW, ICE PELLETS, HAIL    4 = ICE PELLETS
                        TOTAL MONTH:    M          5 = HAIL
                        GRTST 24HR    M  ON   M    6 = FREEZING RAIN OR DRIZZLE
                        GRTST DEPTH:  99 ON 12     7 = DUSTSTORM OR SANDSTORM:
                                                       VSBY 1/2 MILE OR LESS
                                                   8 = SMOKE OR HAZE
[NO. OF DAYS WITH]      [WEATHER - DAYS WITH]      9 = BLOWING SNOW
                                                   X = TORNADO
MAX 32 OR BELOW:   0    0.01 INCH OR MORE:   0
MAX 90 OR ABOVE:   3    0.10 INCH OR MORE:   0
MIN 32 OR BELOW:   0    0.50 INCH OR MORE:   0
MIN  0 OR BELOW:   0    1.00 INCH OR MORE:   0

[HDD (BASE 65) ]
TOTAL THIS MO.     0    CLEAR  (SCALE 0-3)  15
DPTR FM NORMAL    -9    PTCLDY (SCALE 4-7)   0
TOTAL FM JUL 1     4    CLOUDY (SCALE 8-10)  0
DPTR FM NORMAL   -29

[CDD (BASE 65) ]
TOTAL THIS MO.    94
DPTR FM NORMAL    30    [PRESSURE DATA]
TOTAL FM JAN 1   362    HIGHEST SLP M ON M
DPTR FM NORMAL   118    LOWEST  SLP 29.67 ON  3

[REMARKS]
