000
CXUS52 KFFC 181110
CF6RMG
PRELIMINARY LOCAL CLIMATOLOGICAL DATA (WS FORM: F-6)

                                          STATION:   ROME
                                          MONTH:     JULY
                                          YEAR:      2018
                                          LATITUDE:   34 20 N
                                          LONGITUDE:  85 10 W

  TEMPERATURE IN F:       :PCPN:    SNOW:  WIND      :SUNSHINE: SKY     :PK WND
================================================================================
1   2   3   4   5  6A  6B    7    8   9   10  11  12  13   14  15   16   17  18
                                     12Z  AVG MX 2MIN
DY MAX MIN AVG DEP HDD CDD  WTR  SNW DPTH SPD SPD DIR MIN PSBL S-S WX    SPD DR
================================================================================

 1  90  73  82   3   0  17 1.23  0.0    0  2.5 21 160   M    M   2 13     27 160
 2  89  73  81   2   0  16 0.01  0.0    0  3.6 12 140   M    M   6        17 150
 3  93  74  84   5   0  19 0.00  0.0    0  4.1 12 140   M    M   1 3      15 140
 4  94  70  82   3   0  17 0.00  0.0    0  4.3 24  50   M    M   1 13     28  50
 5  91  74  83   4   0  18 0.00  0.0    0  2.8 13  30   M    M   2        16 150
 6  93  72  83   4   0  18 0.19  0.0    0  2.0 25 320   M    M   1 13     32 330
 7  89  70  80   1   0  15 0.10  0.0    0  3.7 17  80   M    M   5 13     23  90
 8  87  71  79   0   0  14 0.00  0.0    0  3.9 15 110   M    M   6        23 110
 9  90  64  77  -2   0  12 0.00  0.0    0  2.2  8 310   M    M   0        11 360
10  94  67  81   2   0  16 0.00  0.0    0  2.6 10 290   M    M   1 1      13 300
11  95  70  83   4   0  18 0.00  0.0    0  2.2  9  10   M    M   2 3      13  20
12  94  72  83   4   0  18 0.00  0.0    0  2.6 16 320   M    M   0        20 320
13  94  73  84   5   0  19 0.00  0.0    0  3.1 15 150   M    M   2 13     19 320
14  92  74  83   3   0  18 0.00  0.0    0  3.5 16  90   M    M   4        22  70
15  93  71  82   2   0  17 0.00  0.0    0  2.7 15 340   M    M   3 18     19 320
16  90  72  81   1   0  16    T  0.0    0  2.5 10 170   M    M   5 3      15 240
17  93  71  82   2   0  17 0.09  0.0    0  4.1 23 330   M    M   5 13     31 340
================================================================================
SM 1561 1211         0 285  1.62     0.0  52.4          M       46
================================================================================
AV 91.8 71.2                               3.1 FASTST   M    M   3    MAX(MPH)
                                 MISC ---->  # 25 320               # 32  330
================================================================================
NOTES:
# LAST OF SEVERAL OCCURRENCES

COLUMN 17 PEAK WIND IN M.P.H.

PRELIMINARY LOCAL CLIMATOLOGICAL DATA (WS FORM: F-6) , PAGE 2

                                          STATION:  ROME
                                          MONTH:    JULY
                                          YEAR:     2018
                                          LATITUDE:   34 20 N
                                          LONGITUDE:  85 10 W

[TEMPERATURE DATA]      [PRECIPITATION DATA]       SYMBOLS USED IN COLUMN 16

AVERAGE MONTHLY: 81.5   TOTAL FOR MONTH:   1.62    1 = FOG OR MIST
DPTR FM NORMAL:   2.3   DPTR FM NORMAL:   -1.11    2 = FOG REDUCING VISIBILITY
HIGHEST:    95 ON 11    GRTST 24HR  1.23 ON  1- 1      TO 1/4 MILE OR LESS
LOWEST:     64 ON  9                               3 = THUNDER
                        SNOW, ICE PELLETS, HAIL    4 = ICE PELLETS
                        TOTAL MONTH:   0.0 INCH    5 = HAIL
                        GRTST 24HR     0.0         6 = FREEZING RAIN OR DRIZZLE
                        GRTST DEPTH:   0           7 = DUSTSTORM OR SANDSTORM:
                                                       VSBY 1/2 MILE OR LESS
                                                   8 = SMOKE OR HAZE
[NO. OF DAYS WITH]      [WEATHER - DAYS WITH]      9 = BLOWING SNOW
                                                   X = TORNADO
MAX 32 OR BELOW:   0    0.01 INCH OR MORE:   5
MAX 90 OR ABOVE:  14    0.10 INCH OR MORE:   3
MIN 32 OR BELOW:   0    0.50 INCH OR MORE:   1
MIN  0 OR BELOW:   0    1.00 INCH OR MORE:   1

[HDD (BASE 65) ]
TOTAL THIS MO.     0    CLEAR  (SCALE 0-3)  11
DPTR FM NORMAL     0    PTCLDY (SCALE 4-7)   6
TOTAL FM JUL 1     0    CLOUDY (SCALE 8-10)  0
DPTR FM NORMAL     0

[CDD (BASE 65) ]
TOTAL THIS MO.   285
DPTR FM NORMAL    44    [PRESSURE DATA]
TOTAL FM JAN 1  1041    HIGHEST SLP M ON M
DPTR FM NORMAL   302    LOWEST  SLP 29.90 ON 17

[REMARKS]
