000
CXUS55 KREV 190841
CF6RNO
PRELIMINARY LOCAL CLIMATOLOGICAL DATA (WS FORM: F-6)

                                          STATION:   RENO-TAHOE INTL AIRPORT NV
                                          MONTH:     JULY
                                          YEAR:      2018
                                          LATITUDE:   39 30 N
                                          LONGITUDE: 119 47 W

  TEMPERATURE IN F:       :PCPN:    SNOW:  WIND      :SUNSHINE: SKY     :PK WND
================================================================================
1   2   3   4   5  6A  6B    7    8   9   10  11  12  13   14  15   16   17  18
                                     12Z  AVG MX 2MIN
DY MAX MIN AVG DEP HDD CDD  WTR  SNW DPTH SPD SPD DIR MIN PSBL S-S WX    SPD DR
================================================================================

 1  96  57  77   5   0  12 0.00  0.0    0  5.8 18 300   M    M   1        23 300
 2  97  66  82  10   0  17 0.00  0.0    0  8.0 22 290   M    M   1        30 300
 3  92  61  77   4   0  12 0.00  0.0    0  6.4 22 300   M    M   1        27 300
 4  93  57  75   2   0  10 0.00  0.0    0  6.8 25 300   M    M   1        30 290
 5  92  59  76   3   0  11 0.00  0.0    0  7.7 25 230   M    M   2        31 180
 6  93  70  82   8   0  17 0.00  0.0    0  7.9 23 220   M    M   7        30 220
 7  97  67  82   8   0  17 0.00  0.0    0  5.7 22 220   M    M   5        27 220
 8  98  63  81   7   0  16 0.00  0.0    0  6.8 24 290   M    M   1        37 320
 9  98  62  80   6   0  15 0.00  0.0    0  7.8 25 290   M    M   2        32 270
10  98  63  81   7   0  16 0.00  0.0    0  7.0 23 340   M    M   1        29 330
11 100  64  82   7   0  17 0.00  0.0    0  6.5 22 340   M    M   1        26 340
12 101  67  84   9   0  19 0.00  0.0    0  7.8 22 300   M    M   5        30 290
13  94  70  82   7   0  17 0.00  0.0    0  5.6 17 340   M    M   7        22 340
14  99  69  84   9   0  19    T  0.0    0  5.6 32  10   M    M   5 38     38  10
15 101  72  87  12   0  22    T  0.0    0  8.0 24 280   M    M   6        32 280
16  99  69  84   8   0  19 0.00  0.0    0  6.7 17 330   M    M   3        23 320
17 102  68  85   9   0  20 0.00  0.0    0  7.2 17 290   M    M   0 8      25 280
18 102  66  84   8   0  19 0.00  0.0    0  6.6 18 280   M    M   3        24 330
================================================================================
SM 1752 1170         0 295    T      0.0 123.9          M       52
================================================================================
AV 97.3 65.0                               6.9 FASTST   M    M   3    MAX(MPH)
                                 MISC ---->  # 32  10               # 38   10
================================================================================
NOTES:
# LAST OF SEVERAL OCCURRENCES

COLUMN 17 PEAK WIND IN M.P.H.

PRELIMINARY LOCAL CLIMATOLOGICAL DATA (WS FORM: F-6) , PAGE 2

                                          STATION:  RENO-TAHOE INTL AIRPORT NV
                                          MONTH:    JULY
                                          YEAR:     2018
                                          LATITUDE:   39 30 N
                                          LONGITUDE: 119 47 W

[TEMPERATURE DATA]      [PRECIPITATION DATA]       SYMBOLS USED IN COLUMN 16

AVERAGE MONTHLY: 81.2   TOTAL FOR MONTH:      T    1 = FOG OR MIST
DPTR FM NORMAL:   6.9   DPTR FM NORMAL:   -0.09    2 = FOG REDUCING VISIBILITY
HIGHEST:   102 ON 18,17 GRTST 24HR    T  ON 15-15      TO 1/4 MILE OR LESS
LOWEST:     57 ON  4, 1                            3 = THUNDER
                        SNOW, ICE PELLETS, HAIL    4 = ICE PELLETS
                        TOTAL MONTH:   0.0 INCH    5 = HAIL
                        GRTST 24HR     0.0         6 = FREEZING RAIN OR DRIZZLE
                        GRTST DEPTH:   0           7 = DUSTSTORM OR SANDSTORM:
                                                       VSBY 1/2 MILE OR LESS
                                                   8 = SMOKE OR HAZE
[NO. OF DAYS WITH]      [WEATHER - DAYS WITH]      9 = BLOWING SNOW
                                                   X = TORNADO
MAX 32 OR BELOW:   0    0.01 INCH OR MORE:   0
MAX 90 OR ABOVE:  18    0.10 INCH OR MORE:   0
MIN 32 OR BELOW:   0    0.50 INCH OR MORE:   0
MIN  0 OR BELOW:   0    1.00 INCH OR MORE:   0

[HDD (BASE 65) ]
TOTAL THIS MO.     0    CLEAR  (SCALE 0-3)  12
DPTR FM NORMAL     0    PTCLDY (SCALE 4-7)   6
TOTAL FM JUL 1     0    CLOUDY (SCALE 8-10)  0
DPTR FM NORMAL     0

[CDD (BASE 65) ]
TOTAL THIS MO.   295
DPTR FM NORMAL   124    [PRESSURE DATA]
TOTAL FM JAN 1   535    HIGHEST SLP M ON M
DPTR FM NORMAL   191    LOWEST  SLP 29.87 ON  3

[REMARKS]
