000
CXUS51 KRNK 190741
CF6ROA
PRELIMINARY LOCAL CLIMATOLOGICAL DATA (WS FORM: F-6)

                                          STATION:   ROANOKE VA
                                          MONTH:     OCTOBER
                                          YEAR:      2018
                                          LATITUDE:   37 19 N
                                          LONGITUDE:  79 58 W

  TEMPERATURE IN F:       :PCPN:    SNOW:  WIND      :SUNSHINE: SKY     :PK WND
================================================================================
1   2   3   4   5  6A  6B    7    8   9   10  11  12  13   14  15   16   17  18
                                     12Z  AVG MX 2MIN
DY MAX MIN AVG DEP HDD CDD  WTR  SNW DPTH SPD SPD DIR MIN PSBL S-S WX    SPD DR
================================================================================

 1  82  64  73  11   0   8 0.00  0.0    0  3.1 12 150   M    M   5        16 140
 2  83  64  74  12   0   9    T  0.0    0  4.1 14 270   M    M   4 3      17 270
 3  87  67  77  15   0  12 0.19  0.0    0  4.5 18 210   M    M   2        21 290
 4  88  65  77  16   0  12 0.00  0.0    0  5.5 15 310   M    M   2        20 270
 5  84  70  77  16   0  12 0.15  0.0    0  4.9 13 270   M    M   6 1      17 280
 6  76  68  72  11   0   7 0.00  0.0    0  5.4 10 120   M    M  10 1      12 120
 7  87  69  78  18   0  13 0.35  0.0    0  2.0 21 160   M    M   5 12     30 160
 8  82  67  75  15   0  10 0.00  0.0    0  4.4 14 140   M    M   7 12     17 140
 9  78  69  74  14   0   9 0.09  0.0    0  6.7 13 100   M    M  10 1      17 140
10  73  68  71  12   0   6 0.56  0.0    0  7.7 17 120   M    M   9 1      25 120
11  74  57  66   7   0   1 2.50  0.0    0 13.3 28 330   M    M   8 1      35 320
12  67  50  59   0   6   0 0.00  0.0    0 10.2 23 310   M    M   1        32 320
13  60  45  53  -5  12   0    T  0.0    0  7.5 24 320   M    M   4        30 300
14  53  47  50  -8  15   0 0.05  0.0    0  3.1  9 140   M    M   9        12 140
15  80  52  66   8   0   1 0.01  0.0    0  3.5 18 270   M    M   8 1      27 280
16  68  58  63   5   2   0 0.06  0.0    0  5.7 20 320   M    M   9        25 320
17  68  53  61   4   4   0    T  0.0    0 12.0 26 300   M    M   4        35 290
18  62  41  52  -5  13   0 0.00  0.0    0  5.8 20 350   M    M   1        25 360
================================================================================
SM 1352 1074        52 100  3.96     0.0 109.4          M      104
================================================================================
AV 75.1 59.7                               6.1 FASTST   M    M   6    MAX(MPH)
                                 MISC ---->  # 28 330               # 35  320
================================================================================
NOTES:
# LAST OF SEVERAL OCCURRENCES

COLUMN 17 PEAK WIND IN M.P.H.

PRELIMINARY LOCAL CLIMATOLOGICAL DATA (WS FORM: F-6) , PAGE 2

                                          STATION:  ROANOKE VA
                                          MONTH:    OCTOBER
                                          YEAR:     2018
                                          LATITUDE:   37 19 N
                                          LONGITUDE:  79 58 W

[TEMPERATURE DATA]      [PRECIPITATION DATA]       SYMBOLS USED IN COLUMN 16

AVERAGE MONTHLY: 67.4   TOTAL FOR MONTH:   3.96    1 = FOG OR MIST
DPTR FM NORMAL:   7.8   DPTR FM NORMAL:    2.33    2 = FOG REDUCING VISIBILITY
HIGHEST:    88 ON  4    GRTST 24HR  2.50 ON 11-11      TO 1/4 MILE OR LESS
LOWEST:     41 ON 18                               3 = THUNDER
                        SNOW, ICE PELLETS, HAIL    4 = ICE PELLETS
                        TOTAL MONTH:   0.0 INCH    5 = HAIL
                        GRTST 24HR     0.0         6 = FREEZING RAIN OR DRIZZLE
                        GRTST DEPTH:   0           7 = DUSTSTORM OR SANDSTORM:
                                                       VSBY 1/2 MILE OR LESS
                                                   8 = SMOKE OR HAZE
[NO. OF DAYS WITH]      [WEATHER - DAYS WITH]      9 = BLOWING SNOW
                                                   X = TORNADO
MAX 32 OR BELOW:   0    0.01 INCH OR MORE:   9
MAX 90 OR ABOVE:   0    0.10 INCH OR MORE:   5
MIN 32 OR BELOW:   0    0.50 INCH OR MORE:   2
MIN  0 OR BELOW:   0    1.00 INCH OR MORE:   1

[HDD (BASE 65) ]
TOTAL THIS MO.    52    CLEAR  (SCALE 0-3)   4
DPTR FM NORMAL   -63    PTCLDY (SCALE 4-7)   9
TOTAL FM JUL 1    58    CLOUDY (SCALE 8-10)  5
DPTR FM NORMAL  -106

[CDD (BASE 65) ]
TOTAL THIS MO.   100
DPTR FM NORMAL    82    [PRESSURE DATA]
TOTAL FM JAN 1  1681    HIGHEST SLP M ON M
DPTR FM NORMAL   477    LOWEST  SLP 29.76 ON 12

[REMARKS]
