000
CXUS56 KFGZ 180900
CF6RQE
PRELIMINARY LOCAL CLIMATOLOGICAL DATA (WS FORM: F-6)

                                          STATION:   WINDOW ROCK AZ AIRPORT
                                          MONTH:     JULY
                                          YEAR:      2018
                                          LATITUDE:   35 39 N
                                          LONGITUDE: 109  4 W

  TEMPERATURE IN F:       :PCPN:    SNOW:  WIND      :SUNSHINE: SKY     :PK WND
================================================================================
1   2   3   4   5  6A  6B    7    8   9   10  11  12  13   14  15   16   17  18
                                     12Z  AVG MX 2MIN
DY MAX MIN AVG DEP HDD CDD  WTR  SNW DPTH SPD SPD DIR MIN PSBL S-S WX    SPD DR
================================================================================

 1  92  47  70   2   0   5 0.00    M    M  5.2 20 250   M    M   0        25 240
 2  94  44  69   1   0   4 0.00    M    M  4.7 15 330   M    M   0        27 190
 3  90  60  75   7   0  10 0.00  0.0    M  8.6 25 240   M    M   0        33 220
 4  92  51  72   4   0   7 0.00  0.0    0  3.2 18 170   M    M   2        26 180
 5  90  53  72   4   0   7    T  0.0    0  6.7 22 130   M    M   3 3      33 120
 6  89  60  75   6   0  10 0.00    M    M  5.6 18  50   M    M   1 8      26  50
 7  91  60  76   7   0  11 0.00    M    M  8.3 22  50   M    M   1 3      30  50
 8  93  56  75   6   0  10    T    M    M  5.5 23  70   M    M   1 38     37  80
 9  88  54  71   2   0   6    T    M    M  5.6 23  40   M    M   1 3      30  40
10  87  50  69   0   0   4    T    M    M  4.6 25 170   M    M   0 38     35 170
11  89  51  70   1   0   5    T    M    M  5.6 22 170   M    M   2 3      29 170
12  84  52  68  -1   0   3 0.11    M    M  2.9 21 360   M    M   2 13     27 350
13  88  59  74   5   0   9 0.96  0.0    0  5.8 33  60   M    M   8 13     39  90
14  85  58  72   2   0   7 0.01  0.0    0  4.1 22  60   M    M   2 13     31  60
15  88  58  73   3   0   8 0.19  0.0    0  4.6 21 170   M    M   1 3      29 160
16  85  62  74   4   0   9    T  0.0    0  4.3 22  60   M    M   5 3      31  90
17  84  59  72   2   0   7 0.00    M    M  3.1 15 360   M    M   3        18 360
================================================================================
SM 1509  934         0 122  1.27     0.0  88.4          M       32
================================================================================
AV 88.8 54.9                               5.2 FASTST   M    M   2    MAX(MPH)
                                 MISC ---->  # 33  60               # 39   90
================================================================================
NOTES:
# LAST OF SEVERAL OCCURRENCES

COLUMN 17 PEAK WIND IN M.P.H.

PRELIMINARY LOCAL CLIMATOLOGICAL DATA (WS FORM: F-6) , PAGE 2

                                          STATION:  WINDOW ROCK AZ AIRPORT
                                          MONTH:    JULY
                                          YEAR:     2018
                                          LATITUDE:   35 39 N
                                          LONGITUDE: 109  4 W

[TEMPERATURE DATA]      [PRECIPITATION DATA]       SYMBOLS USED IN COLUMN 16

AVERAGE MONTHLY: 71.9   TOTAL FOR MONTH:   1.27    1 = FOG OR MIST
DPTR FM NORMAL:   2.9   DPTR FM NORMAL:    0.48    2 = FOG REDUCING VISIBILITY
HIGHEST:    94 ON  2    GRTST 24HR  0.96 ON 13-13      TO 1/4 MILE OR LESS
LOWEST:     44 ON  2                               3 = THUNDER
                        SNOW, ICE PELLETS, HAIL    4 = ICE PELLETS
                        TOTAL MONTH:   0.0 INCH    5 = HAIL
                        GRTST 24HR     0.0         6 = FREEZING RAIN OR DRIZZLE
                        GRTST DEPTH:   0           7 = DUSTSTORM OR SANDSTORM:
                                                       VSBY 1/2 MILE OR LESS
                                                   8 = SMOKE OR HAZE
[NO. OF DAYS WITH]      [WEATHER - DAYS WITH]      9 = BLOWING SNOW
                                                   X = TORNADO
MAX 32 OR BELOW:   0    0.01 INCH OR MORE:   4
MAX 90 OR ABOVE:   7    0.10 INCH OR MORE:   3
MIN 32 OR BELOW:   0    0.50 INCH OR MORE:   1
MIN  0 OR BELOW:   0    1.00 INCH OR MORE:   0

[HDD (BASE 65) ]
TOTAL THIS MO.     0    CLEAR  (SCALE 0-3)  14
DPTR FM NORMAL     0    PTCLDY (SCALE 4-7)   3
TOTAL FM JUL 1     0    CLOUDY (SCALE 8-10)  0
DPTR FM NORMAL     0

[CDD (BASE 65) ]
TOTAL THIS MO.   122
DPTR FM NORMAL    53    [PRESSURE DATA]
TOTAL FM JAN 1   242    HIGHEST SLP M ON M
DPTR FM NORMAL   132    LOWEST  SLP 29.84 ON  2

[REMARKS]
